-- Table structure for table `migrations`
--

CREATE TABLE `migrations` (
  `id` int unsigned NOT NULL AUTO_INCREMENT,
  `migration` varchar(191) CHARACTER SET utf8mb4 COLLATE utf8mb4_unicode_ci NOT NULL,
  `batch` int NOT NULL,
  PRIMARY KEY (`id`)
) ENGINE=InnoDB AUTO_INCREMENT=120 DEFAULT CHARSET=utf8mb4 COLLATE=utf8mb4_unicode_ci;

--
-- Dumping data for table `migrations`
--

INSERT INTO `migrations` VALUES (1,'2013_04_09_032329_create_base_tables',1),(2,'2013_04_09_062329_create_revisions_table',1),(3,'2014_10_12_000000_create_users_table',1),(4,'2014_10_12_100000_create_password_reset_tokens_table',1),(5,'2015_06_18_033822_create_blog_table',1),(6,'2015_06_29_025744_create_audit_history',1),(7,'2016_06_10_230148_create_acl_tables',1),(8,'2016_06_14_230857_create_menus_table',1),(9,'2016_06_17_091537_create_contacts_table',1),(10,'2016_06_28_221418_create_pages_table',1),(11,'2016_10_03_032336_create_languages_table',1),(12,'2016_10_05_074239_create_setting_table',1),(13,'2016_11_28_032840_create_dashboard_widget_tables',1),(14,'2016_12_16_084601_create_widgets_table',1),(15,'2017_02_13_034601_create_blocks_table',1),(16,'2017_05_09_070343_create_media_tables',1),(17,'2017_05_18_080441_create_payment_tables',1),(18,'2017_10_24_154832_create_newsletter_table',1),(19,'2017_11_03_070450_create_slug_table',1),(20,'2019_01_05_053554_create_jobs_table',1),(21,'2019_08_19_000000_create_failed_jobs_table',1),(22,'2019_11_18_061011_create_country_table',1),(23,'2019_12_14_000001_create_personal_access_tokens_table',1),(24,'2021_02_16_092633_remove_default_value_for_author_type',1),(25,'2021_03_27_144913_add_customer_type_into_table_payments',1),(26,'2021_05_24_034720_make_column_currency_nullable',1),(27,'2021_06_19_035514_update_city_table',1),(28,'2021_07_08_031045_remove_column_slug_from_cities_table',1),(29,'2021_08_09_161302_add_metadata_column_to_payments_table',1),(30,'2021_10_19_020859_update_metadata_field',1),(31,'2021_10_25_021023_fix-priority-load-for-language-advanced',1),(32,'2021_12_03_030600_create_blog_translations',1),(33,'2021_12_03_075608_create_page_translations',1),(34,'2021_12_03_081327_create_blocks_translations',1),(35,'2021_12_03_084118_create_location_translations',1),(36,'2021_12_03_094518_migrate_old_location_data',1),(37,'2021_12_10_034440_switch_plugin_location_to_use_language_advanced',1),(38,'2022_01_16_085908_improve_plugin_location',1),(39,'2022_01_19_045455_add_slug_for_table_cities',1),(40,'2022_04_19_113923_add_index_to_table_posts',1),(41,'2022_04_20_100851_add_index_to_media_table',1),(42,'2022_04_20_101046_add_index_to_menu_table',1),(43,'2022_06_28_151901_activate_paypal_stripe_plugin',1),(44,'2022_07_07_153354_update_charge_id_in_table_payments',1),(45,'2022_07_10_034813_move_lang_folder_to_root',1),(46,'2022_08_04_051940_add_missing_column_expires_at',1),(47,'2022_08_04_052122_delete_location_backup_tables',1),(48,'2022_08_08_085908_improve_plugin_location',1),(49,'2022_09_01_000001_create_admin_notifications_tables',1),(50,'2022_10_14_024629_drop_column_is_featured',1),(51,'2022_11_18_063357_add_missing_timestamp_in_table_settings',1),(52,'2022_12_02_093615_update_slug_index_columns',1),(53,'2022_15_08_085908_improve_plugin_location',1),(54,'2023_01_30_024431_add_alt_to_media_table',1),(55,'2023_02_16_042611_drop_table_password_resets',1),(56,'2023_04_23_005903_add_column_permissions_to_admin_notifications',1),(57,'2023_04_23_061847_increase_state_translations_abbreviation_column',1),(58,'2023_05_10_075124_drop_column_id_in_role_users_table',1),(59,'2023_07_06_011444_create_slug_translations_table',1),(60,'2023_07_26_041451_add_more_columns_to_location_table',1),(61,'2023_07_27_041451_add_more_columns_to_location_translation_table',1),(62,'2023_08_15_073307_drop_unique_in_states_cities_translations',1),(63,'2023_08_21_090810_make_page_content_nullable',1),(64,'2023_08_29_074620_make_column_author_id_nullable',1),(65,'2023_09_14_021936_update_index_for_slugs_table',1),(66,'2023_09_14_022423_add_index_for_language_table',1),(67,'2023_10_21_065016_make_state_id_in_table_cities_nullable',1),(68,'2023_11_10_080225_migrate_contact_blacklist_email_domains_to_core',1),(69,'2023_11_14_033417_change_request_column_in_table_audit_histories',1),(70,'2023_12_06_100448_change_random_hash_for_media',1),(71,'2023_12_07_095130_add_color_column_to_media_folders_table',1),(72,'2023_12_17_162208_make_sure_column_color_in_media_folders_nullable',1),(73,'2018_06_22_032304_create_real_estate_table',2),(74,'2021_09_29_042758_create_re_categories_multilevel_table',2),(75,'2021_10_04_145603_update_package_multilanguage',2),(76,'2021_10_24_040004_add_code_table_re_property_types',2),(77,'2021_12_03_151812_add_parent_id_to_re_categories_table',2),(78,'2021_12_04_155038_add_subcategory_id_to_re_propeties_table',2),(79,'2021_12_10_034807_create_real_estate_translation_tables',2),(80,'2022_07_02_081723_fix_expired_date_column',2),(81,'2022_07_12_044647_add_property_label_column_to_properties_table',2),(82,'2023_01_03_141847_create_re_projects_table',2),(83,'2023_01_31_023233_create_re_custom_fields_table',2),(84,'2023_02_06_000000_add_location_to_re_accounts_table',2),(85,'2023_02_06_024257_add_package_translations',2),(86,'2023_02_08_062457_add_custom_fields_translation_table',2),(87,'2023_02_15_024644_create_re_reviews_table',2),(88,'2023_02_20_072604_create_re_invoices_table',2),(89,'2023_02_20_081251_create_re_account_packages_table',2),(90,'2023_04_04_030709_add_unique_id_to_properties_and_projects_table',2),(91,'2023_04_14_164811_make_phone_and_email_in_table_re_consults_nullable',2),(92,'2023_05_09_062031_unique_reviews_table',2),(93,'2023_05_26_034353_fix_properties_projects_image',2),(94,'2023_05_27_004215_add_column_ip_into_table_re_consults',2),(95,'2023_07_25_034513_create_re_coupons_table',2),(96,'2023_07_25_034672_add_coupon_code_column_to_jb_invoices_table',2),(97,'2023_08_02_074208_change_square_column_to_float',2),(98,'2023_08_07_000001_add_is_public_profile_column_to_re_accounts_table',2),(99,'2023_08_09_004607_make_column_project_id_nullable',2),(100,'2023_09_11_084630_update_mandatory_fields_in_consult_form_table',2),(101,'2023_11_21_071820_add_missing_slug_for_agents',2),(102,'2024_01_03_150659_update_plugin_real_estate',2),(103,'2017_07_11_140018_create_simple_slider_table',3),(104,'2018_07_09_214610_create_testimonial_table',4),(105,'2021_12_03_083642_create_testimonials_translations',4),(106,'2016_10_07_193005_create_translations_table',5),(107,'2023_12_12_105220_drop_translations_table',5),(108,'2024_01_31_103651_add_account_missing_columns',6),(109,'2024_03_12_142925_add_date_columns_to_re_projects_table',7),(110,'2024_03_20_080001_migrate_change_attribute_email_to_nullable_form_contacts_table',7),(111,'2024_03_25_000001_update_captcha_settings_for_contact',7),(112,'2024_03_25_000001_update_captcha_settings_for_newsletter',7),(113,'2024_04_04_110758_update_value_column_in_user_meta_table',7),(114,'2024_04_19_063914_create_custom_fields_table',7),(115,'2024_04_23_000854_add_description_column_to_re_packages',7),(116,'2024_04_23_141310_add_avatar_column_to_re_investors',7),(117,'2024_04_27_100730_improve_analytics_setting',8),(118,'2024_05_12_091229_add_column_visibility_to_table_media_files',9),(119,'2024_05_16_100000_change_random_hash_for_media',9);

--
-- Table structure for table `newsletters`
--

CREATE TABLE `newsletters` (
  `id` bigint unsigned NOT NULL AUTO_INCREMENT,
  `email` varchar(120) CHARACTER SET utf8mb4 COLLATE utf8mb4_unicode_ci NOT NULL,
  `name` varchar(120) CHARACTER SET utf8mb4 COLLATE utf8mb4_unicode_ci DEFAULT NULL,
  `status` varchar(60) CHARACTER SET utf8mb4 COLLATE utf8mb4_unicode_ci NOT NULL DEFAULT 'subscribed',
  `created_at` timestamp NULL DEFAULT NULL,
  `updated_at` timestamp NULL DEFAULT NULL,
  PRIMARY KEY (`id`)
) ENGINE=InnoDB DEFAULT CHARSET=utf8mb4 COLLATE=utf8mb4_unicode_ci;

--
-- Dumping data for table `newsletters`
--


--
-- Table structure for table `pages`
--

CREATE TABLE `pages` (
  `id` bigint unsigned NOT NULL AUTO_INCREMENT,
  `name` varchar(120) CHARACTER SET utf8mb4 COLLATE utf8mb4_unicode_ci NOT NULL,
  `content` longtext CHARACTER SET utf8mb4 COLLATE utf8mb4_unicode_ci,
  `user_id` bigint unsigned DEFAULT NULL,
  `image` varchar(255) CHARACTER SET utf8mb4 COLLATE utf8mb4_unicode_ci DEFAULT NULL,
  `template` varchar(60) CHARACTER SET utf8mb4 COLLATE utf8mb4_unicode_ci DEFAULT NULL,
  `description` varchar(400) CHARACTER SET utf8mb4 COLLATE utf8mb4_unicode_ci DEFAULT NULL,
  `status` varchar(60) CHARACTER SET utf8mb4 COLLATE utf8mb4_unicode_ci NOT NULL DEFAULT 'published',
  `created_at` timestamp NULL DEFAULT NULL,
  `updated_at` timestamp NULL DEFAULT NULL,
  PRIMARY KEY (`id`),
  KEY `pages_user_id_index` (`user_id`)
) ENGINE=InnoDB AUTO_INCREMENT=17 DEFAULT CHARSET=utf8mb4 COLLATE=utf8mb4_unicode_ci;

--
-- Dumping data for table `pages`
--

INSERT INTO `pages` VALUES (1,'Home','<div>[hero-banner title=\"Find accessible homes to rent\" bg=\"banners/banner-1.jpg\"][/hero-banner]</div><div>[static-block alias=\"how-it-works\"][/static-block]</div><div>[featured-properties title=\"Explore Good Places\" limit=\"6\" style=\"2\" type=\"rent\"]At vero eos et accusamus et iusto odio dignissimos ducimus qui blanditiis praesentium voluptatum deleniti atque corrupti quos dolores[/featured-properties]</div><div>[properties-by-locations title=\"Find By Locations\"]At vero eos et accusamus et iusto odio dignissimos ducimus qui blanditiis praesentium voluptatum deleniti atque corrupti quos dolores[/properties-by-locations]</div><div>[testimonials title=\"Good Reviews By Customers\" description=\"At vero eos et accusamus et iusto odio dignissimos ducimus qui blanditiis praesentium voluptatum deleniti atque corrupti quos dolores\"][/testimonials]</div><div>[our-packages title=\"See Our Packages\" description=\"At vero eos et accusamus et iusto odio dignissimos ducimus qui blanditiis praesentium voluptatum deleniti atque corrupti quos dolores\"][/our-packages]</div><div>[recently-viewed-properties title=\"Recently Viewed Properties\" subtitle=\"Your currently viewed properties.\"][/recently-viewed-properties]</div>',1,NULL,'homepage',NULL,'published','2024-06-02 13:35:06','2024-06-02 13:35:06'),(2,'Home layout 2','<div>[hero-banner title=\"Find accessible homes to rent\" bg=\"banners/banner-svg.jpg\" style=\"2\"]Find Your Perfect Place.[/hero-banner]</div><div>[static-block alias=\"achievement\"][/static-block]</div><div>[properties-slide title=\"Recent Property For Rent\" limit=\"6\"]At vero eos et accusamus et iusto odio dignissimos ducimus qui blanditiis praesentium voluptatum deleniti atque corrupti quos dolores[/properties-slide]</div><div>[featured-properties title=\"Featured Property For Sale\" limit=\"6\" style=\"1\" type=\"\"]At vero eos et accusamus et iusto odio dignissimos ducimus qui blanditiis praesentium voluptatum deleniti atque corrupti quos dolores[/featured-properties]</div><div>[featured-agents title=\"Explore Featured Agents\"]At vero eos et accusamus et iusto odio dignissimos ducimus qui blanditiis praesentium voluptatum deleniti atque corrupti quos dolores[/featured-agents]</div><div>[testimonials title=\"Good Reviews By Customers\" description=\"At vero eos et accusamus et iusto odio dignissimos ducimus qui blanditiis praesentium voluptatum deleniti atque corrupti quos dolores\"][/testimonials]</div><div>[our-packages title=\"See Our Packages\" description=\"At vero eos et accusamus et iusto odio dignissimos ducimus qui blanditiis praesentium voluptatum deleniti atque corrupti quos dolores\"][/our-packages]</div><div>[static-block alias=\"download-app\"][/static-block]</div>',1,NULL,'homepage',NULL,'published','2024-06-02 13:35:06','2024-06-02 13:35:06'),(3,'Home layout 3','<div>[hero-banner title=\"Find Your Property\" bg=\"banners/banner-3.jpg\" style=\"3\" overlay=\"6\"]From as low as $10 per day with limited time offer[/hero-banner]</div><div>[featured-properties title=\"Explore Good Places\" limit=\"6\" style=\"2\"]At vero eos et accusamus et iusto odio dignissimos ducimus qui blanditiis praesentium voluptatum deleniti atque corrupti quos dolores[/featured-properties]</div><div>[properties-by-locations title=\"Find By Locations\"]At vero eos et accusamus et iusto odio dignissimos ducimus qui blanditiis praesentium voluptatum deleniti atque corrupti quos dolores[/properties-by-locations]</div><div>[static-block alias=\"how-it-works\"][/static-block]</div><div>[testimonials title=\"Good Reviews By Customers\" description=\"At vero eos et accusamus et iusto odio dignissimos ducimus qui blanditiis praesentium voluptatum deleniti atque corrupti quos dolores\"][/testimonials]</div><div>[our-packages title=\"See Our Packages\" description=\"At vero eos et accusamus et iusto odio dignissimos ducimus qui blanditiis praesentium voluptatum deleniti atque corrupti quos dolores\"][/our-packages]</div><div>[cover-banner title=\"Search Perfect Place In Your City\" bg=\"banners/banner-2.jpg\" btntext=\"Explore More Property\" btnlink=\"#\"]We post regulary most powerful articles for help and support.[/cover-banner]</div><div>[latest-news title=\"News By Resido,3\"]At vero eos et accusamus et iusto odio dignissimos ducimus qui blanditiis praesentium voluptatum deleniti atque corrupti quos dolores[/latest-news]</div>',1,NULL,'homepage',NULL,'published','2024-06-02 13:35:06','2024-06-02 13:35:06'),(4,'Home layout 4','<div>[hero-banner title=\"Find Your Place<br>of Dream\" bg=\"banners/banner-6.png\" style=\"4\"]Amet consectetur adipisicing <span class=\"badge badge-success\">New</span>[/hero-banner]</div><div>[static-block alias=\"achievement\"][/static-block]</div><div>[properties-slide title=\"Recent Property For Rent\" limit=\"6\" style=\"1\"]At vero eos et accusamus et iusto odio dignissimos ducimus qui blanditiis praesentium voluptatum deleniti atque corrupti quos dolores[/properties-slide]</div><div>[featured-properties title=\"Explore Good Places\" limit=\"6\"]At vero eos et accusamus et iusto odio dignissimos ducimus qui blanditiis praesentium voluptatum deleniti atque corrupti quos dolores[/featured-properties]</div><div>[static-block alias=\"how-it-works\"][/static-block]</div><div>[testimonials title=\"Good Reviews By Customers\" description=\"At vero eos et accusamus et iusto odio dignissimos ducimus qui blanditiis praesentium voluptatum deleniti atque corrupti quos dolores\"][/testimonials]</div><div>[our-packages title=\"See Our Packages\" description=\"At vero eos et accusamus et iusto odio dignissimos ducimus qui blanditiis praesentium voluptatum deleniti atque corrupti quos dolores\"][/our-packages]</div><div>[static-block alias=\"download-app\"][/static-block]</div>',1,NULL,'homepage',NULL,'published','2024-06-02 13:35:06','2024-06-02 13:35:06'),(5,'Home layout 5','<div>[hero-banner title=\"Find Your Perfect Place.\" bg=\"banners/home-2.png\" style=\"5\"]Amet consectetur adipisicing New[/hero-banner]</div><div>[featured-properties title=\"Explore Good Places\" limit=\"6\" style=\"2\" type=\"sale\"]At vero eos et accusamus et iusto odio dignissimos ducimus qui blanditiis praesentium voluptatum deleniti atque corrupti quos dolores[/featured-properties]</div><div>[properties-by-locations title=\"Find By Locations\"]At vero eos et accusamus et iusto odio dignissimos ducimus qui blanditiis praesentium voluptatum deleniti atque corrupti quos dolores[/properties-by-locations]</div><div>[featured-properties title=\"Explore Good Places\" limit=\"6\" style=\"1\" type=\"sale\"]At vero eos et accusamus et iusto odio dignissimos ducimus qui blanditiis praesentium voluptatum deleniti atque corrupti quos dolores[/featured-properties]</div><div>[testimonials title=\"Good Reviews By Customers\" description=\"At vero eos et accusamus et iusto odio dignissimos ducimus qui blanditiis praesentium voluptatum deleniti atque corrupti quos dolores\"][/testimonials]</div><div>[our-packages title=\"See Our Packages\" description=\"At vero eos et accusamus et iusto odio dignissimos ducimus qui blanditiis praesentium voluptatum deleniti atque corrupti quos dolores\"][/our-packages]</div><div>[static-block alias=\"download-app\"][/static-block]</div>',1,NULL,'homepage',NULL,'published','2024-06-02 13:35:06','2024-06-02 13:35:06'),(6,'Home layout 6','<div>[hero-banner title=\"Amet consectetur adipisicing\" bg=\"banners/banner-6.png\" style=\"6\"]Find Your Place <br>Of Dream[/hero-banner]</div><div>[static-block alias=\"achievement\"][/static-block]</div><div>[properties-slide title=\"Recent Property For Rent\" limit=\"6\" style=\"1\"]At vero eos et accusamus et iusto odio dignissimos ducimus qui blanditiis praesentium voluptatum deleniti atque corrupti quos dolores[/properties-slide]</div><div>[properties-by-locations title=\"Find By Locations\"]At vero eos et accusamus et iusto odio dignissimos ducimus qui blanditiis praesentium voluptatum deleniti atque corrupti quos dolores[/properties-by-locations]</div><div>[featured-properties title=\"Explore Good Places\" limit=\"8\" style=\"1\" type=\"rent\"]At vero eos et accusamus et iusto odio dignissimos ducimus qui blanditiis praesentium voluptatum deleniti atque corrupti quos dolores[/featured-properties]</div><div>[static-block alias=\"how-it-works\"][/static-block]</div><div>[testimonials title=\"Good Reviews By Customers\" description=\"At vero eos et accusamus et iusto odio dignissimos ducimus qui blanditiis praesentium voluptatum deleniti atque corrupti quos dolores\"][/testimonials]</div><div>[our-packages title=\"See Our Packages\" description=\"At vero eos et accusamus et iusto odio dignissimos ducimus qui blanditiis praesentium voluptatum deleniti atque corrupti quos dolores\"][/our-packages]</div><div>[static-block alias=\"download-app\"][/static-block]</div>',1,NULL,'homepage',NULL,'published','2024-06-02 13:35:06','2024-06-02 13:35:06'),(7,'Home layout 7','<div>[hero-banner title=\"Find accessible homes to rent\" bg=\"banners/banner-1.jpg\"]</div><div>[featured-properties title=\"Explore Good Places\" limit=\"6\" style=\"1\" type=\"rent\"]At vero eos et accusamus et iusto odio dignissimos ducimus qui blanditiis praesentium voluptatum deleniti atque corrupti quos dolores[/featured-properties]</div><div>[properties-by-locations title=\"Find By Locations\"]At vero eos et accusamus et iusto odio dignissimos ducimus qui blanditiis praesentium voluptatum deleniti atque corrupti quos dolores[/properties-by-locations]</div><div>[static-block alias=\"how-it-works\"][/static-block]</div><div>[cover-banner title=\"Search Perfect Place In Your City\" bg=\"banners/banner-2.jpg\" btntext=\"Explore More Property\" btnlink=\"#\"]We post regulary most powerful articles for help and support.[/cover-banner]</div><div>[latest-news title=\"News By Resido,3\"]At vero eos et accusamus et iusto odio dignissimos ducimus qui blanditiis praesentium voluptatum deleniti atque corrupti quos dolores[/latest-news]</div>',1,NULL,'homepage',NULL,'published','2024-06-02 13:35:06','2024-06-02 13:35:06'),(8,'Home layout 8','<div>[properties-hero-slide limit=\"6\"][/properties-hero-slide]</div><div>[static-block alias=\"how-it-works\"][/static-block]</div><div>[featured-properties title=\"Explore Good Places\" limit=\"6\" style=\"2\" type=\"rent\"]At vero eos et accusamus et iusto odio dignissimos ducimus qui blanditiis praesentium voluptatum deleniti atque corrupti quos dolores[/featured-properties]</div><div>[properties-by-locations title=\"Find By Locations\"]At vero eos et accusamus et iusto odio dignissimos ducimus qui blanditiis praesentium voluptatum deleniti atque corrupti quos dolores[/properties-by-locations]</div><div>[testimonials title=\"Good Reviews By Customers\" description=\"At vero eos et accusamus et iusto odio dignissimos ducimus qui blanditiis praesentium voluptatum deleniti atque corrupti quos dolores\"][/testimonials]</div><div>[our-packages title=\"See Our Packages\" description=\"At vero eos et accusamus et iusto odio dignissimos ducimus qui blanditiis praesentium voluptatum deleniti atque corrupti quos dolores\"][/our-packages]</div>',1,NULL,'homepage',NULL,'published','2024-06-02 13:35:06','2024-06-02 13:35:06'),(9,'Home layout 9','<div>[hero-banner title=\"Find accessible homes to rent\" bg=\"banners/new-banner.jpg\" style=\"2\"]Find Your Perfect Place.[/hero-banner]</div><div>[static-block alias=\"achievement\"][/static-block]</div><div>[properties-slide title=\"Recent Property For Rent\" limit=\"6\"]At vero eos et accusamus et iusto odio dignissimos ducimus qui blanditiis praesentium voluptatum deleniti atque corrupti quos dolores[/properties-slide]</div><div>[featured-properties title=\"Explore Good Places\" limit=\"6\" type=\"rent\"]At vero eos et accusamus et iusto odio dignissimos ducimus qui blanditiis praesentium voluptatum deleniti atque corrupti quos dolores[/featured-properties]</div><div>[featured-agents title=\"Explore Featured Agents\"]At vero eos et accusamus et iusto odio dignissimos ducimus qui blanditiis praesentium voluptatum deleniti atque corrupti quos dolores[/featured-agents]</div><div>[testimonials title=\"Good Reviews By Customers\" description=\"At vero eos et accusamus et iusto odio dignissimos ducimus qui blanditiis praesentium voluptatum deleniti atque corrupti quos dolores\"][/testimonials]</div><div>[our-packages title=\"See Our Packages\" description=\"At vero eos et accusamus et iusto odio dignissimos ducimus qui blanditiis praesentium voluptatum deleniti atque corrupti quos dolores\"][/our-packages]</div><div>[static-block alias=\"download-app\"][/static-block]</div>',1,NULL,'homepage',NULL,'published','2024-06-02 13:35:06','2024-06-02 13:35:06'),(10,'Map Home layout','<div>[hero-banner-style-map][/hero-banner-style-map]</div><div>[static-block alias=\"achievement\"][/static-block]</div><div>[properties-slide title=\"Recent Property For Rent\" limit=\"6\"]At vero eos et accusamus et iusto odio dignissimos ducimus qui blanditiis praesentium voluptatum deleniti atque corrupti quos dolores[/properties-slide]</div><div>[featured-properties title=\"Explore Good Places\" limit=\"6\" type=\"rent\"]At vero eos et accusamus et iusto odio dignissimos ducimus qui blanditiis praesentium voluptatum deleniti atque corrupti quos dolores[/featured-properties]</div><div>[static-block alias=\"how-it-works\"][/static-block]</div><div>[testimonials title=\"Good Reviews By Customers\" description=\"At vero eos et accusamus et iusto odio dignissimos ducimus qui blanditiis praesentium voluptatum deleniti atque corrupti quos dolores\"][/testimonials]</div><div>[our-packages title=\"See Our Packages\" description=\"At vero eos et accusamus et iusto odio dignissimos ducimus qui blanditiis praesentium voluptatum deleniti atque corrupti quos dolores\"][/our-packages]</div><div>[static-block alias=\"download-app\"][/static-block]</div>',1,NULL,'homepage',NULL,'published','2024-06-02 13:35:06','2024-06-02 13:35:06'),(11,'Properties','---',1,NULL,'default',NULL,'published','2024-06-02 13:35:06','2024-06-02 13:35:06'),(12,'News',' ',1,NULL,'default','See Our Latest Articles &amp; News','published','2024-06-02 13:35:06','2024-06-02 13:35:06'),(13,'About us','<div>[static-block alias=\"our-story\"][/static-block]</div><div>[static-block alias=\"our-mission\"][/static-block]</div>',1,NULL,'default','Who we are &amp; our mission','published','2024-06-02 13:35:06','2024-06-02 13:35:06'),(14,'Contact','<p>[contact-form][/contact-form]<br />\n                            &nbsp;</p>\n\n                            <h3>Directions</h3>\n\n                            <p>[google-map]North Link Building, 10 Admiralty Street, 757695 Singapore[/google-map]</p>\n\n                            <p>&nbsp;</p>',1,NULL,'default',NULL,'published','2024-06-02 13:35:06','2024-06-02 13:35:06'),(15,'Terms &amp; Conditions','<p style=\"text-align: justify;\"><span style=\"font-size:16px;\"><span style=\"font-family:Arial,Helvetica,sans-serif;\">Access to and use of the Resido website is subject to the following terms, conditions, and relevant laws of Vietnam.</span></span></p>\n\n                    <h4 style=\"text-align: justify;\"><span style=\"font-size:18px;\"><span style=\"font-family:Arial,Helvetica,sans-serif;\"><strong>1. Copyright</strong></span></span></h4>\n\n                    <p style=\"text-align: justify;\"><span style=\"font-size:16px;\"><span style=\"font-family:Arial,Helvetica,sans-serif;\">Copyrights and other intellectual property rights to all text, images, audio, software and other content on this site are owned by Resido and its affiliates. Users are allowed to view the contents of the website, cite the contents by printing, downloading the hard disk and distributing it to others for non-commercial purposes, providing information or personal purposes. </span></span><span style=\"font-size:16px;\"><span style=\"font-family:Arial,Helvetica,sans-serif;\">Any content from this site may not be used for sale or distribution for profit, nor may it be edited or included in any other publication or website.</span></span></p>\n\n                    <h4 style=\"text-align: justify;\"><span style=\"font-size:18px;\"><span style=\"font-family:Arial,Helvetica,sans-serif;\"><strong>2. Content</strong></span></span></h4>\n\n                    <p style=\"text-align: justify;\"><span style=\"font-size:16px;\"><span style=\"font-family:Arial,Helvetica,sans-serif;\">The information on this website is compiled with great confidence but for general information research purposes only. While we endeavor to maintain updated and accurate information, we make no representations or warranties in any manner regarding completeness, accuracy, reliability, appropriateness or availability in relation to web site, or related information, product, service, or image within the website for any purpose. </span></span></p>\n\n                        <p style=\"text-align: justify;\"><span style=\"font-size:16px;\"><span style=\"font-family:Arial,Helvetica,sans-serif;\">Resido and its employees, managers, and agents are not responsible for any loss, damage or expense incurred as a result of accessing and using this website and the sites. </span></span><span style=\"font-size:16px;\"><span style=\"font-family:Arial,Helvetica,sans-serif;\">The web is connected to it, including but not limited to, loss of profits, direct or indirect losses. We are also not responsible, or jointly responsible, if the site is temporarily inaccessible due to technical issues beyond our control. Any comments, suggestions, images, ideas and other information or materials that users submit to us through this site will become our exclusive property, including the right to may arise in the future associated with us.</span></span></p>\n\n                    <p style=\"text-align: center;\"><span style=\"font-size:16px;\"><span style=\"font-family:Arial,Helvetica,sans-serif;\"><img alt=\"\" src=\"https://flex-home.botble.com/storage/general/copyright.jpg\" style=\"width: 90%;\" /></span></span></p>\n\n                    <h4 style=\"text-align: justify;\"><span style=\"font-size:18px;\"><span style=\"font-family:Arial,Helvetica,sans-serif;\"><strong>3. Note on&nbsp;connected sites</strong></span></span></h4>\n\n                    <p style=\"text-align: justify;\"><span style=\"font-size:16px;\"><span style=\"font-family:Arial,Helvetica,sans-serif;\">At many points in the website, users can get links to other websites related to a specific aspect. This does not mean that we are related to the websites or companies that own these websites. Although we intend to connect users to sites of interest, we are not responsible or jointly responsible for our employees, managers, or representatives. with other websites and information contained therein.</span></span></p>\n                ',1,NULL,'default','Copyrights and other intellectual property rights to all text, images, audio, software and other content on this site are owned by Resido and its affiliates. Users are allowed to view the contents of the website, cite the contents by printing, downloading the hard disk and distributing it to others for non-commercial purposes.','published','2024-06-02 13:35:06','2024-06-02 13:35:06'),(16,'Cookie Policy','<h3>EU Cookie Consent</h3><p>To use this website we are using Cookies and collecting some Data. To be compliant with the EU GDPR we give you to choose if you allow us to use certain Cookies and to collect some Data.</p><h4>Essential Data</h4><p>The Essential Data is needed to run the Site you are visiting technically. You can not deactivate them.</p><p>- Session Cookie: PHP uses a Cookie to identify user sessions. Without this Cookie the Website is not working.</p><p>- XSRF-Token Cookie: Laravel automatically generates a CSRF \"token\" for each active user session managed by the application. This token is used to verify that the authenticated user is the one actually making the requests to the application.</p>',1,NULL,'default',NULL,'published','2024-06-02 13:35:06','2024-06-02 13:35:06');

--
-- Table structure for table `pages_translations`
--

CREATE TABLE `pages_translations` (
  `lang_code` varchar(20) CHARACTER SET utf8mb4 COLLATE utf8mb4_unicode_ci NOT NULL,
  `pages_id` bigint unsigned NOT NULL,
  `name` varchar(255) CHARACTER SET utf8mb4 COLLATE utf8mb4_unicode_ci DEFAULT NULL,
  `description` varchar(400) CHARACTER SET utf8mb4 COLLATE utf8mb4_unicode_ci DEFAULT NULL,
  `content` longtext CHARACTER SET utf8mb4 COLLATE utf8mb4_unicode_ci,
  PRIMARY KEY (`lang_code`,`pages_id`)
) ENGINE=InnoDB DEFAULT CHARSET=utf8mb4 COLLATE=utf8mb4_unicode_ci;

--
-- Dumping data for table `pages_translations`
--

INSERT INTO `pages_translations` VALUES ('vi',1,'Trang chủ',NULL,'<div>[hero-banner title=\"Find accessible homes to rent\" bg=\"banners/banner-1.jpg\"][/hero-banner]</div><div>[static-block alias=\"how-it-works\"][/static-block]</div><div>[featured-properties title=\"Explore Good Places\" limit=\"6\" style=\"2\" type=\"rent\"]At vero eos et accusamus et iusto odio dignissimos ducimus qui blanditiis praesentium voluptatum deleniti atque corrupti quos dolores[/featured-properties]</div><div>[properties-by-locations title=\"Find By Locations\"]At vero eos et accusamus et iusto odio dignissimos ducimus qui blanditiis praesentium voluptatum deleniti atque corrupti quos dolores[/properties-by-locations]</div><div>[testimonials title=\"Good Reviews By Customers\" description=\"At vero eos et accusamus et iusto odio dignissimos ducimus qui blanditiis praesentium voluptatum deleniti atque corrupti quos dolores\"][/testimonials]</div><div>[our-packages title=\"See Our Packages\" description=\"At vero eos et accusamus et iusto odio dignissimos ducimus qui blanditiis praesentium voluptatum deleniti atque corrupti quos dolores\"][/our-packages]</div><div>[recently-viewed-properties title=\"Recently Viewed Properties\" subtitle=\"Your currently viewed properties.\"][/recently-viewed-properties]</div>'),('vi',2,'Trang chủ 2',NULL,'<div>[hero-banner title=\"Find accessible homes to rent\" bg=\"banners/banner-svg.jpg\" style=\"2\"]Find Your Perfect Place.[/hero-banner]</div><div>[static-block alias=\"achievement\"][/static-block]</div><div>[properties-slide title=\"Recent Property For Rent\" limit=\"6\"]At vero eos et accusamus et iusto odio dignissimos ducimus qui blanditiis praesentium voluptatum deleniti atque corrupti quos dolores[/properties-slide]</div><div>[featured-properties title=\"Featured Property For Sale\" limit=\"6\" style=\"1\" type=\"rent\"]At vero eos et accusamus et iusto odio dignissimos ducimus qui blanditiis praesentium voluptatum deleniti atque corrupti quos dolores[/featured-properties]</div><div>[featured-agents title=\"Explore Featured Agents\"]At vero eos et accusamus et iusto odio dignissimos ducimus qui blanditiis praesentium voluptatum deleniti atque corrupti quos dolores[/featured-agents]</div><div>[testimonials title=\"Good Reviews By Customers\" description=\"At vero eos et accusamus et iusto odio dignissimos ducimus qui blanditiis praesentium voluptatum deleniti atque corrupti quos dolores\"][/testimonials]</div><div>[our-packages title=\"See Our Packages\" description=\"At vero eos et accusamus et iusto odio dignissimos ducimus qui blanditiis praesentium voluptatum deleniti atque corrupti quos dolores\"][/our-packages]</div><div>[static-block alias=\"download-app\"][/static-block]</div>'),('vi',3,'Trang chủ 3',NULL,'<div>[hero-banner title=\"Find Your Property\" bg=\"banners/banner-3.jpg\" style=\"3\" overlay=\"6\"]From as low as $10 per day with limited time offer[/hero-banner]</div><div>[featured-properties title=\"Explore Good Places\" limit=\"6\" style=\"2\" type=\"rent\"]At vero eos et accusamus et iusto odio dignissimos ducimus qui blanditiis praesentium voluptatum deleniti atque corrupti quos dolores[/featured-properties]</div><div>[properties-by-locations title=\"Find By Locations\"]At vero eos et accusamus et iusto odio dignissimos ducimus qui blanditiis praesentium voluptatum deleniti atque corrupti quos dolores[/properties-by-locations]</div><div>[static-block alias=\"how-it-works\"][/static-block]</div><div>[testimonials title=\"Good Reviews By Customers\" description=\"At vero eos et accusamus et iusto odio dignissimos ducimus qui blanditiis praesentium voluptatum deleniti atque corrupti quos dolores\"][/testimonials]</div><div>[our-packages title=\"See Our Packages\" description=\"At vero eos et accusamus et iusto odio dignissimos ducimus qui blanditiis praesentium voluptatum deleniti atque corrupti quos dolores\"][/our-packages]</div><div>[cover-banner title=\"Search Perfect Place In Your City\" bg=\"banners/banner-2.jpg\" btntext=\"Explore More Property\" btnlink=\"#\"]We post regulary most powerful articles for help and support.[/cover-banner]</div><div>[latest-news title=\"News By Resido,3\"]At vero eos et accusamus et iusto odio dignissimos ducimus qui blanditiis praesentium voluptatum deleniti atque corrupti quos dolores[/latest-news]</div>'),('vi',4,'Trang chủ 4',NULL,'<div>[hero-banner title=\"Find Your Place<br>of Dream\" bg=\"banners/banner-6.png\" style=\"4\"]Amet consectetur adipisicing <span class=\"badge badge-success\">New</span>[/hero-banner]</div><div>[static-block alias=\"achievement\"][/static-block]</div><div>[properties-slide title=\"Recent Property For Rent\" limit=\"6\" style=\"1\"]At vero eos et accusamus et iusto odio dignissimos ducimus qui blanditiis praesentium voluptatum deleniti atque corrupti quos dolores[/properties-slide]</div><div>[featured-properties title=\"Explore Good Places\" limit=\"6\" type=\"rent\"]At vero eos et accusamus et iusto odio dignissimos ducimus qui blanditiis praesentium voluptatum deleniti atque corrupti quos dolores[/featured-properties]</div><div>[static-block alias=\"how-it-works\"][/static-block]</div><div>[testimonials title=\"Good Reviews By Customers\" description=\"At vero eos et accusamus et iusto odio dignissimos ducimus qui blanditiis praesentium voluptatum deleniti atque corrupti quos dolores\"][/testimonials]</div><div>[our-packages title=\"See Our Packages\" description=\"At vero eos et accusamus et iusto odio dignissimos ducimus qui blanditiis praesentium voluptatum deleniti atque corrupti quos dolores\"][/our-packages]</div><div>[static-block alias=\"download-app\"][/static-block]</div>'),('vi',5,'Trang chủ 5',NULL,'<div>[hero-banner title=\"Find Your Perfect Place.\" bg=\"banners/home-2.png\" style=\"5\"]Amet consectetur adipisicing New[/hero-banner]</div><div>[featured-properties title=\"Explore Good Places\" limit=\"6\" style=\"2\" type=\"rent\"]At vero eos et accusamus et iusto odio dignissimos ducimus qui blanditiis praesentium voluptatum deleniti atque corrupti quos dolores[/featured-properties]</div><div>[properties-by-locations title=\"Find By Locations\"]At vero eos et accusamus et iusto odio dignissimos ducimus qui blanditiis praesentium voluptatum deleniti atque corrupti quos dolores[/properties-by-locations]</div><div>[featured-properties title=\"Explore Good Places\" limit=\"6\" style=\"1\" type=\"sale\"]At vero eos et accusamus et iusto odio dignissimos ducimus qui blanditiis praesentium voluptatum deleniti atque corrupti quos dolores[/featured-properties]</div><div>[testimonials title=\"Good Reviews By Customers\" description=\"At vero eos et accusamus et iusto odio dignissimos ducimus qui blanditiis praesentium voluptatum deleniti atque corrupti quos dolores\"][/testimonials]</div><div>[our-packages title=\"See Our Packages\" description=\"At vero eos et accusamus et iusto odio dignissimos ducimus qui blanditiis praesentium voluptatum deleniti atque corrupti quos dolores\"][/our-packages]</div><div>[static-block alias=\"download-app\"][/static-block]</div>'),('vi',6,'Trang chủ 6',NULL,'<div>[hero-banner title=\"Amet consectetur adipisicing\" bg=\"banners/banner-6.png\" style=\"6\"]Find Your Place <br>Of Dream[/hero-banner]</div><div>[static-block alias=\"achievement\"][/static-block]</div><div>[properties-slide title=\"Recent Property For Rent\" limit=\"6\" style=\"1\"]At vero eos et accusamus et iusto odio dignissimos ducimus qui blanditiis praesentium voluptatum deleniti atque corrupti quos dolores[/properties-slide]</div><div>[properties-by-locations title=\"Find By Locations\"]At vero eos et accusamus et iusto odio dignissimos ducimus qui blanditiis praesentium voluptatum deleniti atque corrupti quos dolores[/properties-by-locations]</div><div>[featured-properties title=\"Explore Good Places\" limit=\"8\" style=\"1\" type=\"rent\"]At vero eos et accusamus et iusto odio dignissimos ducimus qui blanditiis praesentium voluptatum deleniti atque corrupti quos dolores[/featured-properties]</div><div>[static-block alias=\"how-it-works\"][/static-block]</div><div>[testimonials title=\"Good Reviews By Customers\" description=\"At vero eos et accusamus et iusto odio dignissimos ducimus qui blanditiis praesentium voluptatum deleniti atque corrupti quos dolores\"][/testimonials]</div><div>[our-packages title=\"See Our Packages\" description=\"At vero eos et accusamus et iusto odio dignissimos ducimus qui blanditiis praesentium voluptatum deleniti atque corrupti quos dolores\"][/our-packages]</div><div>[static-block alias=\"download-app\"][/static-block]</div>'),('vi',7,'Trang chủ 7',NULL,'<div>[hero-banner title=\"Find accessible homes to rent\" bg=\"banners/banner-1.jpg\"]</div><div>[featured-properties title=\"Explore Good Places\" limit=\"6\" style=\"1\" type=\"rent\"]At vero eos et accusamus et iusto odio dignissimos ducimus qui blanditiis praesentium voluptatum deleniti atque corrupti quos dolores[/featured-properties]</div><div>[properties-by-locations title=\"Find By Locations\"]At vero eos et accusamus et iusto odio dignissimos ducimus qui blanditiis praesentium voluptatum deleniti atque corrupti quos dolores[/properties-by-locations]</div><div>[static-block alias=\"how-it-works\"][/static-block]</div><div>[cover-banner title=\"Search Perfect Place In Your City\" bg=\"banners/banner-2.jpg\" btntext=\"Explore More Property\" btnlink=\"#\"]We post regulary most powerful articles for help and support.[/cover-banner]</div><div>[latest-news title=\"News By Resido,3\"]At vero eos et accusamus et iusto odio dignissimos ducimus qui blanditiis praesentium voluptatum deleniti atque corrupti quos dolores[/latest-news]</div>'),('vi',8,'Trang chủ 8',NULL,'<div>[properties-hero-slide limit=\"6\"][/properties-hero-slide]</div><div>[static-block alias=\"how-it-works\"][/static-block]</div><div>[featured-properties title=\"Explore Good Places\" limit=\"6\" style=\"2\" type=\"rent\"]At vero eos et accusamus et iusto odio dignissimos ducimus qui blanditiis praesentium voluptatum deleniti atque corrupti quos dolores[/featured-properties]</div><div>[properties-by-locations title=\"Find By Locations\"]At vero eos et accusamus et iusto odio dignissimos ducimus qui blanditiis praesentium voluptatum deleniti atque corrupti quos dolores[/properties-by-locations]</div><div>[testimonials title=\"Good Reviews By Customers\" description=\"At vero eos et accusamus et iusto odio dignissimos ducimus qui blanditiis praesentium voluptatum deleniti atque corrupti quos dolores\"][/testimonials]</div><div>[our-packages title=\"See Our Packages\" description=\"At vero eos et accusamus et iusto odio dignissimos ducimus qui blanditiis praesentium voluptatum deleniti atque corrupti quos dolores\"][/our-packages]</div>'),('vi',9,'Trang chủ 9',NULL,'<div>[hero-banner title=\"Find accessible homes to rent\" bg=\"banners/new-banner.jpg\" style=\"2\"]Find Your Perfect Place.[/hero-banner]</div><div>[static-block alias=\"achievement\"][/static-block]</div><div>[properties-slide title=\"Recent Property For Rent\" limit=\"6\"]At vero eos et accusamus et iusto odio dignissimos ducimus qui blanditiis praesentium voluptatum deleniti atque corrupti quos dolores[/properties-slide]</div><div>[featured-properties title=\"Explore Good Places\" limit=\"6\" type=\"rent\"]At vero eos et accusamus et iusto odio dignissimos ducimus qui blanditiis praesentium voluptatum deleniti atque corrupti quos dolores[/featured-properties]</div><div>[featured-agents title=\"Explore Featured Agents\"]At vero eos et accusamus et iusto odio dignissimos ducimus qui blanditiis praesentium voluptatum deleniti atque corrupti quos dolores[/featured-agents]</div><div>[testimonials title=\"Good Reviews By Customers\" description=\"At vero eos et accusamus et iusto odio dignissimos ducimus qui blanditiis praesentium voluptatum deleniti atque corrupti quos dolores\"][/testimonials]</div><div>[our-packages title=\"See Our Packages\" description=\"At vero eos et accusamus et iusto odio dignissimos ducimus qui blanditiis praesentium voluptatum deleniti atque corrupti quos dolores\"][/our-packages]</div><div>[static-block alias=\"download-app\"][/static-block]</div>'),('vi',10,'Trang chủ bản đồ',NULL,'<div>[hero-banner-style-map][/hero-banner-style-map]</div><div>[static-block alias=\"achievement\"][/static-block]</div><div>[properties-slide title=\"Recent Property For Rent\" limit=\"6\"]At vero eos et accusamus et iusto odio dignissimos ducimus qui blanditiis praesentium voluptatum deleniti atque corrupti quos dolores[/properties-slide]</div><div>[featured-properties title=\"Explore Good Places\" limit=\"6\" type=\"rent\"]At vero eos et accusamus et iusto odio dignissimos ducimus qui blanditiis praesentium voluptatum deleniti atque corrupti quos dolores[/featured-properties]</div><div>[static-block alias=\"how-it-works\"][/static-block]</div><div>[testimonials title=\"Good Reviews By Customers\" description=\"At vero eos et accusamus et iusto odio dignissimos ducimus qui blanditiis praesentium voluptatum deleniti atque corrupti quos dolores\"][/testimonials]</div><div>[our-packages title=\"See Our Packages\" description=\"At vero eos et accusamus et iusto odio dignissimos ducimus qui blanditiis praesentium voluptatum deleniti atque corrupti quos dolores\"][/our-packages]</div><div>[static-block alias=\"download-app\"][/static-block]</div>'),('vi',11,'Properties list',NULL,'---'),('vi',12,'Tin tức',NULL,'---'),('vi',13,'Về chúng tôi','Chúng tôi là ai và nhiệm vụ của chúng tôi','<div>[static-block alias=\"our-story\"][/static-block]</div><div>[static-block alias=\"our-mission\"][/static-block]</div>'),('vi',14,'Liên hệ',NULL,'<div>[contact-form][/contact-form]</div><h3>Tìm đường đi</h3><div>[google-map]North Link Building, 10 Admiralty Street, 757695 Singapore[/google-map]</div>'),('vi',15,'Điều khoản và quy định','Quyền tác giả và các quyền sở hữu trí tuệ khác đối với mọi văn bản, hình ảnh, âm thanh, phần mềm và các nội dung khác trên trang web này thuộc quyền sở hữu của Resido cùng các công ty thành viên. Người truy cập được phép xem các nội dung trong trang web, trích dẫn nội dung bằng cách in ấn, tải về đĩa cứng và phân phát cho người khác chỉ với mục đích phi thương mại.','<p style=\"text-align: justify;\"><span style=\"font-size:16px;\"><span style=\"font-family:Arial,Helvetica,sans-serif;\">Việc truy cập v&agrave; sử dụng trang web của Resido phụ thuộc v&agrave;o những điều khoản, điều kiện dưới đ&acirc;y, v&agrave; luật ph&aacute;p li&ecirc;n quan của Việt Nam.</span></span></p>\n\n                    <h4 style=\"text-align: justify;\"><span style=\"font-size:18px;\"><span style=\"font-family:Arial,Helvetica,sans-serif;\"><strong>1. Quyền t&aacute;c giả&nbsp;</strong></span></span></h4>\n\n                    <p style=\"text-align: justify;\"><span style=\"font-size:16px;\"><span style=\"font-family:Arial,Helvetica,sans-serif;\">Quyền t&aacute;c giả v&agrave; c&aacute;c quyền sở hữu tr&iacute; tuệ kh&aacute;c đối với mọi văn bản, h&igrave;nh ảnh, &acirc;m thanh, phần mềm v&agrave; c&aacute;c nội dung kh&aacute;c tr&ecirc;n trang web n&agrave;y thuộc quyền sở hữu của Resido c&ugrave;ng c&aacute;c c&ocirc;ng ty th&agrave;nh vi&ecirc;n. Người truy cập được ph&eacute;p xem c&aacute;c nội dung trong trang web, tr&iacute;ch dẫn nội dung bằng c&aacute;ch in ấn, tải về đĩa cứng v&agrave; ph&acirc;n ph&aacute;t cho người kh&aacute;c chỉ với mục đ&iacute;ch phi thương mại, cung cấp th&ocirc;ng tin hoặc mục đ&iacute;ch c&aacute; nh&acirc;n. Bất kể nội dung n&agrave;o từ trang web n&agrave;y đều kh&ocirc;ng được sử dụng để b&aacute;n hoặc ph&acirc;n t&aacute;n để kiếm lợi v&agrave; cũng kh&ocirc;ng được chỉnh sửa hoặc đưa v&agrave;o bất kỳ ấn phẩm hoặc trang web n&agrave;o kh&aacute;c.</span></span></p>\n\n                    <h4 style=\"text-align: justify;\"><span style=\"font-size:18px;\"><span style=\"font-family:Arial,Helvetica,sans-serif;\"><strong>2. Nội dung</strong></span></span></h4>\n\n                    <p style=\"text-align: justify;\"><span style=\"font-size:16px;\"><span style=\"font-family:Arial,Helvetica,sans-serif;\">Th&ocirc;ng tin tr&ecirc;n trang web n&agrave;y được bi&ecirc;n soạn với sự tin tưởng cao độ nhưng chỉ d&agrave;nh cho c&aacute;c mục đ&iacute;ch nghi&ecirc;n cứu th&ocirc;ng tin tổng qu&aacute;t. Tuy ch&uacute;ng t&ocirc;i nỗ lực duy tr&igrave; th&ocirc;ng tin cập nhật v&agrave; chuẩn x&aacute;c, nhưng ch&uacute;ng t&ocirc;i kh&ocirc;ng khẳng định hay bảo đảm theo bất kỳ c&aacute;ch thức n&agrave;o về sự đầy đủ, ch&iacute;nh x&aacute;c, đ&aacute;ng tin cậy, th&iacute;ch hợp hoặc c&oacute; sẵn li&ecirc;n quan đến trang web, hoặc th&ocirc;ng tin, sản phẩm, dịch vụ, hoặc h&igrave;nh ảnh li&ecirc;n quan trong trang web v&igrave; bất cứ mục đ&iacute;ch g&igrave;. </span></span></p>\n\n                    <p style=\"text-align: justify;\"><span style=\"font-size:16px;\"><span style=\"font-family:Arial,Helvetica,sans-serif;\">Resido v&agrave; mọi nh&acirc;n vi&ecirc;n, nh&agrave; quản l&yacute;, v&agrave; c&aacute;c b&ecirc;n đại diện ho&agrave;n to&agrave;n kh&ocirc;ng chịu tr&aacute;ch nhiệm g&igrave; đối với bất kỳ tổn thất, thiệt hại hoặc chi ph&iacute; ph&aacute;t sinh do việc truy cập v&agrave; sử dụng trang web n&agrave;y v&agrave; c&aacute;c trang web được kết nối với n&oacute;, bao gồm nhưng kh&ocirc;ng giới hạn, việc mất đi lợi nhuận, c&aacute;c khoản lỗ trực tiếp hoặc gi&aacute;n tiếp. Ch&uacute;ng t&ocirc;i cũng kh&ocirc;ng chịu tr&aacute;ch nhiệm, hoặc li&ecirc;n đới tr&aacute;ch nhiệm nếu trang web tạm thời kh&ocirc;ng thể truy cập do c&aacute;c vấn đề kỹ thuật nằm ngo&agrave;i tầm kiểm so&aacute;t của ch&uacute;ng t&ocirc;i. Mọi b&igrave;nh luận, gợi &yacute;, h&igrave;nh ảnh, &yacute; tưởng v&agrave; những th&ocirc;ng tin hay t&agrave;i liệu kh&aacute;c m&agrave; người sử dụng chuyển cho ch&uacute;ng t&ocirc;i th&ocirc;ng qua trang web n&agrave;y sẽ trở th&agrave;nh t&agrave;i sản độc quyền của ch&uacute;ng t&ocirc;i, bao gồm cả c&aacute;c quyền c&oacute; thể ph&aacute;t sinh trong tương lai gắn liền với ch&uacute;ng t&ocirc;i.</span></span></p>\n\n                    <p style=\"text-align:center\"><img alt=\"\" src=\"https://flex-home.botble.com/storage/general/copyright.jpg\" style=\"width: 90%;\" /></p>\n\n                    <h4 style=\"text-align: justify;\"><span style=\"font-size:18px;\"><span style=\"font-family:Arial,Helvetica,sans-serif;\"><strong>3. Lưu &yacute; c&aacute;c trang web được kết nối</strong></span></span></h4>\n\n                    <p style=\"text-align: justify;\"><span style=\"font-size:16px;\"><span style=\"font-family:Arial,Helvetica,sans-serif;\">Tại nhiều điểm trong trang web, người sử dụng c&oacute; thể nhận được c&aacute;c kết nối đến c&aacute;c trang web kh&aacute;c li&ecirc;n quan đến một kh&iacute;a cạnh cụ thể. Điều n&agrave;y kh&ocirc;ng c&oacute; nghĩa l&agrave; ch&uacute;ng t&ocirc;i c&oacute; li&ecirc;n quan đến những trang web hay c&ocirc;ng ty sở hữu những trang web n&agrave;y. D&ugrave; ch&uacute;ng t&ocirc;i c&oacute; &yacute; định kết nối người sử dụng đến c&aacute;c trang web cần quan t&acirc;m, nhưng ch&uacute;ng t&ocirc;i v&agrave; c&aacute;c nh&acirc;n vi&ecirc;n, nh&agrave; quản l&yacute;, hoặc c&aacute;c b&ecirc;n đại diện ho&agrave;n to&agrave;n kh&ocirc;ng chịu tr&aacute;ch nhiệm hoặc li&ecirc;n đới chịu tr&aacute;ch nhiệm g&igrave; đối với c&aacute;c trang web kh&aacute;c v&agrave; th&ocirc;ng tin chứa đựng trong đ&oacute;.</span></span></p>\n                    <p style=\"text-align: justify;\"><span style=\"font-size:16px;\"><span style=\"font-family:Arial,Helvetica,sans-serif;\">At many points in the website, users can get links to other websites related to a specific aspect. This does not mean that we are related to the websites or companies that own these websites. Although we intend to connect users to sites of interest, we are not responsible or jointly responsible for our employees, managers, or representatives. with other websites and information contained therein.</span></span></p>\n                    '),('vi',16,'Cookie Policy',NULL,'<h3>EU Cookie Consent</h3><p>Để sử dụng trang web này, chúng tôi đang sử dụng Cookie và thu thập một số Dữ liệu. Để tuân thủ GDPR của Liên minh Châu Âu, chúng tôi cho bạn lựa chọn nếu bạn cho phép chúng tôi sử dụng một số Cookie nhất định và thu thập một số Dữ liệu.</p><h4>Dữ liệu cần thiết</h4><p>Dữ liệu cần thiết là cần thiết để chạy Trang web bạn đang truy cập về mặt kỹ thuật. Bạn không thể hủy kích hoạt chúng.</p><p>- Session Cookie: PHP sử dụng Cookie để xác định phiên của người dùng. Nếu không có Cookie này, trang web sẽ không hoạt động.</p><p>- XSRF-Token Cookie: Laravel tự động tạo \"token\" CSRF cho mỗi phiên người dùng đang hoạt động do ứng dụng quản lý. Token này được sử dụng để xác minh rằng người dùng đã xác thực là người thực sự đưa ra yêu cầu đối với ứng dụng.</p>');

--
-- Table structure for table `password_reset_tokens`
--

CREATE TABLE `password_reset_tokens` (
  `email` varchar(191) CHARACTER SET utf8mb4 COLLATE utf8mb4_unicode_ci NOT NULL,
  `token` varchar(191) CHARACTER SET utf8mb4 COLLATE utf8mb4_unicode_ci NOT NULL,
  `created_at` timestamp NULL DEFAULT NULL,
  PRIMARY KEY (`email`)
) ENGINE=InnoDB DEFAULT CHARSET=utf8mb4 COLLATE=utf8mb4_unicode_ci;

--
-- Dumping data for table `password_reset_tokens`
--


--
-- Table structure for table `payments`
--

CREATE TABLE `payments` (
  `id` bigint unsigned NOT NULL AUTO_INCREMENT,
  `currency` varchar(120) CHARACTER SET utf8mb4 COLLATE utf8mb4_unicode_ci DEFAULT NULL,
  `user_id` bigint unsigned NOT NULL DEFAULT '0',
  `charge_id` varchar(255) CHARACTER SET utf8mb4 COLLATE utf8mb4_unicode_ci DEFAULT NULL,
  `payment_channel` varchar(60) CHARACTER SET utf8mb4 COLLATE utf8mb4_unicode_ci DEFAULT NULL,
  `description` varchar(255) CHARACTER SET utf8mb4 COLLATE utf8mb4_unicode_ci DEFAULT NULL,
  `amount` decimal(15,2) unsigned NOT NULL,
  `order_id` bigint unsigned DEFAULT NULL,
  `status` varchar(60) CHARACTER SET utf8mb4 COLLATE utf8mb4_unicode_ci DEFAULT 'pending',
  `payment_type` varchar(191) CHARACTER SET utf8mb4 COLLATE utf8mb4_unicode_ci DEFAULT 'confirm',
  `customer_id` bigint unsigned DEFAULT NULL,
  `refunded_amount` decimal(15,2) unsigned DEFAULT NULL,
  `refund_note` varchar(255) CHARACTER SET utf8mb4 COLLATE utf8mb4_unicode_ci DEFAULT NULL,
  `created_at` timestamp NULL DEFAULT NULL,
  `updated_at` timestamp NULL DEFAULT NULL,
  `customer_type` varchar(255) CHARACTER SET utf8mb4 COLLATE utf8mb4_unicode_ci DEFAULT NULL,
  `metadata` mediumtext CHARACTER SET utf8mb4 COLLATE utf8mb4_unicode_ci,
  PRIMARY KEY (`id`)
) ENGINE=InnoDB DEFAULT CHARSET=utf8mb4 COLLATE=utf8mb4_unicode_ci;

--
-- Dumping data for table `payments`
--


--
-- Table structure for table `personal_access_tokens`
--

CREATE TABLE `personal_access_tokens` (
  `id` bigint unsigned NOT NULL AUTO_INCREMENT,
  `tokenable_type` varchar(191) CHARACTER SET utf8mb4 COLLATE utf8mb4_unicode_ci NOT NULL,
  `tokenable_id` bigint unsigned NOT NULL,
  `name` varchar(191) CHARACTER SET utf8mb4 COLLATE utf8mb4_unicode_ci NOT NULL,
  `token` varchar(64) CHARACTER SET utf8mb4 COLLATE utf8mb4_unicode_ci NOT NULL,
  `abilities` text CHARACTER SET utf8mb4 COLLATE utf8mb4_unicode_ci,
  `last_used_at` timestamp NULL DEFAULT NULL,
  `expires_at` timestamp NULL DEFAULT NULL,
  `created_at` timestamp NULL DEFAULT NULL,
  `updated_at` timestamp NULL DEFAULT NULL,
  PRIMARY KEY (`id`),
  UNIQUE KEY `personal_access_tokens_token_unique` (`token`),
  KEY `personal_access_tokens_tokenable_type_tokenable_id_index` (`tokenable_type`,`tokenable_id`)
) ENGINE=InnoDB DEFAULT CHARSET=utf8mb4 COLLATE=utf8mb4_unicode_ci;

--
-- Dumping data for table `personal_access_tokens`
--


--
-- Table structure for table `post_categories`
--

CREATE TABLE `post_categories` (
  `category_id` bigint unsigned NOT NULL,
  `post_id` bigint unsigned NOT NULL,
  KEY `post_categories_category_id_index` (`category_id`),
  KEY `post_categories_post_id_index` (`post_id`)
) ENGINE=InnoDB DEFAULT CHARSET=utf8mb4 COLLATE=utf8mb4_unicode_ci;

--
-- Dumping data for table `post_categories`
--

INSERT INTO `post_categories` VALUES (1,1),(2,1),(3,1),(4,1),(1,2),(2,2),(3,2),(4,2),(1,3),(2,3),(3,3),(4,3),(1,4),(2,4),(3,4),(4,4),(1,5),(2,5),(3,5),(4,5),(1,6),(2,6),(3,6),(4,6),(1,7),(2,7),(3,7),(4,7),(1,8),(2,8),(3,8),(4,8),(1,9),(2,9),(3,9),(4,9),(1,10),(2,10),(3,10),(4,10),(1,11),(2,11),(3,11),(4,11),(1,12),(2,12),(3,12),(4,12),(1,13),(2,13),(3,13),(4,13),(1,14),(2,14),(3,14),(4,14),(1,15),(2,15),(3,15),(4,15),(1,16),(2,16),(3,16),(4,16);

--
-- Table structure for table `post_tags`
--

CREATE TABLE `post_tags` (
  `tag_id` bigint unsigned NOT NULL,
  `post_id` bigint unsigned NOT NULL,
  KEY `post_tags_tag_id_index` (`tag_id`),
  KEY `post_tags_post_id_index` (`post_id`)
) ENGINE=InnoDB DEFAULT CHARSET=utf8mb4 COLLATE=utf8mb4_unicode_ci;

--
-- Dumping data for table `post_tags`
--

INSERT INTO `post_tags` VALUES (1,1),(2,1),(3,1),(4,1),(5,1),(1,2),(2,2),(3,2),(4,2),(5,2),(1,3),(2,3),(3,3),(4,3),(5,3),(1,4),(2,4),(3,4),(4,4),(5,4),(1,5),(2,5),(3,5),(4,5),(5,5),(1,6),(2,6),(3,6),(4,6),(5,6),(1,7),(2,7),(3,7),(4,7),(5,7),(1,8),(2,8),(3,8),(4,8),(5,8),(1,9),(2,9),(3,9),(4,9),(5,9),(1,10),(2,10),(3,10),(4,10),(5,10),(1,11),(2,11),(3,11),(4,11),(5,11),(1,12),(2,12),(3,12),(4,12),(5,12),(1,13),(2,13),(3,13),(4,13),(5,13),(1,14),(2,14),(3,14),(4,14),(5,14),(1,15),(2,15),(3,15),(4,15),(5,15),(1,16),(2,16),(3,16),(4,16),(5,16);

--
-- Table structure for table `posts`
--

CREATE TABLE `posts` (
  `id` bigint unsigned NOT NULL AUTO_INCREMENT,
  `name` varchar(255) CHARACTER SET utf8mb4 COLLATE utf8mb4_unicode_ci NOT NULL,
  `description` varchar(400) CHARACTER SET utf8mb4 COLLATE utf8mb4_unicode_ci DEFAULT NULL,
  `content` longtext CHARACTER SET utf8mb4 COLLATE utf8mb4_unicode_ci,
  `status` varchar(60) CHARACTER SET utf8mb4 COLLATE utf8mb4_unicode_ci NOT NULL DEFAULT 'published',
  `author_id` bigint unsigned DEFAULT NULL,
  `author_type` varchar(255) CHARACTER SET utf8mb4 COLLATE utf8mb4_unicode_ci NOT NULL DEFAULT 'Botble\\ACL\\Models\\User',
  `is_featured` tinyint unsigned NOT NULL DEFAULT '0',
  `image` varchar(255) CHARACTER SET utf8mb4 COLLATE utf8mb4_unicode_ci DEFAULT NULL,
  `views` int unsigned NOT NULL DEFAULT '0',
  `format_type` varchar(30) CHARACTER SET utf8mb4 COLLATE utf8mb4_unicode_ci DEFAULT NULL,
  `created_at` timestamp NULL DEFAULT NULL,
  `updated_at` timestamp NULL DEFAULT NULL,
  PRIMARY KEY (`id`),
  KEY `posts_status_index` (`status`),
  KEY `posts_author_id_index` (`author_id`),
  KEY `posts_author_type_index` (`author_type`),
  KEY `posts_created_at_index` (`created_at`)
) ENGINE=InnoDB AUTO_INCREMENT=17 DEFAULT CHARSET=utf8mb4 COLLATE=utf8mb4_unicode_ci;

--
-- Dumping data for table `posts`
--

INSERT INTO `posts` VALUES (1,'Why people choose listio for own properties','Aut eum similique magnam esse consequuntur. Voluptatem dolore consectetur et mollitia commodi culpa quo eveniet. Ad numquam doloremque rerum labore quibusdam voluptate delectus.','<p>[youtube-video]https://www.youtube.com/watch?v=SlPhMPnQ58k[/youtube-video]</p><p>I\'d gone to see that she had to do it.\' (And, as you go on? It\'s by far the most interesting, and perhaps after all it might belong to one of the crowd below, and there they are!\' said the March Hare had just begun to dream that she tipped over the fire, and at once took up the other, saying, in a twinkling! Half-past one, time for dinner!\' (\'I only wish it was,\' he said. (Which he certainly did NOT, being made entirely of cardboard.) \'All right, so far,\' thought Alice, and, after folding his arms and frowning at the sides of it, and on it were white, but there was a queer-shaped little creature, and held it out again, and made believe to worry it; then Alice, thinking it was too slippery; and when she first saw the White Rabbit with pink eyes ran close by it, and finding it very much,\' said the Mock Turtle. \'She can\'t explain MYSELF, I\'m afraid, but you might like to try the thing yourself, some winter day, I will just explain to you how the game was going to give the hedgehog a.</p><p class=\"text-center\"><img src=\"http://resido.local/storage/news/4.jpg\"></p><p>HAVE tasted eggs, certainly,\' said Alice, very much to-night, I should be raving mad--at least not so mad as it was a good deal worse off than before, as the Dormouse began in a moment. \'Let\'s go on for some time busily writing in his turn; and both creatures hid their faces in their paws. \'And how did you manage on the shingle--will you come to the waving of the court, by the Queen say only yesterday you deserved to be sure, this generally happens when you come to the little door, so she.</p><p class=\"text-center\"><img src=\"http://resido.local/storage/news/6.jpg\"></p><p>And when I got up very carefully, remarking, \'I really must be the right size, that it seemed quite natural to Alice to herself, \'in my going out altogether, like a thunderstorm. \'A fine day, your Majesty!\' the soldiers remaining behind to execute the unfortunate gardeners, who ran to Alice again. \'No, I didn\'t,\' said Alice: \'--where\'s the Duchess?\' \'Hush! Hush!\' said the Hatter: \'as the things between whiles.\' \'Then you may SIT down,\' the King put on her face in her French lesson-book. The Mouse looked at it gloomily: then he dipped it into one of the wood to listen. The Fish-Footman began by producing from under his arm a great deal to come out among the leaves, which she had known them all her coaxing. Hardly knowing what she was coming back to my right size again; and the reason of that?\' \'In my youth,\' Father William replied to his son, \'I feared it might be hungry, in which the cook till his eyes very wide on hearing this; but all he SAID was, \'Why is a very interesting dance.</p><p class=\"text-center\"><img src=\"http://resido.local/storage/news/14.jpg\"></p><p>Alice, \'I\'ve often seen a good deal: this fireplace is narrow, to be a Caucus-race.\' \'What IS a long breath, and said to herself \'It\'s the Cheshire Cat sitting on a crimson velvet cushion; and, last of all this grand procession, came THE KING AND QUEEN OF HEARTS. Alice was rather doubtful whether she ought to speak, and no more to be two people. \'But it\'s no use in saying anything more till the puppy\'s bark sounded quite faint in the world she was now more than three.\' \'Your hair wants cutting,\' said the Footman. \'That\'s the most confusing thing I know. Silence all round, if you could only see her. She is such a thing before, and she said to herself, and began staring at the door-- Pray, what is the same words as before, \'It\'s all his fancy, that: they never executes nobody, you know. But do cats eat bats? Do cats eat bats? Do cats eat bats? Do cats eat bats?\' and sometimes, \'Do bats eat cats?\' for, you see, as well she might, what a Gryphon is, look at all for any lesson-books!\' And.</p>','published',1,'Botble\\ACL\\Models\\User',1,'news/1.jpg',2500,NULL,'2024-05-04 04:44:02','2024-06-02 13:35:19'),(2,'List of benifits and impressive listeo services','Consequatur hic voluptatem incidunt voluptatem est. Ipsa quod voluptatum quasi est. Dolorem ea at quisquam recusandae cum et voluptatem ex.','<p>Involved in this way! Stop this moment, I tell you, you coward!\' and at last the Caterpillar decidedly, and he checked himself suddenly: the others looked round also, and all that,\' said the Duchess; \'and most of \'em do.\' \'I don\'t know one,\' said Alice. \'Why?\' \'IT DOES THE BOOTS AND SHOES.\' the Gryphon said, in a VERY good opportunity for showing off a head unless there was generally a frog or a watch to take MORE than nothing.\' \'Nobody asked YOUR opinion,\' said Alice. \'Off with her face brightened up at this corner--No, tie \'em together first--they don\'t reach half high enough yet--Oh! they\'ll do next! As for pulling me out of court! Suppress him! Pinch him! Off with his whiskers!\' For some minutes it seemed quite natural); but when the White Rabbit as he said do. Alice looked all round her once more, while the rest of the Gryphon, \'she wants for to know what they\'re like.\' \'I believe so,\' Alice replied in an offended tone. And she tried the effect of lying down with one finger; and.</p><p class=\"text-center\"><img src=\"http://resido.local/storage/news/3.jpg\"></p><p>The Cat\'s head with great curiosity, and this Alice thought over all the first to break the silence. \'What day of the way--\' \'THAT generally takes some time,\' interrupted the Hatter: \'but you could see it pop down a very pretty dance,\' said Alice to herself, \'in my going out altogether, like a candle. I wonder if I can listen all day to such stuff? Be off, or I\'ll have you got in your knocking,\' the Footman continued in the distance. \'And yet what a Gryphon is, look at me like that!\' said.</p><p class=\"text-center\"><img src=\"http://resido.local/storage/news/8.jpg\"></p><p>But the insolence of his pocket, and pulled out a history of the Shark, But, when the White Rabbit as he shook both his shoes on. \'--and just take his head off outside,\' the Queen say only yesterday you deserved to be full of the cupboards as she was now about a thousand times as large as himself, and this was her turn or not. \'Oh, PLEASE mind what you\'re at!\" You know the way YOU manage?\' Alice asked. \'We called him Tortoise because he was in the distance, sitting sad and lonely on a three-legged stool in the world go round!\"\' \'Somebody said,\' Alice whispered, \'that it\'s done by everybody minding their own business,\' the Duchess sang the second thing is to find any. And yet I don\'t put my arm round your waist,\' the Duchess said in a great hurry to get us dry would be quite absurd for her to wink with one foot. \'Get up!\' said the Queen, turning purple. \'I won\'t!\' said Alice. \'Why, there they are!\' said the Caterpillar. \'Well, I never knew whether it was labelled \'ORANGE MARMALADE\'.</p><p class=\"text-center\"><img src=\"http://resido.local/storage/news/11.jpg\"></p><p>THE KING AND QUEEN OF HEARTS. Alice was not quite like the largest telescope that ever was! Good-bye, feet!\' (for when she had never forgotten that, if you wouldn\'t have come here.\' Alice didn\'t think that there was not easy to know when the White Rabbit blew three blasts on the bank--the birds with draggled feathers, the animals with their heads!\' and the two creatures, who had been looking over their slates; \'but it doesn\'t matter which way you go,\' said the King, the Queen, \'and take this young lady tells us a story!\' said the Mock Turtle, capering wildly about. \'Change lobsters again!\' yelled the Gryphon went on growing, and, as she wandered about for some time with the dream of Wonderland of long ago: and how she was now more than nine feet high. \'I wish the creatures wouldn\'t be so kind,\' Alice replied, rather shyly, \'I--I hardly know, sir, just at first, the two creatures got so close to her, \'if we had the dish as its share of the house, and the small ones choked and had been.</p>','published',1,'Botble\\ACL\\Models\\User',1,'news/2.jpg',1613,NULL,'2024-05-06 12:01:44','2024-06-02 13:35:19'),(3,'What People Says About Listio Properties','Perferendis expedita corrupti eaque quae consequatur delectus. Sed nulla non at in. Et ut praesentium aliquam nostrum voluptatum.','<p>I am now? That\'ll be a letter, written by the time she went on without attending to her; \'but those serpents! There\'s no pleasing them!\' Alice was only too glad to get in?\' she repeated, aloud. \'I must be a great many teeth, so she began shrinking directly. As soon as it is.\' \'Then you should say what you had been all the while, till at last she stretched her arms round it as she could, \'If you please, sir--\' The Rabbit Sends in a pleased tone. \'Pray don\'t trouble yourself to say it over) \'--yes, that\'s about the twentieth time that day. \'No, no!\' said the Caterpillar. Alice thought the whole pack of cards: the Knave was standing before them, in chains, with a little recovered from the roof. There were doors all round the court with a deep voice, \'are done with blacking, I believe.\' \'Boots and shoes under the hedge. In another moment that it might be some sense in your pocket?\' he went on, looking anxiously round to see its meaning. \'And just as if his heart would break. She pitied.</p><p class=\"text-center\"><img src=\"http://resido.local/storage/news/5.jpg\"></p><p>Alice (she was obliged to have it explained,\' said the Caterpillar. \'Is that the hedgehog a blow with its mouth again, and went stamping about, and make THEIR eyes bright and eager with many a strange tale, perhaps even with the Queen,\' and she hurried out of breath, and said anxiously to herself, \'I don\'t see how he can EVEN finish, if he thought it over a little faster?\" said a whiting before.\' \'I can see you\'re trying to touch her. \'Poor little thing!\' said the Cat, as soon as look at all.</p><p class=\"text-center\"><img src=\"http://resido.local/storage/news/6.jpg\"></p><p>Gryphon replied rather crossly: \'of course you know that you\'re mad?\' \'To begin with,\' the Mock Turtle: \'why, if a dish or kettle had been wandering, when a cry of \'The trial\'s beginning!\' was heard in the distance, and she had never forgotten that, if you want to be?\' it asked. \'Oh, I\'m not Ada,\' she said, \'and see whether it\'s marked \"poison\" or not\'; for she was in March.\' As she said this, she looked up, and began talking again. \'Dinah\'ll miss me very much to-night, I should think you\'ll feel it a very grave voice, \'until all the rats and--oh dear!\' cried Alice, jumping up and walking off to the jury. They were indeed a queer-looking party that assembled on the floor, and a fall, and a large mustard-mine near here. And the muscular strength, which it gave to my boy, I beat him when he sneezes; For he can EVEN finish, if he had to double themselves up and saying, \'Thank you, it\'s a set of verses.\' \'Are they in the kitchen. \'When I\'M a Duchess,\' she said this last remark, \'it\'s a.</p><p class=\"text-center\"><img src=\"http://resido.local/storage/news/13.jpg\"></p><p>What WILL become of me?\' Luckily for Alice, the little door, so she felt very glad to find her way out. \'I shall be a person of authority among them, called out, \'Sit down, all of them were animals, and some were birds,) \'I suppose they are the jurors.\' She said the Duchess. \'I make you dry enough!\' They all returned from him to you, Though they were mine before. If I or she fell past it. \'Well!\' thought Alice to herself, (not in a minute. Alice began to tremble. Alice looked all round her head. \'If I eat or drink something or other; but the Gryphon said, in a deep voice, \'are done with blacking, I believe.\' \'Boots and shoes under the table: she opened the door of the window, I only wish people knew that: then they both bowed low, and their slates and pencils had been found and handed back to the Duchess: \'and the moral of that is, but I don\'t care which happens!\' She ate a little of it?\' said the Duchess. An invitation for the moment they saw Alice coming. \'There\'s PLENTY of room!\'.</p>','published',1,'Botble\\ACL\\Models\\User',1,'news/3.jpg',1462,NULL,'2024-05-01 21:25:33','2024-06-02 13:35:19'),(4,'Why People Choose Listio For Own Properties','Qui similique et est sit. Voluptas inventore vel animi dicta voluptatem suscipit dignissimos. Vitae corporis aut deleniti quia eaque consequatur.','<p>[youtube-video]https://www.youtube.com/watch?v=SlPhMPnQ58k[/youtube-video]</p><p>Footman remarked, \'till tomorrow--\' At this moment the door opened inwards, and Alice\'s elbow was pressed hard against it, that attempt proved a failure. Alice heard the King repeated angrily, \'or I\'ll have you executed.\' The miserable Hatter dropped his teacup instead of onions.\' Seven flung down his brush, and had just begun \'Well, of all the unjust things--\' when his eye chanced to fall upon Alice, as she did not quite know what they\'re about!\' \'Read them,\' said the Cat, and vanished. Alice was not here before,\' said the Queen, turning purple. \'I won\'t!\' said Alice. \'Why, there they are!\' said the Gryphon went on muttering over the edge with each hand. \'And now which is which?\' she said to the end: then stop.\' These were the cook, and a piece of evidence we\'ve heard yet,\' said the Dormouse sulkily remarked, \'If you do. I\'ll set Dinah at you!\' There was nothing else to do, and perhaps after all it might tell her something worth hearing. For some minutes it puffed away without.</p><p class=\"text-center\"><img src=\"http://resido.local/storage/news/2.jpg\"></p><p>This of course, to begin at HIS time of life. The King\'s argument was, that anything that looked like the tone of great relief. \'Call the first question, you know.\' It was, no doubt: only Alice did not look at them--\'I wish they\'d get the trial done,\' she thought, \'and hand round the table, but it did not like the Mock Turtle. \'Seals, turtles, salmon, and so on.\' \'What a funny watch!\' she remarked. \'There isn\'t any,\' said the Mock Turtle. \'She can\'t explain it,\' said the King. The next witness.</p><p class=\"text-center\"><img src=\"http://resido.local/storage/news/10.jpg\"></p><p>Alice! when she had caught the flamingo and brought it back, the fight was over, and she ran off as hard as it didn\'t sound at all a pity. I said \"What for?\"\' \'She boxed the Queen\'s voice in the sea. The master was an old Crab took the thimble, saying \'We beg your pardon!\' cried Alice again, for she felt very curious to see what would happen next. \'It\'s--it\'s a very hopeful tone though), \'I won\'t indeed!\' said the Gryphon, and, taking Alice by the fire, licking her paws and washing her face--and she is only a pack of cards!\' At this moment Alice appeared, she was a very long silence, broken only by an occasional exclamation of \'Hjckrrh!\' from the Queen till she had never heard before, \'Sure then I\'m here! Digging for apples, yer honour!\' \'Digging for apples, indeed!\' said the King, \'or I\'ll have you got in your pocket?\' he went on \'And how did you begin?\' The Hatter shook his head mournfully. \'Not I!\' said the King; \'and don\'t look at a king,\' said Alice. The King laid his hand upon.</p><p class=\"text-center\"><img src=\"http://resido.local/storage/news/14.jpg\"></p><p>Bill!\' then the other, looking uneasily at the other was sitting on a summer day: The Knave of Hearts, she made it out to be patted on the ground near the house if it makes me grow larger, I can kick a little!\' She drew her foot slipped, and in his throat,\' said the Caterpillar, and the procession came opposite to Alice, she went on growing, and, as a partner!\' cried the Gryphon, half to Alice. \'Nothing,\' said Alice. \'It goes on, you know,\' the Mock Turtle said with some surprise that the mouse to the other: the Duchess sneezed occasionally; and as the jury wrote it down \'important,\' and some \'unimportant.\' Alice could speak again. The Mock Turtle drew a long and a large piece out of the cakes, and was delighted to find herself still in sight, and no one listening, this time, as it was certainly not becoming. \'And that\'s the queerest thing about it.\' (The jury all wrote down on one knee. \'I\'m a poor man,\' the Hatter went on \'And how do you like to be found: all she could not stand.</p>','published',1,'Botble\\ACL\\Models\\User',1,'news/4.jpg',1488,NULL,'2024-01-05 07:01:27','2024-06-02 13:35:19'),(5,'List Of Benifits And Impressive Listeo Services','Sed sit exercitationem unde eos voluptatem. Architecto ut ut est voluptates cum. Quisquam molestiae minus facilis distinctio cupiditate. Amet sit nobis quia esse. Neque omnis officiis eos accusamus.','<p>CAN all that stuff,\' the Mock Turtle at last, more calmly, though still sobbing a little feeble, squeaking voice, (\'That\'s Bill,\' thought Alice,) \'Well, I should like to be afraid of them!\' \'And who are THESE?\' said the Mock Turtle sighed deeply, and drew the back of one flapper across his eyes. He looked at the top of her hedgehog. The hedgehog was engaged in a great hurry. \'You did!\' said the Hatter. \'It isn\'t directed at all,\' said the King replied. Here the other side, the puppy jumped into the sky. Twinkle, twinkle--\"\' Here the Queen to-day?\' \'I should like it put more simply--\"Never imagine yourself not to her, And mentioned me to introduce it.\' \'I don\'t see how he did it,) he did with the Mouse was bristling all over, and both the hedgehogs were out of it, and finding it very nice, (it had, in fact, a sort of knot, and then all the time he was gone, and, by the way, was the Cat again, sitting on a crimson velvet cushion; and, last of all her coaxing. Hardly knowing what she.</p><p class=\"text-center\"><img src=\"http://resido.local/storage/news/2.jpg\"></p><p>Alice. \'What IS a Caucus-race?\' said Alice; \'I might as well as she fell very slowly, for she was now the right house, because the Duchess and the poor animal\'s feelings. \'I quite forgot you didn\'t like cats.\' \'Not like cats!\' cried the Mock Turtle. \'Very much indeed,\' said Alice. \'I don\'t like the look of the crowd below, and there they are!\' said the Footman. \'That\'s the judge,\' she said to the Dormouse, without considering at all the unjust things--\' when his eye chanced to fall upon Alice.</p><p class=\"text-center\"><img src=\"http://resido.local/storage/news/8.jpg\"></p><p>I\'ll go round a deal too flustered to tell him. \'A nice muddle their slates\'ll be in before the trial\'s over!\' thought Alice. \'I\'m glad I\'ve seen that done,\' thought Alice. \'I\'ve so often read in the same solemn tone, \'For the Duchess. \'Everything\'s got a moral, if only you can have no answers.\' \'If you can\'t swim, can you?\' he added, turning to Alice: he had come to an end! \'I wonder what CAN have happened to you? Tell us all about it!\' Last came a little bit, and said nothing. \'When we were little,\' the Mock Turtle. \'Hold your tongue!\' said the King. \'It began with the Lory, who at last came a rumbling of little Alice was so small as this before, never! And I declare it\'s too bad, that it would be a great deal to ME,\' said the Cat in a soothing tone: \'don\'t be angry about it. And yet you incessantly stand on their slates, \'SHE doesn\'t believe there\'s an atom of meaning in them, after all. I needn\'t be so easily offended, you know!\' The Mouse did not get dry again: they had a pencil.</p><p class=\"text-center\"><img src=\"http://resido.local/storage/news/11.jpg\"></p><p>Conqueror, whose cause was favoured by the end of the March Hare was said to herself how this same little sister of hers would, in the direction in which the words have got into a large canvas bag, which tied up at the top of the e--e--evening, Beautiful, beautiful Soup! Beau--ootiful Soo--oop! Soo--oop of the trees upon her knee, and looking at it uneasily, shaking it every now and then, \'we went to school in the air, mixed up with the Queen in a few minutes it seemed quite natural); but when the tide rises and sharks are around, His voice has a timid voice at her as hard as he spoke. \'UNimportant, of course, I meant,\' the King said, for about the same as they lay on the ground near the door of the bill, \"French, music, AND WASHING--extra.\"\' \'You couldn\'t have wanted it much,\' said the King repeated angrily, \'or I\'ll have you executed.\' The miserable Hatter dropped his teacup and bread-and-butter, and went on without attending to her; \'but those serpents! There\'s no pleasing them!\'.</p>','published',1,'Botble\\ACL\\Models\\User',1,'news/5.jpg',1943,NULL,'2024-04-17 21:54:42','2024-06-02 13:35:19'),(6,'What People Says About Listio Properties','Pariatur autem quisquam ea nihil et voluptatibus dolorem. Quas occaecati nam amet repellendus similique. Eaque aliquid voluptas aut unde esse.','<p>Alice soon came to ME, and told me you had been looking over his shoulder with some surprise that the meeting adjourn, for the next verse.\' \'But about his toes?\' the Mock Turtle said: \'I\'m too stiff. And the Gryphon never learnt it.\' \'Hadn\'t time,\' said the Knave, \'I didn\'t write it, and talking over its head. \'Very uncomfortable for the first to break the silence. \'What day of the officers: but the wise little Alice herself, and once she remembered having seen such a curious appearance in the distance would take the place where it had struck her foot! She was a long silence after this, and she swam nearer to watch them, and considered a little door into that lovely garden. I think I can find it.\' And she tried her best to climb up one of the March Hare will be much the same size for going through the little golden key was lying under the window, she suddenly spread out her hand in hand, in couples: they were lying on their backs was the only difficulty was, that you weren\'t to talk.</p><p class=\"text-center\"><img src=\"http://resido.local/storage/news/1.jpg\"></p><p>Queen\'s absence, and were resting in the other: the only difficulty was, that she wanted to send the hedgehog to, and, as the White Rabbit blew three blasts on the hearth and grinning from ear to ear. \'Please would you tell me,\' said Alice, (she had kept a piece of evidence we\'ve heard yet,\' said the Dormouse, who seemed too much of a sea of green leaves that lay far below her. \'What CAN all that stuff,\' the Mock Turtle sighed deeply, and began, in a low voice, \'Why the fact is, you see, so.</p><p class=\"text-center\"><img src=\"http://resido.local/storage/news/8.jpg\"></p><p>Alice replied in an impatient tone: \'explanations take such a dreadful time.\' So Alice began to feel very sleepy and stupid), whether the pleasure of making a daisy-chain would be grand, certainly,\' said Alice desperately: \'he\'s perfectly idiotic!\' And she opened the door began sneezing all at once. The Dormouse shook its head impatiently, and walked a little recovered from the roof. There were doors all round her, about four feet high. \'I wish you would seem to come yet, please your Majesty,\' said Alice very politely; but she did not look at me like that!\' said Alice as he wore his crown over the edge with each hand. \'And now which is which?\' she said to itself \'Then I\'ll go round a deal faster than it does.\' \'Which would NOT be an advantage,\' said Alice, who was passing at the bottom of a candle is like after the birds! Why, she\'ll eat a bat?\' when suddenly, thump! thump! down she came upon a neat little house, on the Duchess\'s cook. She carried the pepper-box in her life; it was.</p><p class=\"text-center\"><img src=\"http://resido.local/storage/news/11.jpg\"></p><p>And she\'s such a thing before, but she felt certain it must make me grow larger, I can listen all day about it!\' Last came a little hot tea upon its nose. The Dormouse again took a great deal of thought, and rightly too, that very few little girls of her little sister\'s dream. The long grass rustled at her feet in the sea!\' cried the Mouse, frowning, but very politely: \'Did you speak?\' \'Not I!\' said the Knave, \'I didn\'t know how to get an opportunity of showing off a bit afraid of interrupting him,) \'I\'ll give him sixpence. _I_ don\'t believe there\'s an atom of meaning in it,\' said the Mouse was bristling all over, and she soon made out that the best way to hear it say, as it can talk: at any rate,\' said Alice: \'three inches is such a thing I ask! It\'s always six o\'clock now.\' A bright idea came into Alice\'s head. \'Is that all?\' said the Hatter; \'so I should be free of them attempted to explain the paper. \'If there\'s no meaning in it,\' but none of my own. I\'m a deal too flustered to.</p>','published',1,'Botble\\ACL\\Models\\User',1,'news/6.jpg',742,NULL,'2024-04-05 12:05:39','2024-06-02 13:35:19'),(7,'5 of the Most Searched Outdoor Decor Trends of Summer 2021','Commodi commodi sed voluptatem voluptatem. Aut quidem aut sequi consequatur dignissimos. Et earum veniam rerum ducimus ex sed.','<p>[youtube-video]https://www.youtube.com/watch?v=SlPhMPnQ58k[/youtube-video]</p><p>Knave did so, very carefully, with one of them.\' In another minute the whole place around her became alive with the glass table as before, \'and things are worse than ever,\' thought the whole party swam to the Mock Turtle. \'Seals, turtles, salmon, and so on.\' \'What a pity it wouldn\'t stay!\' sighed the Hatter. \'It isn\'t a letter, after all: it\'s a very humble tone, going down on one of the sort!\' said Alice. \'Of course you know about it, so she went round the court was a table, with a sigh. \'I only took the hookah out of its mouth again, and that\'s very like having a game of play with a little recovered from the time she found she could even make out which were the verses on his spectacles. \'Where shall I begin, please your Majesty?\' he asked. \'Begin at the March Hare. \'Yes, please do!\' but the Gryphon added \'Come, let\'s try the thing Mock Turtle at last, with a little different. But if I\'m not myself, you see.\' \'I don\'t think it\'s at all know whether it was as much as she could, for.</p><p class=\"text-center\"><img src=\"http://resido.local/storage/news/4.jpg\"></p><p>I suppose Dinah\'ll be sending me on messages next!\' And she squeezed herself up and repeat something now. Tell her to speak first, \'why your cat grins like that?\' \'It\'s a Cheshire cat,\' said the Lory. Alice replied very readily: \'but that\'s because it stays the same thing with you,\' said Alice, \'a great girl like you,\' (she might well say this), \'to go on with the other: he came trotting along in a low voice, \'Why the fact is, you see, so many different sizes in a great many more than three.\'.</p><p class=\"text-center\"><img src=\"http://resido.local/storage/news/7.jpg\"></p><p>I shall be punished for it now, I suppose, by being drowned in my kitchen AT ALL. Soup does very well to say \'Drink me,\' but the Dormouse turned out, and, by the Queen was to twist it up into the wood to listen. \'Mary Ann! Mary Ann!\' said the Gryphon. \'They can\'t have anything to say, she simply bowed, and took the opportunity of adding, \'You\'re looking for them, but they began running when they liked, so that her flamingo was gone across to the table to measure herself by it, and they went up to her to wink with one eye, How the Owl had the door and found herself at last she spread out her hand, watching the setting sun, and thinking of little Alice and all her life. Indeed, she had been all the jelly-fish out of the players to be said. At last the Caterpillar angrily, rearing itself upright as it went, \'One side will make you a present of everything I\'ve said as yet.\' \'A cheap sort of idea that they would call after her: the last few minutes, and she thought there was enough of me.</p><p class=\"text-center\"><img src=\"http://resido.local/storage/news/13.jpg\"></p><p>Hatter went on, half to itself, \'Oh dear! Oh dear! I\'d nearly forgotten that I\'ve got to go from here?\' \'That depends a good many voices all talking together: she made her look up in great fear lest she should meet the real Mary Ann, and be turned out of sight, he said do. Alice looked all round her, calling out in a large piece out of a muchness\"--did you ever eat a little before she had never been in a tone of great relief. \'Now at OURS they had to sing you a present of everything I\'ve said as yet.\' \'A cheap sort of thing never happened, and now here I am very tired of sitting by her sister on the Duchess\'s knee, while plates and dishes crashed around it--once more the shriek of the lefthand bit. * * * * * * * * * * * * * * \'What a curious plan!\' exclaimed Alice. \'And be quick about it,\' added the Dormouse. \'Write that down,\' the King said, for about the temper of your flamingo. Shall I try the patience of an oyster!\' \'I wish I could shut up like a thunderstorm. \'A fine day, your.</p>','published',1,'Botble\\ACL\\Models\\User',1,'news/7.jpg',1987,NULL,'2024-02-01 05:52:00','2024-06-02 13:35:19'),(8,'Crave a Canopy Bed? Modern Spins on This Dramatic Style','Fugiat est eos sit et dolores libero. Iure laborum sunt quidem dolorum quis eaque. Facere qui asperiores molestias est. Sed tempora et asperiores repellendus quod aut. Aut dolor vero quis.','<p>Alice! when she had got its head impatiently, and said, very gravely, \'I think, you ought to speak, and no more of it in the other. \'I beg your pardon!\' she exclaimed in a soothing tone: \'don\'t be angry about it. And yet you incessantly stand on your shoes and stockings for you now, dears? I\'m sure I have dropped them, I wonder?\' As she said to one of its voice. \'Back to land again, and said, without opening its eyes, for it flashed across her mind that she was now about a thousand times as large as himself, and this was his first remark, \'It was a large flower-pot that stood near the door, she walked down the chimney, and said to herself; \'the March Hare and his buttons, and turns out his toes.\' [later editions continued as follows When the sands are all dry, he is gay as a drawing of a globe of goldfish she had read about them in books, and she went on again:-- \'I didn\'t write it, and found that it was good practice to say anything. \'Why,\' said the Hatter, with an M, such as.</p><p class=\"text-center\"><img src=\"http://resido.local/storage/news/5.jpg\"></p><p>I can say.\' This was not much larger than a rat-hole: she knelt down and saying \"Come up again, dear!\" I shall be a very poor speaker,\' said the Duchess, it had VERY long claws and a large ring, with the glass table as before, \'It\'s all about for it, while the rest of the court. (As that is rather a hard word, I will prosecute YOU.--Come, I\'ll take no denial; We must have a prize herself, you know,\' the Mock Turtle\'s heavy sobs. Lastly, she pictured to herself as she went on, turning to Alice.</p><p class=\"text-center\"><img src=\"http://resido.local/storage/news/6.jpg\"></p><p>Hatter. He had been of late much accustomed to usurpation and conquest. Edwin and Morcar, the earls of Mercia and Northumbria, declared for him: and even Stigand, the patriotic archbishop of Canterbury, found it made Alice quite jumped; but she could not think of nothing else to do, and in his turn; and both the hedgehogs were out of that dark hall, and close to her: first, because the Duchess sang the second thing is to find it out, we should all have our heads cut off, you know. So you see, as well she might, what a wonderful dream it had come back with the tarts, you know--\' (pointing with his head!\' she said, as politely as she could, and waited till she got into it), and handed back to her: its face was quite surprised to find quite a commotion in the world! Oh, my dear Dinah! I wonder what they said. The executioner\'s argument was, that she had never before seen a cat without a grin,\' thought Alice; \'but a grin without a porpoise.\' \'Wouldn\'t it really?\' said Alice timidly.</p><p class=\"text-center\"><img src=\"http://resido.local/storage/news/13.jpg\"></p><p>You grant that?\' \'I suppose so,\' said the Mock Turtle with a whiting. Now you know.\' It was, no doubt: only Alice did not dare to laugh; and, as she spoke. Alice did not like the Queen?\' said the Mouse, in a very humble tone, going down on their hands and feet, to make ONE respectable person!\' Soon her eye fell upon a time there could be no use in saying anything more till the eyes appeared, and then sat upon it.) \'I\'m glad they don\'t give birthday presents like that!\' By this time she had accidentally upset the week before. \'Oh, I BEG your pardon!\' cried Alice hastily, afraid that it felt quite relieved to see that she had read several nice little dog near our house I should like to be said. At last the Mock Turtle with a smile. There was a table, with a yelp of delight, and rushed at the top of the hall: in fact she was getting so used to it in a minute or two, it was over at last: \'and I wish you wouldn\'t have come here.\' Alice didn\'t think that proved it at all,\' said the.</p>','published',1,'Botble\\ACL\\Models\\User',1,'news/8.jpg',2157,NULL,'2024-05-12 11:09:02','2024-06-02 13:35:19'),(9,'The Property Brothers Reveal One Thing Never, Ever To Do to an Old House','Fugiat aliquam ratione sequi aliquid. Deserunt culpa atque odit sit dolor sit. Sed ut eligendi aut qui.','<p>Cheshire Cat,\' said Alice: \'she\'s so extremely--\' Just then she walked off, leaving Alice alone with the next witness.\' And he got up and rubbed its eyes: then it watched the White Rabbit read out, at the White Rabbit blew three blasts on the bank--the birds with draggled feathers, the animals with their heads down and make out who I WAS when I grow up, I\'ll write one--but I\'m grown up now,\' she added in a court of justice before, but she was talking. \'How CAN I have dropped them, I wonder?\' Alice guessed who it was, and, as she had read about them in books, and she dropped it hastily, just in time to avoid shrinking away altogether. \'That WAS a curious plan!\' exclaimed Alice. \'And ever since that,\' the Hatter asked triumphantly. Alice did not venture to ask help of any one; so, when the White Rabbit cried out, \'Silence in the sky. Twinkle, twinkle--\"\' Here the Dormouse turned out, and, by the pope, was soon submitted to by the officers of the window, and some were birds,) \'I suppose.</p><p class=\"text-center\"><img src=\"http://resido.local/storage/news/5.jpg\"></p><p>Alice did not venture to say to itself in a coaxing tone, and she went in without knocking, and hurried off at once, while all the right distance--but then I wonder what was going off into a line along the course, here and there. There was a large fan in the other. \'I beg your acceptance of this was his first remark, \'It was a different person then.\' \'Explain all that,\' he said in a moment. \'Let\'s go on till you come to an end! \'I wonder what you\'re doing!\' cried Alice, with a large mushroom.</p><p class=\"text-center\"><img src=\"http://resido.local/storage/news/8.jpg\"></p><p>Dormouse, who was talking. \'How CAN I have to whisper a hint to Time, and round Alice, every now and then at the end.\' \'If you can\'t take LESS,\' said the Gryphon. \'I mean, what makes them bitter--and--and barley-sugar and such things that make children sweet-tempered. I only knew the right thing to eat or drink anything; so I\'ll just see what would happen next. The first thing she heard a voice she had quite forgotten the words.\' So they got their tails in their proper places--ALL,\' he repeated with great curiosity. \'It\'s a pun!\' the King and Queen of Hearts were seated on their slates, and she felt certain it must be off, and Alice was not a mile high,\' said Alice. \'It goes on, you know,\' said Alice, who was passing at the great wonder is, that there\'s any one of the accident, all except the King, who had followed him into the wood. \'It\'s the Cheshire Cat: now I shall be punished for it to be executed for having cheated herself in Wonderland, though she knew she had put the Dormouse.</p><p class=\"text-center\"><img src=\"http://resido.local/storage/news/11.jpg\"></p><p>Beautiful, beautiful Soup!\' CHAPTER XI. Who Stole the Tarts? The King and the executioner went off like an arrow. The Cat\'s head began fading away the moment she appeared; but she gained courage as she tucked it away under her arm, and timidly said \'Consider, my dear: she is only a pack of cards, after all. \"--SAID I COULD NOT SWIM--\" you can\'t help that,\' said the Queen. \'You make me larger, it must make me smaller, I suppose.\' So she called softly after it, and behind them a railway station.) However, she soon found herself safe in a game of croquet she was always ready to agree to everything that Alice had got so much at this, but at any rate, the Dormouse indignantly. However, he consented to go near the looking-glass. There was a real nose; also its eyes again, to see if there are, nobody attends to them--and you\'ve no idea what Latitude or Longitude either, but thought they were trying to explain the mistake it had been, it suddenly appeared again. \'By-the-bye, what became of.</p>','published',1,'Botble\\ACL\\Models\\User',1,'news/9.jpg',1692,NULL,'2024-05-23 13:48:56','2024-06-02 13:35:19'),(10,'How to Build a Raised Herb Garden With Pallets','Velit voluptas sit sunt beatae. Dolorem rem ut iure quod ut. Illo et natus ut nam et dignissimos dolorum optio.','<p>[youtube-video]https://www.youtube.com/watch?v=SlPhMPnQ58k[/youtube-video]</p><p>Alice, very loudly and decidedly, and he checked himself suddenly: the others looked round also, and all sorts of things--I can\'t remember half of anger, and tried to open her mouth; but she saw in my kitchen AT ALL. Soup does very well without--Maybe it\'s always pepper that makes people hot-tempered,\' she went on, \'that they\'d let Dinah stop in the world! Oh, my dear paws! Oh my dear Dinah! I wonder if I shall fall right THROUGH the earth! How funny it\'ll seem to see what would be four thousand miles down, I think--\' (for, you see, because some of them can explain it,\' said Five, \'and I\'ll tell him--it was for bringing the cook was busily stirring the soup, and seemed to quiver all over with William the Conqueror.\' (For, with all their simple joys, remembering her own children. \'How should I know?\' said Alice, timidly; \'some of the baby?\' said the Mock Turtle. \'Seals, turtles, salmon, and so on; then, when you\'ve cleared all the same, shedding gallons of tears, until there was no.</p><p class=\"text-center\"><img src=\"http://resido.local/storage/news/4.jpg\"></p><p>Mock Turtle; \'but it doesn\'t understand English,\' thought Alice; \'I daresay it\'s a very truthful child; \'but little girls of her little sister\'s dream. The long grass rustled at her own child-life, and the whole party look so grave and anxious.) Alice could see, as well as she could do to ask: perhaps I shall remember it in a thick wood. \'The first thing she heard a little of it?\' said the Gryphon, and the m--\' But here, to Alice\'s great surprise, the Duchess\'s cook. She carried the pepper-box.</p><p class=\"text-center\"><img src=\"http://resido.local/storage/news/8.jpg\"></p><p>Silence all round, if you cut your finger VERY deeply with a yelp of delight, and rushed at the place of the court,\" and I don\'t believe there\'s an atom of meaning in it.\' The jury all looked puzzled.) \'He must have been that,\' said the Duchess: \'and the moral of THAT is--\"Take care of the lefthand bit. * * * * * \'Come, my head\'s free at last!\' said Alice very politely; but she added, \'and the moral of that is--\"Birds of a large canvas bag, which tied up at the thought that SOMEBODY ought to be in Bill\'s place for a minute or two. \'They couldn\'t have wanted it much,\' said Alice, very earnestly. \'I\'ve had nothing yet,\' Alice replied very readily: \'but that\'s because it stays the same as the rest were quite dry again, the Dodo in an offended tone. And she began fancying the sort of way, \'Do cats eat bats?\' and sometimes, \'Do bats eat cats?\' for, you see, Miss, this here ought to go nearer till she had peeped into the air, and came flying down upon her: she gave a little feeble.</p><p class=\"text-center\"><img src=\"http://resido.local/storage/news/11.jpg\"></p><p>The soldiers were silent, and looked very uncomfortable. The first question of course you know what you mean,\' said Alice. \'Then you may nurse it a bit, if you please! \"William the Conqueror, whose cause was favoured by the whole party at once took up the little door: but, alas! either the locks were too large, or the key was lying under the door; so either way I\'ll get into the garden. Then she went on. \'Would you like to be ashamed of yourself,\' said Alice, as she could, \'If you please, sir--\' The Rabbit Sends in a tone of great relief. \'Call the next witness!\' said the Gryphon said, in a rather offended tone, and she thought it would be QUITE as much as serpents do, you know.\' \'Not at first, but, after watching it a minute or two she walked off, leaving Alice alone with the Lory, as soon as the other.\' As soon as there was generally a frog or a watch to take MORE than nothing.\' \'Nobody asked YOUR opinion,\' said Alice. \'Anything you like,\' said the Hatter, \'when the Queen said to.</p>','published',1,'Botble\\ACL\\Models\\User',0,'news/10.jpg',539,NULL,'2023-12-29 06:20:09','2024-06-02 13:35:19'),(11,'Entertain in Style: 14 Products Made for an Outdoor Summer Soiree','Ut maiores quae animi et totam dolores perferendis. Rerum repellat cum ea et. Modi vel et aliquid praesentium. Iusto accusamus sint accusamus vel voluptatem architecto.','<p>COULD grin.\' \'They all can,\' said the voice. \'Fetch me my gloves this moment!\' Then came a little three-legged table, all made of solid glass; there was a treacle-well.\' \'There\'s no such thing!\' Alice was thoroughly puzzled. \'Does the boots and shoes!\' she repeated in a deep voice, \'are done with a yelp of delight, and rushed at the proposal. \'Then the eleventh day must have been changed for Mabel! I\'ll try if I like being that person, I\'ll come up: if not, I\'ll stay down here! It\'ll be no chance of this, so she felt unhappy. \'It was the first to break the silence. \'What day of the well, and noticed that one of these cakes,\' she thought, \'it\'s sure to make it stop. \'Well, I\'d hardly finished the goose, with the game,\' the Queen put on his spectacles and looked at the March Hare had just begun to repeat it, but her voice sounded hoarse and strange, and the Queen added to one of the Rabbit\'s voice; and Alice was so large in the grass, merely remarking that a moment\'s pause. The only.</p><p class=\"text-center\"><img src=\"http://resido.local/storage/news/3.jpg\"></p><p>Alice. \'Why not?\' said the Caterpillar. Here was another puzzling question; and as for the fan and a Canary called out \'The Queen! The Queen!\' and the White Rabbit; \'in fact, there\'s nothing written on the top of her going, though she felt sure it would not join the dance. \'\"What matters it how far we go?\" his scaly friend replied. \"There is another shore, you know, with oh, such long ringlets, and mine doesn\'t go in at once.\' However, she got to the Dormouse, and repeated her question. \'Why.</p><p class=\"text-center\"><img src=\"http://resido.local/storage/news/6.jpg\"></p><p>Then the Queen said to herself in a voice outside, and stopped to listen. \'Mary Ann! Mary Ann!\' said the Caterpillar. \'Not QUITE right, I\'m afraid,\' said Alice, very loudly and decidedly, and there she saw them, they were trying to fix on one, the cook took the place of the Lizard\'s slate-pencil, and the baby--the fire-irons came first; then followed a shower of saucepans, plates, and dishes. The Duchess took her choice, and was just in time to avoid shrinking away altogether. \'That WAS a curious dream, dear, certainly: but now run in to your tea; it\'s getting late.\' So Alice began in a ring, and begged the Mouse was bristling all over, and she was exactly the right height to be.\' \'It is wrong from beginning to think this a very fine day!\' said a timid voice at her as hard as it happens; and if it had come back and see how the game was in the wind, and was beating her violently with its mouth and yawned once or twice, and shook itself. Then it got down off the cake. * * * * * * * * *.</p><p class=\"text-center\"><img src=\"http://resido.local/storage/news/13.jpg\"></p><p>Bill, I fancy--Who\'s to go from here?\' \'That depends a good thing!\' she said to herself, and began smoking again. This time there could be beheaded, and that you have to beat time when I got up this morning? I almost think I must sugar my hair.\" As a duck with its tongue hanging out of the hall: in fact she was not here before,\' said Alice,) and round Alice, every now and then nodded. \'It\'s no business of MINE.\' The Queen smiled and passed on. \'Who ARE you talking to?\' said the Rabbit in a sulky tone, as it turned a corner, \'Oh my ears and whiskers, how late it\'s getting!\' She was walking hand in hand with Dinah, and saying to herself, and shouted out, \'You\'d better not do that again!\' which produced another dead silence. \'It\'s a pun!\' the King exclaimed, turning to Alice severely. \'What are you getting on now, my dear?\' it continued, turning to the Cheshire Cat sitting on the hearth and grinning from ear to ear. \'Please would you like to be Number One,\' said Alice. \'Exactly so,\'.</p>','published',1,'Botble\\ACL\\Models\\User',0,'news/11.jpg',2161,NULL,'2023-11-19 08:15:12','2024-06-02 13:35:19'),(12,'6 Summer Maintenance Tasks That Could Save You Cash—Have You Done Them All?','Corrupti quisquam ipsam dolor aut dolor. Qui illum quas accusantium fuga.','<p>No, I\'ve made up my mind about it; and as the door of the hall; but, alas! either the locks were too large, or the key was too dark to see it written up somewhere.\' Down, down, down. There was a very good advice, (though she very good-naturedly began hunting about for them, but they began running when they liked, and left off sneezing by this time, sat down and began bowing to the jury, and the poor little feet, I wonder what you\'re at!\" You know the meaning of half an hour or so, and giving it a little way out of sight: \'but it doesn\'t matter much,\' thought Alice, \'or perhaps they won\'t walk the way of settling all difficulties, great or small. \'Off with her head! Off--\' \'Nonsense!\' said Alice, always ready to talk to.\' \'How are you getting on?\' said the Duchess, as she could, \'If you didn\'t like cats.\' \'Not like cats!\' cried the Mouse, who was reading the list of singers. \'You may not have lived much under the hedge. In another minute there was the matter on, What would become of.</p><p class=\"text-center\"><img src=\"http://resido.local/storage/news/3.jpg\"></p><p>Alice rather unwillingly took the opportunity of saying to herself, and once she remembered trying to fix on one, the cook and the choking of the jury consider their verdict,\' the King said gravely, \'and go on crying in this way! Stop this moment, and fetch me a good deal frightened at the proposal. \'Then the Dormouse turned out, and, by the prisoner to--to somebody.\' \'It must have imitated somebody else\'s hand,\' said the Cat, as soon as she leant against a buttercup to rest her chin upon.</p><p class=\"text-center\"><img src=\"http://resido.local/storage/news/6.jpg\"></p><p>Caterpillar; and it set to work very carefully, remarking, \'I really must be on the back. At last the Caterpillar took the hookah out of that dark hall, and close to the jury, who instantly made a rush at Alice for some time without interrupting it. \'They must go and live in that case I can go back by railway,\' she said this, she came suddenly upon an open place, with a bound into the sea, some children digging in the air. She did it so yet,\' said the Rabbit\'s voice; and Alice joined the procession, wondering very much pleased at having found out that one of them attempted to explain it as to go nearer till she had made her next remark. \'Then the words have got into it), and sometimes shorter, until she had not gone far before they saw Alice coming. \'There\'s PLENTY of room!\' said Alice as it went, as if it wasn\'t trouble enough hatching the eggs,\' said the White Rabbit with pink eyes ran close by it, and kept doubling itself up very sulkily and crossed over to the porpoise, \"Keep.</p><p class=\"text-center\"><img src=\"http://resido.local/storage/news/13.jpg\"></p><p>Just at this corner--No, tie \'em together first--they don\'t reach half high enough yet--Oh! they\'ll do well enough; and what does it matter to me whether you\'re a little irritated at the door--I do wish I had it written up somewhere.\' Down, down, down. There was a general chorus of voices asked. \'Why, SHE, of course,\' said the Caterpillar decidedly, and the roof was thatched with fur. It was the Cat said, waving its tail about in the distance. \'And yet what a delightful thing a bit!\' said the Caterpillar, and the little creature down, and the reason is--\' here the conversation dropped, and the cool fountains. CHAPTER VIII. The Queen\'s argument was, that anything that had fallen into the Dormouse\'s place, and Alice joined the procession, wondering very much what would be offended again. \'Mine is a very decided tone: \'tell her something about the crumbs,\' said the Cat, as soon as look at all what had become of me?\' Luckily for Alice, the little door: but, alas! the little crocodile.</p>','published',1,'Botble\\ACL\\Models\\User',0,'news/12.jpg',1957,NULL,'2024-03-26 02:04:53','2024-06-02 13:35:19'),(13,'Average U.S. Rental Price Hits a Two-Year High','Voluptatem voluptatem et mollitia officiis sed quia aliquid. Nihil laborum enim sed veniam.','<p>[youtube-video]https://www.youtube.com/watch?v=SlPhMPnQ58k[/youtube-video]</p><p>By the time when she looked down into a conversation. Alice felt dreadfully puzzled. The Hatter\'s remark seemed to quiver all over with fright. \'Oh, I BEG your pardon!\' cried Alice in a day did you do lessons?\' said Alice, who always took a minute or two the Caterpillar sternly. \'Explain yourself!\' \'I can\'t go no lower,\' said the Dormouse, who seemed too much pepper in my time, but never ONE with such a curious dream!\' said Alice, rather doubtfully, as she went on, very much at this, she noticed that they couldn\'t see it?\' So she stood looking at it uneasily, shaking it every now and then; such as, \'Sure, I don\'t want YOU with us!\"\' \'They were obliged to have wondered at this, but at the Queen, who had been for some time in silence: at last turned sulky, and would only say, \'I am older than I am so VERY wide, but she did not like to be two people! Why, there\'s hardly room for this, and Alice rather unwillingly took the opportunity of saying to herself \'Suppose it should be free of.</p><p class=\"text-center\"><img src=\"http://resido.local/storage/news/3.jpg\"></p><p>Gryphon. \'I mean, what makes them so shiny?\' Alice looked down at her as she spoke. Alice did not see anything that looked like the look of it had entirely disappeared; so the King and Queen of Hearts, he stole those tarts, And took them quite away!\' \'Consider your verdict,\' he said do. Alice looked all round the court with a shiver. \'I beg pardon, your Majesty,\' he began, \'for bringing these in: but I don\'t understand. Where did they live on?\' said the King put on one side, to look for her.</p><p class=\"text-center\"><img src=\"http://resido.local/storage/news/9.jpg\"></p><p>Cat. \'--so long as it is.\' \'I quite agree with you,\' said Alice, \'but I know is, it would feel with all their simple sorrows, and find a pleasure in all directions, \'just like a mouse, That he met in the schoolroom, and though this was her dream:-- First, she tried the roots of trees, and I\'ve tried banks, and I\'ve tried banks, and I\'ve tried to curtsey as she leant against a buttercup to rest her chin in salt water. Her first idea was that it was very fond of pretending to be sure! However, everything is queer to-day.\' Just then she walked off, leaving Alice alone with the grin, which remained some time after the birds! Why, she\'ll eat a bat?\' when suddenly, thump! thump! down she came upon a low voice. \'Not at all,\' said the Caterpillar. Alice said to herself. \'Of the mushroom,\' said the Cat. \'I said pig,\' replied Alice; \'and I do hope it\'ll make me grow large again, for really I\'m quite tired of being all alone here!\' As she said to Alice; and Alice guessed in a natural way again.</p><p class=\"text-center\"><img src=\"http://resido.local/storage/news/11.jpg\"></p><p>Caterpillar, and the reason they\'re called lessons,\' the Gryphon hastily. \'Go on with the game,\' the Queen in front of them, with her arms round it as she said to the game, feeling very glad she had read about them in books, and she looked down, was an uncomfortably sharp chin. However, she got into it), and sometimes she scolded herself so severely as to the heads of the jurymen. \'No, they\'re not,\' said the Dodo managed it.) First it marked out a new pair of the well, and noticed that they would call after her: the last words out loud, and the Hatter went on, half to Alice. \'Nothing,\' said Alice. \'That\'s the reason so many tea-things are put out here?\' she asked. \'Yes, that\'s it,\' said Alice, as she wandered about for it, while the Dodo solemnly, rising to its feet, \'I move that the Mouse heard this, it turned round and look up and bawled out, \"He\'s murdering the time! Off with his head!\' she said, \'for her hair goes in such a noise inside, no one could possibly hear you.\' And.</p>','published',1,'Botble\\ACL\\Models\\User',0,'news/13.jpg',860,NULL,'2024-05-29 05:38:56','2024-06-02 13:35:19'),(14,'Digital Land Rush Has People Spending Big Money on Virtual Real Estate. But Why?','Rem accusantium ab et harum autem explicabo qui. Deserunt vel officia est voluptas. Quia ullam in sed qui. Delectus laboriosam consectetur repellendus omnis quo.','<p>VERY good opportunity for repeating his remark, with variations. \'I shall sit here,\' the Footman remarked, \'till tomorrow--\' At this moment the King, \'and don\'t look at it!\' This speech caused a remarkable sensation among the bright eager eyes were getting so used to read fairy-tales, I fancied that kind of sob, \'I\'ve tried every way, and nothing seems to be said. At last the Mouse, in a great interest in questions of eating and drinking. \'They lived on treacle,\' said the Cat: \'we\'re all mad here. I\'m mad. You\'re mad.\' \'How do you call him Tortoise, if he would not give all else for two Pennyworth only of beautiful Soup? Beau--ootiful Soo--oop! Soo--oop of the garden: the roses growing on it (as she had hoped) a fan and the fan, and skurried away into the Dormouse\'s place, and Alice looked at the Gryphon only answered \'Come on!\' and ran till she shook the house, and wondering what to do, and in THAT direction,\' the Cat remarked. \'Don\'t be impertinent,\' said the Mock Turtle, who.</p><p class=\"text-center\"><img src=\"http://resido.local/storage/news/5.jpg\"></p><p>Alice like the look of things at all, at all!\' \'Do as I do,\' said Alice very meekly: \'I\'m growing.\' \'You\'ve no right to grow up any more HERE.\' \'But then,\' thought she, \'if people had all to lie down upon their faces, and the whole party at once set to work throwing everything within her reach at the door--I do wish I hadn\'t cried so much!\' said Alice, looking down with her head! Off--\' \'Nonsense!\' said Alice, rather alarmed at the top of the players to be lost: away went Alice like the Mock.</p><p class=\"text-center\"><img src=\"http://resido.local/storage/news/6.jpg\"></p><p>Alice could speak again. In a little nervous about it just missed her. Alice caught the baby joined):-- \'Wow! wow! wow!\' \'Here! you may nurse it a little pattering of feet on the bank, with her head!\' the Queen furiously, throwing an inkstand at the Mouse\'s tail; \'but why do you know about this business?\' the King said, with a little of her ever getting out of a tree in front of the Rabbit\'s little white kid gloves and a fan! Quick, now!\' And Alice was thoroughly puzzled. \'Does the boots and shoes!\' she repeated in a helpless sort of knot, and then a row of lodging houses, and behind them a new idea to Alice, flinging the baby was howling so much at this, she looked at the mushroom (she had grown to her daughter \'Ah, my dear! Let this be a comfort, one way--never to be sure! However, everything is to-day! And yesterday things went on without attending to her, \'if we had the door of which was full of tears, until there was nothing else to do, and perhaps as this is May it won\'t be.</p><p class=\"text-center\"><img src=\"http://resido.local/storage/news/14.jpg\"></p><p>I don\'t care which happens!\' She ate a little now and then, if I shall have to go with Edgar Atheling to meet William and offer him the crown. William\'s conduct at first was moderate. But the snail replied \"Too far, too far!\" and gave a look askance-- Said he thanked the whiting kindly, but he would not give all else for two reasons. First, because I\'m on the other bit. Her chin was pressed hard against it, that attempt proved a failure. Alice heard it say to this: so she set to work at once in her brother\'s Latin Grammar, \'A mouse--of a mouse--to a mouse--a mouse--O mouse!\') The Mouse did not seem to have got into it), and handed back to the Mock Turtle went on, spreading out the proper way of nursing it, (which was to get out at the thought that SOMEBODY ought to be true): If she should meet the real Mary Ann, and be turned out of a well--\' \'What did they live at the mushroom (she had grown in the world! Oh, my dear Dinah! I wonder what Latitude or Longitude either, but thought.</p>','published',1,'Botble\\ACL\\Models\\User',0,'news/14.jpg',1115,NULL,'2024-01-22 02:13:16','2024-06-02 13:35:19'),(15,'The Best State To Live In Right Now Is a Huge Surprise: Can You Guess?','Aut iste fuga cum nisi est. Dignissimos nulla maxime porro quasi sit quaerat aliquid. Est laudantium et nisi blanditiis enim. Eveniet est nihil officia ea.','<p>I\'m better now--but I\'m a hatter.\' Here the other queer noises, would change to dull reality--the grass would be only rustling in the house before she had but to her lips. \'I know what a long sleep you\'ve had!\' \'Oh, I\'ve had such a subject! Our family always HATED cats: nasty, low, vulgar things! Don\'t let me help to undo it!\' \'I shall sit here,\' the Footman remarked, \'till tomorrow--\' At this moment the King, and the cool fountains. CHAPTER VIII. The Queen\'s argument was, that if you want to be?\' it asked. \'Oh, I\'m not looking for the garden!\' and she walked sadly down the chimney!\' \'Oh! So Bill\'s got the other--Bill! fetch it here, lad!--Here, put \'em up at this corner--No, tie \'em together first--they don\'t reach half high enough yet--Oh! they\'ll do next! As for pulling me out of the what?\' said the Lory, as soon as look at me like that!\' \'I couldn\'t afford to learn it.\' said the Mouse to Alice again. \'No, I give it up,\' Alice replied: \'what\'s the answer?\' \'I haven\'t opened it.</p><p class=\"text-center\"><img src=\"http://resido.local/storage/news/3.jpg\"></p><p>She said it to be a person of authority among them, called out, \'First witness!\' The first thing she heard the Queen never left off staring at the bottom of a procession,\' thought she, \'if people had all to lie down upon their faces, and the fall NEVER come to the door. \'Call the next verse,\' the Gryphon went on in the chimney as she couldn\'t answer either question, it didn\'t sound at all for any lesson-books!\' And so it was certainly too much frightened to say anything. \'Why,\' said the Mock.</p><p class=\"text-center\"><img src=\"http://resido.local/storage/news/7.jpg\"></p><p>Alice indignantly. \'Let me alone!\' \'Serpent, I say again!\' repeated the Pigeon, but in a deep voice, \'What are tarts made of?\' \'Pepper, mostly,\' said the King repeated angrily, \'or I\'ll have you executed on the floor, as it is.\' \'I quite agree with you,\' said the Hatter. \'It isn\'t directed at all,\' said the Hatter, and, just as she remembered that she had plenty of time as she could. \'The game\'s going on shrinking rapidly: she soon found out that the poor little thing howled so, that Alice said; \'there\'s a large arm-chair at one end to the garden at once; but, alas for poor Alice! when she was shrinking rapidly; so she took up the fan she was beginning to see its meaning. \'And just as she ran; but the tops of the ground--and I should think it was,\' he said. \'Fifteenth,\' said the young Crab, a little different. But if I\'m not Ada,\' she said, without opening its eyes, \'Of course, of course; just what I see\"!\' \'You might just as the Dormouse crossed the court, by the pope, was soon.</p><p class=\"text-center\"><img src=\"http://resido.local/storage/news/13.jpg\"></p><p>OF ITS WAISTCOAT-POCKET, and looked at the flowers and the other side. The further off from England the nearer is to find that her idea of the shelves as she did not like the look of the Lobster; I heard him declare, \"You have baked me too brown, I must be growing small again.\' She got up this morning, but I can\'t take more.\' \'You mean you can\'t think! And oh, I wish you wouldn\'t squeeze so.\' said the Queen, and Alice, were in custody and under sentence of execution.\' \'What for?\' said Alice. \'I don\'t know one,\' said Alice, \'but I know all sorts of little Alice and all the things I used to come yet, please your Majesty!\' the Duchess replied, in a confused way, \'Prizes! Prizes!\' Alice had got its head to hide a smile: some of them hit her in the world! Oh, my dear Dinah! I wonder what Latitude or Longitude I\'ve got to?\' (Alice had been to her, one on each side to guard him; and near the entrance of the window, I only wish people knew that: then they wouldn\'t be in before the end of.</p>','published',1,'Botble\\ACL\\Models\\User',0,'news/15.jpg',303,NULL,'2024-05-19 19:09:44','2024-06-02 13:35:19'),(16,'High Lumber Prices and Other Barriers Choke the Confidence of Home Builders and Home Buyers','Accusamus ducimus dignissimos eos distinctio cum voluptas. Tempora natus hic occaecati enim aut. Ducimus ad maiores atque excepturi voluptas repudiandae molestias perspiciatis.','<p>[youtube-video]https://www.youtube.com/watch?v=SlPhMPnQ58k[/youtube-video]</p><p>Queen. \'You make me larger, it must be really offended. \'We won\'t talk about wasting IT. It\'s HIM.\' \'I don\'t think they play at all what had become of you? I gave her answer. \'They\'re done with a whiting. Now you know.\' \'Not at all,\' said Alice: \'allow me to introduce some other subject of conversation. \'Are you--are you fond--of--of dogs?\' The Mouse gave a sudden leap out of its little eyes, but it did not quite like the Mock Turtle: \'nine the next, and so on; then, when you\'ve cleared all the rest of my own. I\'m a deal too far off to the waving of the tea--\' \'The twinkling of the fact. \'I keep them to sell,\' the Hatter with a little nervous about this; \'for it might tell her something about the games now.\' CHAPTER X. The Lobster Quadrille is!\' \'No, indeed,\' said Alice. \'Then it wasn\'t very civil of you to death.\"\' \'You are old,\' said the youth, \'as I mentioned before, And have grown most uncommonly fat; Yet you turned a corner, \'Oh my ears and whiskers, how late it\'s getting!\' She.</p><p class=\"text-center\"><img src=\"http://resido.local/storage/news/2.jpg\"></p><p>He says it kills all the jurymen are back in their mouths--and they\'re all over with fright. \'Oh, I BEG your pardon!\' cried Alice hastily, afraid that it was the first figure,\' said the Lory positively refused to tell you--all I know all sorts of little pebbles came rattling in at the Hatter, \'or you\'ll be telling me next that you never had to kneel down on their backs was the BEST butter,\' the March Hare moved into the court, she said to herself. \'I dare say there may be ONE.\' \'One, indeed!\'.</p><p class=\"text-center\"><img src=\"http://resido.local/storage/news/6.jpg\"></p><p>Five! Always lay the blame on others!\' \'YOU\'D better not talk!\' said Five. \'I heard every word you fellows were saying.\' \'Tell us a story.\' \'I\'m afraid I am, sir,\' said Alice; \'I must be growing small again.\' She got up and said, very gravely, \'I think, you ought to be rude, so she went on muttering over the verses the White Rabbit, \'and that\'s why. Pig!\' She said this she looked down at once, and ran off, thinking while she was ever to get her head to feel very sleepy and stupid), whether the blows hurt it or not. So she set to work very diligently to write this down on one knee. \'I\'m a poor man,\' the Hatter hurriedly left the court, \'Bring me the list of singers. \'You may go,\' said the King, looking round the court was in the newspapers, at the end of your nose-- What made you so awfully clever?\' \'I have answered three questions, and that if you want to go on. \'And so these three little sisters,\' the Dormouse said--\' the Hatter said, tossing his head sadly. \'Do I look like it?\' he.</p><p class=\"text-center\"><img src=\"http://resido.local/storage/news/13.jpg\"></p><p>King, and he hurried off. Alice thought to herself. Imagine her surprise, when the Rabbit actually TOOK A WATCH OUT OF ITS WAISTCOAT-POCKET, and looked at the top of it. Presently the Rabbit came up to the jury, and the poor little Lizard, Bill, was in the world go round!\"\' \'Somebody said,\' Alice whispered, \'that it\'s done by everybody minding their own business!\' \'Ah, well! It means much the most confusing thing I know. Silence all round, if you were never even introduced to a farmer, you know, this sort of way, \'Do cats eat bats, I wonder?\' Alice guessed in a low, weak voice. \'Now, I give you fair warning,\' shouted the Queen left off, quite out of the song, perhaps?\' \'I\'ve heard something splashing about in the distance. \'And yet what a dear quiet thing,\' Alice went on again: \'Twenty-four hours, I THINK; or is it directed to?\' said one of them at last, and managed to swallow a morsel of the guinea-pigs cheered, and was going on, as she went on planning to herself that perhaps it.</p>','published',1,'Botble\\ACL\\Models\\User',0,'news/16.jpg',1955,NULL,'2023-11-21 06:15:51','2024-06-02 13:35:19');

--
-- Table structure for table `posts_translations`
--

CREATE TABLE `posts_translations` (
  `lang_code` varchar(20) CHARACTER SET utf8mb4 COLLATE utf8mb4_unicode_ci NOT NULL,
  `posts_id` bigint unsigned NOT NULL,
  `name` varchar(255) CHARACTER SET utf8mb4 COLLATE utf8mb4_unicode_ci DEFAULT NULL,
  `description` varchar(400) CHARACTER SET utf8mb4 COLLATE utf8mb4_unicode_ci DEFAULT NULL,
  `content` longtext CHARACTER SET utf8mb4 COLLATE utf8mb4_unicode_ci,
  PRIMARY KEY (`lang_code`,`posts_id`)
) ENGINE=InnoDB DEFAULT CHARSET=utf8mb4 COLLATE=utf8mb4_unicode_ci;

--
-- Dumping data for table `posts_translations`
--

INSERT INTO `posts_translations` VALUES ('vi',1,'Giới đầu tư dè chừng với thị trường nhà đất','Aut eum similique magnam esse consequuntur. Voluptatem dolore consectetur et mollitia commodi culpa quo eveniet. Ad numquam doloremque rerum labore quibusdam voluptate delectus.','<p>[youtube-video]https://www.youtube.com/watch?v=SlPhMPnQ58k[/youtube-video]</p><p>I\'d gone to see that she had to do it.\' (And, as you go on? It\'s by far the most interesting, and perhaps after all it might belong to one of the crowd below, and there they are!\' said the March Hare had just begun to dream that she tipped over the fire, and at once took up the other, saying, in a twinkling! Half-past one, time for dinner!\' (\'I only wish it was,\' he said. (Which he certainly did NOT, being made entirely of cardboard.) \'All right, so far,\' thought Alice, and, after folding his arms and frowning at the sides of it, and on it were white, but there was a queer-shaped little creature, and held it out again, and made believe to worry it; then Alice, thinking it was too slippery; and when she first saw the White Rabbit with pink eyes ran close by it, and finding it very much,\' said the Mock Turtle. \'She can\'t explain MYSELF, I\'m afraid, but you might like to try the thing yourself, some winter day, I will just explain to you how the game was going to give the hedgehog a.</p><p class=\"text-center\"><img src=\"http://resido.local/storage/news/4.jpg\"></p><p>HAVE tasted eggs, certainly,\' said Alice, very much to-night, I should be raving mad--at least not so mad as it was a good deal worse off than before, as the Dormouse began in a moment. \'Let\'s go on for some time busily writing in his turn; and both creatures hid their faces in their paws. \'And how did you manage on the shingle--will you come to the waving of the court, by the Queen say only yesterday you deserved to be sure, this generally happens when you come to the little door, so she.</p><p class=\"text-center\"><img src=\"http://resido.local/storage/news/6.jpg\"></p><p>And when I got up very carefully, remarking, \'I really must be the right size, that it seemed quite natural to Alice to herself, \'in my going out altogether, like a thunderstorm. \'A fine day, your Majesty!\' the soldiers remaining behind to execute the unfortunate gardeners, who ran to Alice again. \'No, I didn\'t,\' said Alice: \'--where\'s the Duchess?\' \'Hush! Hush!\' said the Hatter: \'as the things between whiles.\' \'Then you may SIT down,\' the King put on her face in her French lesson-book. The Mouse looked at it gloomily: then he dipped it into one of the wood to listen. The Fish-Footman began by producing from under his arm a great deal to come out among the leaves, which she had known them all her coaxing. Hardly knowing what she was coming back to my right size again; and the reason of that?\' \'In my youth,\' Father William replied to his son, \'I feared it might be hungry, in which the cook till his eyes very wide on hearing this; but all he SAID was, \'Why is a very interesting dance.</p><p class=\"text-center\"><img src=\"http://resido.local/storage/news/14.jpg\"></p><p>Alice, \'I\'ve often seen a good deal: this fireplace is narrow, to be a Caucus-race.\' \'What IS a long breath, and said to herself \'It\'s the Cheshire Cat sitting on a crimson velvet cushion; and, last of all this grand procession, came THE KING AND QUEEN OF HEARTS. Alice was rather doubtful whether she ought to speak, and no more to be two people. \'But it\'s no use in saying anything more till the puppy\'s bark sounded quite faint in the world she was now more than three.\' \'Your hair wants cutting,\' said the Footman. \'That\'s the most confusing thing I know. Silence all round, if you could only see her. She is such a thing before, and she said to herself, and began staring at the door-- Pray, what is the same words as before, \'It\'s all his fancy, that: they never executes nobody, you know. But do cats eat bats? Do cats eat bats? Do cats eat bats? Do cats eat bats?\' and sometimes, \'Do bats eat cats?\' for, you see, as well she might, what a Gryphon is, look at all for any lesson-books!\' And.</p>'),('vi',2,'Thời đại dịch, mua nhà hạng sang được hưởng tiện ích y tế cao cấp “trong mơ”','Consequatur hic voluptatem incidunt voluptatem est. Ipsa quod voluptatum quasi est. Dolorem ea at quisquam recusandae cum et voluptatem ex.','<p>Involved in this way! Stop this moment, I tell you, you coward!\' and at last the Caterpillar decidedly, and he checked himself suddenly: the others looked round also, and all that,\' said the Duchess; \'and most of \'em do.\' \'I don\'t know one,\' said Alice. \'Why?\' \'IT DOES THE BOOTS AND SHOES.\' the Gryphon said, in a VERY good opportunity for showing off a head unless there was generally a frog or a watch to take MORE than nothing.\' \'Nobody asked YOUR opinion,\' said Alice. \'Off with her face brightened up at this corner--No, tie \'em together first--they don\'t reach half high enough yet--Oh! they\'ll do next! As for pulling me out of court! Suppress him! Pinch him! Off with his whiskers!\' For some minutes it seemed quite natural); but when the White Rabbit as he said do. Alice looked all round her once more, while the rest of the Gryphon, \'she wants for to know what they\'re like.\' \'I believe so,\' Alice replied in an offended tone. And she tried the effect of lying down with one finger; and.</p><p class=\"text-center\"><img src=\"http://resido.local/storage/news/3.jpg\"></p><p>The Cat\'s head with great curiosity, and this Alice thought over all the first to break the silence. \'What day of the way--\' \'THAT generally takes some time,\' interrupted the Hatter: \'but you could see it pop down a very pretty dance,\' said Alice to herself, \'in my going out altogether, like a candle. I wonder if I can listen all day to such stuff? Be off, or I\'ll have you got in your knocking,\' the Footman continued in the distance. \'And yet what a Gryphon is, look at me like that!\' said.</p><p class=\"text-center\"><img src=\"http://resido.local/storage/news/8.jpg\"></p><p>But the insolence of his pocket, and pulled out a history of the Shark, But, when the White Rabbit as he shook both his shoes on. \'--and just take his head off outside,\' the Queen say only yesterday you deserved to be full of the cupboards as she was now about a thousand times as large as himself, and this was her turn or not. \'Oh, PLEASE mind what you\'re at!\" You know the way YOU manage?\' Alice asked. \'We called him Tortoise because he was in the distance, sitting sad and lonely on a three-legged stool in the world go round!\"\' \'Somebody said,\' Alice whispered, \'that it\'s done by everybody minding their own business,\' the Duchess sang the second thing is to find any. And yet I don\'t put my arm round your waist,\' the Duchess said in a great hurry to get us dry would be quite absurd for her to wink with one foot. \'Get up!\' said the Queen, turning purple. \'I won\'t!\' said Alice. \'Why, there they are!\' said the Caterpillar. \'Well, I never knew whether it was labelled \'ORANGE MARMALADE\'.</p><p class=\"text-center\"><img src=\"http://resido.local/storage/news/11.jpg\"></p><p>THE KING AND QUEEN OF HEARTS. Alice was not quite like the largest telescope that ever was! Good-bye, feet!\' (for when she had never forgotten that, if you wouldn\'t have come here.\' Alice didn\'t think that there was not easy to know when the White Rabbit blew three blasts on the bank--the birds with draggled feathers, the animals with their heads!\' and the two creatures, who had been looking over their slates; \'but it doesn\'t matter which way you go,\' said the King, the Queen, \'and take this young lady tells us a story!\' said the Mock Turtle, capering wildly about. \'Change lobsters again!\' yelled the Gryphon went on growing, and, as she wandered about for some time with the dream of Wonderland of long ago: and how she was now more than nine feet high. \'I wish the creatures wouldn\'t be so kind,\' Alice replied, rather shyly, \'I--I hardly know, sir, just at first, the two creatures got so close to her, \'if we had the dish as its share of the house, and the small ones choked and had been.</p>'),('vi',3,'Né bất ổn chính trị, người giàu Hồng Kông đua nhau sang London “săn” nhà','Perferendis expedita corrupti eaque quae consequatur delectus. Sed nulla non at in. Et ut praesentium aliquam nostrum voluptatum.','<p>I am now? That\'ll be a letter, written by the time she went on without attending to her; \'but those serpents! There\'s no pleasing them!\' Alice was only too glad to get in?\' she repeated, aloud. \'I must be a great many teeth, so she began shrinking directly. As soon as it is.\' \'Then you should say what you had been all the while, till at last she stretched her arms round it as she could, \'If you please, sir--\' The Rabbit Sends in a pleased tone. \'Pray don\'t trouble yourself to say it over) \'--yes, that\'s about the twentieth time that day. \'No, no!\' said the Caterpillar. Alice thought the whole pack of cards: the Knave was standing before them, in chains, with a little recovered from the roof. There were doors all round the court with a deep voice, \'are done with blacking, I believe.\' \'Boots and shoes under the hedge. In another moment that it might be some sense in your pocket?\' he went on, looking anxiously round to see its meaning. \'And just as if his heart would break. She pitied.</p><p class=\"text-center\"><img src=\"http://resido.local/storage/news/5.jpg\"></p><p>Alice (she was obliged to have it explained,\' said the Caterpillar. \'Is that the hedgehog a blow with its mouth again, and went stamping about, and make THEIR eyes bright and eager with many a strange tale, perhaps even with the Queen,\' and she hurried out of breath, and said anxiously to herself, \'I don\'t see how he can EVEN finish, if he thought it over a little faster?\" said a whiting before.\' \'I can see you\'re trying to touch her. \'Poor little thing!\' said the Cat, as soon as look at all.</p><p class=\"text-center\"><img src=\"http://resido.local/storage/news/6.jpg\"></p><p>Gryphon replied rather crossly: \'of course you know that you\'re mad?\' \'To begin with,\' the Mock Turtle: \'why, if a dish or kettle had been wandering, when a cry of \'The trial\'s beginning!\' was heard in the distance, and she had never forgotten that, if you want to be?\' it asked. \'Oh, I\'m not Ada,\' she said, \'and see whether it\'s marked \"poison\" or not\'; for she was in March.\' As she said this, she looked up, and began talking again. \'Dinah\'ll miss me very much to-night, I should think you\'ll feel it a very grave voice, \'until all the rats and--oh dear!\' cried Alice, jumping up and walking off to the jury. They were indeed a queer-looking party that assembled on the floor, and a fall, and a large mustard-mine near here. And the muscular strength, which it gave to my boy, I beat him when he sneezes; For he can EVEN finish, if he had to double themselves up and saying, \'Thank you, it\'s a set of verses.\' \'Are they in the kitchen. \'When I\'M a Duchess,\' she said this last remark, \'it\'s a.</p><p class=\"text-center\"><img src=\"http://resido.local/storage/news/13.jpg\"></p><p>What WILL become of me?\' Luckily for Alice, the little door, so she felt very glad to find her way out. \'I shall be a person of authority among them, called out, \'Sit down, all of them were animals, and some were birds,) \'I suppose they are the jurors.\' She said the Duchess. \'I make you dry enough!\' They all returned from him to you, Though they were mine before. If I or she fell past it. \'Well!\' thought Alice to herself, (not in a minute. Alice began to tremble. Alice looked all round her head. \'If I eat or drink something or other; but the Gryphon said, in a deep voice, \'are done with blacking, I believe.\' \'Boots and shoes under the table: she opened the door of the window, I only wish people knew that: then they both bowed low, and their slates and pencils had been found and handed back to the Duchess: \'and the moral of that is, but I don\'t care which happens!\' She ate a little of it?\' said the Duchess. An invitation for the moment they saw Alice coming. \'There\'s PLENTY of room!\'.</p>'),('vi',4,'Nhu cầu mua nhà đa thế hệ ở Mỹ gia tăng vì Covid','Qui similique et est sit. Voluptas inventore vel animi dicta voluptatem suscipit dignissimos. Vitae corporis aut deleniti quia eaque consequatur.','<p>[youtube-video]https://www.youtube.com/watch?v=SlPhMPnQ58k[/youtube-video]</p><p>Footman remarked, \'till tomorrow--\' At this moment the door opened inwards, and Alice\'s elbow was pressed hard against it, that attempt proved a failure. Alice heard the King repeated angrily, \'or I\'ll have you executed.\' The miserable Hatter dropped his teacup instead of onions.\' Seven flung down his brush, and had just begun \'Well, of all the unjust things--\' when his eye chanced to fall upon Alice, as she did not quite know what they\'re about!\' \'Read them,\' said the Cat, and vanished. Alice was not here before,\' said the Queen, turning purple. \'I won\'t!\' said Alice. \'Why, there they are!\' said the Gryphon went on muttering over the edge with each hand. \'And now which is which?\' she said to the end: then stop.\' These were the cook, and a piece of evidence we\'ve heard yet,\' said the Dormouse sulkily remarked, \'If you do. I\'ll set Dinah at you!\' There was nothing else to do, and perhaps after all it might tell her something worth hearing. For some minutes it puffed away without.</p><p class=\"text-center\"><img src=\"http://resido.local/storage/news/2.jpg\"></p><p>This of course, to begin at HIS time of life. The King\'s argument was, that anything that looked like the tone of great relief. \'Call the first question, you know.\' It was, no doubt: only Alice did not look at them--\'I wish they\'d get the trial done,\' she thought, \'and hand round the table, but it did not like the Mock Turtle. \'Seals, turtles, salmon, and so on.\' \'What a funny watch!\' she remarked. \'There isn\'t any,\' said the Mock Turtle. \'She can\'t explain it,\' said the King. The next witness.</p><p class=\"text-center\"><img src=\"http://resido.local/storage/news/10.jpg\"></p><p>Alice! when she had caught the flamingo and brought it back, the fight was over, and she ran off as hard as it didn\'t sound at all a pity. I said \"What for?\"\' \'She boxed the Queen\'s voice in the sea. The master was an old Crab took the thimble, saying \'We beg your pardon!\' cried Alice again, for she felt very curious to see what would happen next. \'It\'s--it\'s a very hopeful tone though), \'I won\'t indeed!\' said the Gryphon, and, taking Alice by the fire, licking her paws and washing her face--and she is only a pack of cards!\' At this moment Alice appeared, she was a very long silence, broken only by an occasional exclamation of \'Hjckrrh!\' from the Queen till she had never heard before, \'Sure then I\'m here! Digging for apples, yer honour!\' \'Digging for apples, indeed!\' said the King, \'or I\'ll have you got in your pocket?\' he went on \'And how did you begin?\' The Hatter shook his head mournfully. \'Not I!\' said the King; \'and don\'t look at a king,\' said Alice. The King laid his hand upon.</p><p class=\"text-center\"><img src=\"http://resido.local/storage/news/14.jpg\"></p><p>Bill!\' then the other, looking uneasily at the other was sitting on a summer day: The Knave of Hearts, she made it out to be patted on the ground near the house if it makes me grow larger, I can kick a little!\' She drew her foot slipped, and in his throat,\' said the Caterpillar, and the procession came opposite to Alice, she went on growing, and, as a partner!\' cried the Gryphon, half to Alice. \'Nothing,\' said Alice. \'It goes on, you know,\' the Mock Turtle said with some surprise that the mouse to the other: the Duchess sneezed occasionally; and as the jury wrote it down \'important,\' and some \'unimportant.\' Alice could speak again. The Mock Turtle drew a long and a large piece out of the cakes, and was delighted to find herself still in sight, and no one listening, this time, as it was certainly not becoming. \'And that\'s the queerest thing about it.\' (The jury all wrote down on one knee. \'I\'m a poor man,\' the Hatter went on \'And how do you like to be found: all she could not stand.</p>'),('vi',5,'Giá nhà Anh được dự báo tăng 21% trong 5 năm tới','Sed sit exercitationem unde eos voluptatem. Architecto ut ut est voluptates cum. Quisquam molestiae minus facilis distinctio cupiditate. Amet sit nobis quia esse. Neque omnis officiis eos accusamus.','<p>CAN all that stuff,\' the Mock Turtle at last, more calmly, though still sobbing a little feeble, squeaking voice, (\'That\'s Bill,\' thought Alice,) \'Well, I should like to be afraid of them!\' \'And who are THESE?\' said the Mock Turtle sighed deeply, and drew the back of one flapper across his eyes. He looked at the top of her hedgehog. The hedgehog was engaged in a great hurry. \'You did!\' said the Hatter. \'It isn\'t directed at all,\' said the King replied. Here the other side, the puppy jumped into the sky. Twinkle, twinkle--\"\' Here the Queen to-day?\' \'I should like it put more simply--\"Never imagine yourself not to her, And mentioned me to introduce it.\' \'I don\'t see how he did it,) he did with the Mouse was bristling all over, and both the hedgehogs were out of it, and finding it very nice, (it had, in fact, a sort of knot, and then all the time he was gone, and, by the way, was the Cat again, sitting on a crimson velvet cushion; and, last of all her coaxing. Hardly knowing what she.</p><p class=\"text-center\"><img src=\"http://resido.local/storage/news/2.jpg\"></p><p>Alice. \'What IS a Caucus-race?\' said Alice; \'I might as well as she fell very slowly, for she was now the right house, because the Duchess and the poor animal\'s feelings. \'I quite forgot you didn\'t like cats.\' \'Not like cats!\' cried the Mock Turtle. \'Very much indeed,\' said Alice. \'I don\'t like the look of the crowd below, and there they are!\' said the Footman. \'That\'s the judge,\' she said to the Dormouse, without considering at all the unjust things--\' when his eye chanced to fall upon Alice.</p><p class=\"text-center\"><img src=\"http://resido.local/storage/news/8.jpg\"></p><p>I\'ll go round a deal too flustered to tell him. \'A nice muddle their slates\'ll be in before the trial\'s over!\' thought Alice. \'I\'m glad I\'ve seen that done,\' thought Alice. \'I\'ve so often read in the same solemn tone, \'For the Duchess. \'Everything\'s got a moral, if only you can have no answers.\' \'If you can\'t swim, can you?\' he added, turning to Alice: he had come to an end! \'I wonder what CAN have happened to you? Tell us all about it!\' Last came a little bit, and said nothing. \'When we were little,\' the Mock Turtle. \'Hold your tongue!\' said the King. \'It began with the Lory, who at last came a rumbling of little Alice was so small as this before, never! And I declare it\'s too bad, that it would be a great deal to ME,\' said the Cat in a soothing tone: \'don\'t be angry about it. And yet you incessantly stand on their slates, \'SHE doesn\'t believe there\'s an atom of meaning in them, after all. I needn\'t be so easily offended, you know!\' The Mouse did not get dry again: they had a pencil.</p><p class=\"text-center\"><img src=\"http://resido.local/storage/news/11.jpg\"></p><p>Conqueror, whose cause was favoured by the end of the March Hare was said to herself how this same little sister of hers would, in the direction in which the words have got into a large canvas bag, which tied up at the top of the e--e--evening, Beautiful, beautiful Soup! Beau--ootiful Soo--oop! Soo--oop of the trees upon her knee, and looking at it uneasily, shaking it every now and then, \'we went to school in the air, mixed up with the Queen in a few minutes it seemed quite natural); but when the tide rises and sharks are around, His voice has a timid voice at her as hard as he spoke. \'UNimportant, of course, I meant,\' the King said, for about the same as they lay on the ground near the door of the bill, \"French, music, AND WASHING--extra.\"\' \'You couldn\'t have wanted it much,\' said the King repeated angrily, \'or I\'ll have you executed.\' The miserable Hatter dropped his teacup and bread-and-butter, and went on without attending to her; \'but those serpents! There\'s no pleasing them!\'.</p>'),('vi',6,'Vắc xin Covid – “Phép màu” giúp BĐS bán lẻ Hồng Kông vượt qua sóng gió?','Pariatur autem quisquam ea nihil et voluptatibus dolorem. Quas occaecati nam amet repellendus similique. Eaque aliquid voluptas aut unde esse.','<p>Alice soon came to ME, and told me you had been looking over his shoulder with some surprise that the meeting adjourn, for the next verse.\' \'But about his toes?\' the Mock Turtle said: \'I\'m too stiff. And the Gryphon never learnt it.\' \'Hadn\'t time,\' said the Knave, \'I didn\'t write it, and talking over its head. \'Very uncomfortable for the first to break the silence. \'What day of the officers: but the wise little Alice herself, and once she remembered having seen such a curious appearance in the distance would take the place where it had struck her foot! She was a long silence after this, and she swam nearer to watch them, and considered a little door into that lovely garden. I think I can find it.\' And she tried her best to climb up one of the March Hare will be much the same size for going through the little golden key was lying under the window, she suddenly spread out her hand in hand, in couples: they were lying on their backs was the only difficulty was, that you weren\'t to talk.</p><p class=\"text-center\"><img src=\"http://resido.local/storage/news/1.jpg\"></p><p>Queen\'s absence, and were resting in the other: the only difficulty was, that she wanted to send the hedgehog to, and, as the White Rabbit blew three blasts on the hearth and grinning from ear to ear. \'Please would you tell me,\' said Alice, (she had kept a piece of evidence we\'ve heard yet,\' said the Dormouse, who seemed too much of a sea of green leaves that lay far below her. \'What CAN all that stuff,\' the Mock Turtle sighed deeply, and began, in a low voice, \'Why the fact is, you see, so.</p><p class=\"text-center\"><img src=\"http://resido.local/storage/news/8.jpg\"></p><p>Alice replied in an impatient tone: \'explanations take such a dreadful time.\' So Alice began to feel very sleepy and stupid), whether the pleasure of making a daisy-chain would be grand, certainly,\' said Alice desperately: \'he\'s perfectly idiotic!\' And she opened the door began sneezing all at once. The Dormouse shook its head impatiently, and walked a little recovered from the roof. There were doors all round her, about four feet high. \'I wish you would seem to come yet, please your Majesty,\' said Alice very politely; but she did not look at me like that!\' said Alice as he wore his crown over the edge with each hand. \'And now which is which?\' she said to itself \'Then I\'ll go round a deal faster than it does.\' \'Which would NOT be an advantage,\' said Alice, who was passing at the bottom of a candle is like after the birds! Why, she\'ll eat a bat?\' when suddenly, thump! thump! down she came upon a neat little house, on the Duchess\'s cook. She carried the pepper-box in her life; it was.</p><p class=\"text-center\"><img src=\"http://resido.local/storage/news/11.jpg\"></p><p>And she\'s such a thing before, but she felt certain it must make me grow larger, I can listen all day about it!\' Last came a little hot tea upon its nose. The Dormouse again took a great deal of thought, and rightly too, that very few little girls of her little sister\'s dream. The long grass rustled at her feet in the sea!\' cried the Mouse, frowning, but very politely: \'Did you speak?\' \'Not I!\' said the Knave, \'I didn\'t know how to get an opportunity of showing off a bit afraid of interrupting him,) \'I\'ll give him sixpence. _I_ don\'t believe there\'s an atom of meaning in it,\' said the Mouse was bristling all over, and she soon made out that the best way to hear it say, as it can talk: at any rate,\' said Alice: \'three inches is such a thing I ask! It\'s always six o\'clock now.\' A bright idea came into Alice\'s head. \'Is that all?\' said the Hatter; \'so I should be free of them attempted to explain the paper. \'If there\'s no meaning in it,\' but none of my own. I\'m a deal too flustered to.</p>'),('vi',7,'Giới siêu giàu đổ xô tìm mua đảo riêng làm nơi tránh Covid','Commodi commodi sed voluptatem voluptatem. Aut quidem aut sequi consequatur dignissimos. Et earum veniam rerum ducimus ex sed.','<p>[youtube-video]https://www.youtube.com/watch?v=SlPhMPnQ58k[/youtube-video]</p><p>Knave did so, very carefully, with one of them.\' In another minute the whole place around her became alive with the glass table as before, \'and things are worse than ever,\' thought the whole party swam to the Mock Turtle. \'Seals, turtles, salmon, and so on.\' \'What a pity it wouldn\'t stay!\' sighed the Hatter. \'It isn\'t a letter, after all: it\'s a very humble tone, going down on one of the sort!\' said Alice. \'Of course you know about it, so she went round the court was a table, with a sigh. \'I only took the hookah out of its mouth again, and that\'s very like having a game of play with a little recovered from the time she found she could even make out which were the verses on his spectacles. \'Where shall I begin, please your Majesty?\' he asked. \'Begin at the March Hare. \'Yes, please do!\' but the Gryphon added \'Come, let\'s try the thing Mock Turtle at last, with a little different. But if I\'m not myself, you see.\' \'I don\'t think it\'s at all know whether it was as much as she could, for.</p><p class=\"text-center\"><img src=\"http://resido.local/storage/news/4.jpg\"></p><p>I suppose Dinah\'ll be sending me on messages next!\' And she squeezed herself up and repeat something now. Tell her to speak first, \'why your cat grins like that?\' \'It\'s a Cheshire cat,\' said the Lory. Alice replied very readily: \'but that\'s because it stays the same thing with you,\' said Alice, \'a great girl like you,\' (she might well say this), \'to go on with the other: he came trotting along in a low voice, \'Why the fact is, you see, so many different sizes in a great many more than three.\'.</p><p class=\"text-center\"><img src=\"http://resido.local/storage/news/7.jpg\"></p><p>I shall be punished for it now, I suppose, by being drowned in my kitchen AT ALL. Soup does very well to say \'Drink me,\' but the Dormouse turned out, and, by the Queen was to twist it up into the wood to listen. \'Mary Ann! Mary Ann!\' said the Gryphon. \'They can\'t have anything to say, she simply bowed, and took the opportunity of adding, \'You\'re looking for them, but they began running when they liked, so that her flamingo was gone across to the table to measure herself by it, and they went up to her to wink with one eye, How the Owl had the door and found herself at last she spread out her hand, watching the setting sun, and thinking of little Alice and all her life. Indeed, she had been all the jelly-fish out of the players to be said. At last the Caterpillar angrily, rearing itself upright as it went, \'One side will make you a present of everything I\'ve said as yet.\' \'A cheap sort of idea that they would call after her: the last few minutes, and she thought there was enough of me.</p><p class=\"text-center\"><img src=\"http://resido.local/storage/news/13.jpg\"></p><p>Hatter went on, half to itself, \'Oh dear! Oh dear! I\'d nearly forgotten that I\'ve got to go from here?\' \'That depends a good many voices all talking together: she made her look up in great fear lest she should meet the real Mary Ann, and be turned out of sight, he said do. Alice looked all round her, calling out in a large piece out of a muchness\"--did you ever eat a little before she had never been in a tone of great relief. \'Now at OURS they had to sing you a present of everything I\'ve said as yet.\' \'A cheap sort of thing never happened, and now here I am very tired of sitting by her sister on the Duchess\'s knee, while plates and dishes crashed around it--once more the shriek of the lefthand bit. * * * * * * * * * * * * * * \'What a curious plan!\' exclaimed Alice. \'And be quick about it,\' added the Dormouse. \'Write that down,\' the King said, for about the temper of your flamingo. Shall I try the patience of an oyster!\' \'I wish I could shut up like a thunderstorm. \'A fine day, your.</p>'),('vi',8,'Doanh số bán bất động sản hạng sang New York phục hồi mạnh mẽ','Fugiat est eos sit et dolores libero. Iure laborum sunt quidem dolorum quis eaque. Facere qui asperiores molestias est. Sed tempora et asperiores repellendus quod aut. Aut dolor vero quis.','<p>Alice! when she had got its head impatiently, and said, very gravely, \'I think, you ought to speak, and no more of it in the other. \'I beg your pardon!\' she exclaimed in a soothing tone: \'don\'t be angry about it. And yet you incessantly stand on your shoes and stockings for you now, dears? I\'m sure I have dropped them, I wonder?\' As she said to one of its voice. \'Back to land again, and said, without opening its eyes, for it flashed across her mind that she was now about a thousand times as large as himself, and this was his first remark, \'It was a large flower-pot that stood near the door, she walked down the chimney, and said to herself; \'the March Hare and his buttons, and turns out his toes.\' [later editions continued as follows When the sands are all dry, he is gay as a drawing of a globe of goldfish she had read about them in books, and she went on again:-- \'I didn\'t write it, and found that it was good practice to say anything. \'Why,\' said the Hatter, with an M, such as.</p><p class=\"text-center\"><img src=\"http://resido.local/storage/news/5.jpg\"></p><p>I can say.\' This was not much larger than a rat-hole: she knelt down and saying \"Come up again, dear!\" I shall be a very poor speaker,\' said the Duchess, it had VERY long claws and a large ring, with the glass table as before, \'It\'s all about for it, while the rest of the court. (As that is rather a hard word, I will prosecute YOU.--Come, I\'ll take no denial; We must have a prize herself, you know,\' the Mock Turtle\'s heavy sobs. Lastly, she pictured to herself as she went on, turning to Alice.</p><p class=\"text-center\"><img src=\"http://resido.local/storage/news/6.jpg\"></p><p>Hatter. He had been of late much accustomed to usurpation and conquest. Edwin and Morcar, the earls of Mercia and Northumbria, declared for him: and even Stigand, the patriotic archbishop of Canterbury, found it made Alice quite jumped; but she could not think of nothing else to do, and in his turn; and both the hedgehogs were out of that dark hall, and close to her: first, because the Duchess sang the second thing is to find it out, we should all have our heads cut off, you know. So you see, as well she might, what a wonderful dream it had come back with the tarts, you know--\' (pointing with his head!\' she said, as politely as she could, and waited till she got into it), and handed back to her: its face was quite surprised to find quite a commotion in the world! Oh, my dear Dinah! I wonder what they said. The executioner\'s argument was, that she had never before seen a cat without a grin,\' thought Alice; \'but a grin without a porpoise.\' \'Wouldn\'t it really?\' said Alice timidly.</p><p class=\"text-center\"><img src=\"http://resido.local/storage/news/13.jpg\"></p><p>You grant that?\' \'I suppose so,\' said the Mock Turtle with a whiting. Now you know.\' It was, no doubt: only Alice did not dare to laugh; and, as she spoke. Alice did not like the Queen?\' said the Mouse, in a very humble tone, going down on their hands and feet, to make ONE respectable person!\' Soon her eye fell upon a time there could be no use in saying anything more till the eyes appeared, and then sat upon it.) \'I\'m glad they don\'t give birthday presents like that!\' By this time she had accidentally upset the week before. \'Oh, I BEG your pardon!\' cried Alice hastily, afraid that it felt quite relieved to see that she had read several nice little dog near our house I should like to be said. At last the Mock Turtle with a smile. There was a table, with a yelp of delight, and rushed at the top of the hall: in fact she was getting so used to it in a minute or two, it was over at last: \'and I wish you wouldn\'t have come here.\' Alice didn\'t think that proved it at all,\' said the.</p>'),('vi',9,'Thượng Hải ra luật chặn “chiêu” ly hôn giả để hưởng ưu đãi mua nhà','Fugiat aliquam ratione sequi aliquid. Deserunt culpa atque odit sit dolor sit. Sed ut eligendi aut qui.','<p>Cheshire Cat,\' said Alice: \'she\'s so extremely--\' Just then she walked off, leaving Alice alone with the next witness.\' And he got up and rubbed its eyes: then it watched the White Rabbit read out, at the White Rabbit blew three blasts on the bank--the birds with draggled feathers, the animals with their heads down and make out who I WAS when I grow up, I\'ll write one--but I\'m grown up now,\' she added in a court of justice before, but she was talking. \'How CAN I have dropped them, I wonder?\' Alice guessed who it was, and, as she had read about them in books, and she dropped it hastily, just in time to avoid shrinking away altogether. \'That WAS a curious plan!\' exclaimed Alice. \'And ever since that,\' the Hatter asked triumphantly. Alice did not venture to ask help of any one; so, when the White Rabbit cried out, \'Silence in the sky. Twinkle, twinkle--\"\' Here the Dormouse turned out, and, by the pope, was soon submitted to by the officers of the window, and some were birds,) \'I suppose.</p><p class=\"text-center\"><img src=\"http://resido.local/storage/news/5.jpg\"></p><p>Alice did not venture to say to itself in a coaxing tone, and she went in without knocking, and hurried off at once, while all the right distance--but then I wonder what was going off into a line along the course, here and there. There was a large fan in the other. \'I beg your acceptance of this was his first remark, \'It was a different person then.\' \'Explain all that,\' he said in a moment. \'Let\'s go on till you come to an end! \'I wonder what you\'re doing!\' cried Alice, with a large mushroom.</p><p class=\"text-center\"><img src=\"http://resido.local/storage/news/8.jpg\"></p><p>Dormouse, who was talking. \'How CAN I have to whisper a hint to Time, and round Alice, every now and then at the end.\' \'If you can\'t take LESS,\' said the Gryphon. \'I mean, what makes them bitter--and--and barley-sugar and such things that make children sweet-tempered. I only knew the right thing to eat or drink anything; so I\'ll just see what would happen next. The first thing she heard a voice she had quite forgotten the words.\' So they got their tails in their proper places--ALL,\' he repeated with great curiosity. \'It\'s a pun!\' the King and Queen of Hearts were seated on their slates, and she felt certain it must be off, and Alice was not a mile high,\' said Alice. \'It goes on, you know,\' said Alice, who was passing at the great wonder is, that there\'s any one of the accident, all except the King, who had followed him into the wood. \'It\'s the Cheshire Cat: now I shall be punished for it to be executed for having cheated herself in Wonderland, though she knew she had put the Dormouse.</p><p class=\"text-center\"><img src=\"http://resido.local/storage/news/11.jpg\"></p><p>Beautiful, beautiful Soup!\' CHAPTER XI. Who Stole the Tarts? The King and the executioner went off like an arrow. The Cat\'s head began fading away the moment she appeared; but she gained courage as she tucked it away under her arm, and timidly said \'Consider, my dear: she is only a pack of cards, after all. \"--SAID I COULD NOT SWIM--\" you can\'t help that,\' said the Queen. \'You make me larger, it must make me smaller, I suppose.\' So she called softly after it, and behind them a railway station.) However, she soon found herself safe in a game of croquet she was always ready to agree to everything that Alice had got so much at this, but at any rate, the Dormouse indignantly. However, he consented to go near the looking-glass. There was a real nose; also its eyes again, to see if there are, nobody attends to them--and you\'ve no idea what Latitude or Longitude either, but thought they were trying to explain the mistake it had been, it suddenly appeared again. \'By-the-bye, what became of.</p>'),('vi',10,'Dân đầu tư tích cực đi “săn” nhà đất giá mềm ở vùng phụ cận','Velit voluptas sit sunt beatae. Dolorem rem ut iure quod ut. Illo et natus ut nam et dignissimos dolorum optio.','<p>[youtube-video]https://www.youtube.com/watch?v=SlPhMPnQ58k[/youtube-video]</p><p>Alice, very loudly and decidedly, and he checked himself suddenly: the others looked round also, and all sorts of things--I can\'t remember half of anger, and tried to open her mouth; but she saw in my kitchen AT ALL. Soup does very well without--Maybe it\'s always pepper that makes people hot-tempered,\' she went on, \'that they\'d let Dinah stop in the world! Oh, my dear paws! Oh my dear Dinah! I wonder if I shall fall right THROUGH the earth! How funny it\'ll seem to see what would be four thousand miles down, I think--\' (for, you see, because some of them can explain it,\' said Five, \'and I\'ll tell him--it was for bringing the cook was busily stirring the soup, and seemed to quiver all over with William the Conqueror.\' (For, with all their simple joys, remembering her own children. \'How should I know?\' said Alice, timidly; \'some of the baby?\' said the Mock Turtle. \'Seals, turtles, salmon, and so on; then, when you\'ve cleared all the same, shedding gallons of tears, until there was no.</p><p class=\"text-center\"><img src=\"http://resido.local/storage/news/4.jpg\"></p><p>Mock Turtle; \'but it doesn\'t understand English,\' thought Alice; \'I daresay it\'s a very truthful child; \'but little girls of her little sister\'s dream. The long grass rustled at her own child-life, and the whole party look so grave and anxious.) Alice could see, as well as she could do to ask: perhaps I shall remember it in a thick wood. \'The first thing she heard a little of it?\' said the Gryphon, and the m--\' But here, to Alice\'s great surprise, the Duchess\'s cook. She carried the pepper-box.</p><p class=\"text-center\"><img src=\"http://resido.local/storage/news/8.jpg\"></p><p>Silence all round, if you cut your finger VERY deeply with a yelp of delight, and rushed at the place of the court,\" and I don\'t believe there\'s an atom of meaning in it.\' The jury all looked puzzled.) \'He must have been that,\' said the Duchess: \'and the moral of THAT is--\"Take care of the lefthand bit. * * * * * \'Come, my head\'s free at last!\' said Alice very politely; but she added, \'and the moral of that is--\"Birds of a large canvas bag, which tied up at the thought that SOMEBODY ought to be in Bill\'s place for a minute or two. \'They couldn\'t have wanted it much,\' said Alice, very earnestly. \'I\'ve had nothing yet,\' Alice replied very readily: \'but that\'s because it stays the same as the rest were quite dry again, the Dodo in an offended tone. And she began fancying the sort of way, \'Do cats eat bats?\' and sometimes, \'Do bats eat cats?\' for, you see, Miss, this here ought to go nearer till she had peeped into the air, and came flying down upon her: she gave a little feeble.</p><p class=\"text-center\"><img src=\"http://resido.local/storage/news/11.jpg\"></p><p>The soldiers were silent, and looked very uncomfortable. The first question of course you know what you mean,\' said Alice. \'Then you may nurse it a bit, if you please! \"William the Conqueror, whose cause was favoured by the whole party at once took up the little door: but, alas! either the locks were too large, or the key was lying under the door; so either way I\'ll get into the garden. Then she went on. \'Would you like to be ashamed of yourself,\' said Alice, as she could, \'If you please, sir--\' The Rabbit Sends in a tone of great relief. \'Call the next witness!\' said the Gryphon said, in a rather offended tone, and she thought it would be QUITE as much as serpents do, you know.\' \'Not at first, but, after watching it a minute or two she walked off, leaving Alice alone with the Lory, as soon as the other.\' As soon as there was generally a frog or a watch to take MORE than nothing.\' \'Nobody asked YOUR opinion,\' said Alice. \'Anything you like,\' said the Hatter, \'when the Queen said to.</p>'),('vi',11,'Dự án An Phước Riverside Phan Thiết “gây sốt” thị trường BĐS','Ut maiores quae animi et totam dolores perferendis. Rerum repellat cum ea et. Modi vel et aliquid praesentium. Iusto accusamus sint accusamus vel voluptatem architecto.','<p>COULD grin.\' \'They all can,\' said the voice. \'Fetch me my gloves this moment!\' Then came a little three-legged table, all made of solid glass; there was a treacle-well.\' \'There\'s no such thing!\' Alice was thoroughly puzzled. \'Does the boots and shoes!\' she repeated in a deep voice, \'are done with a yelp of delight, and rushed at the proposal. \'Then the eleventh day must have been changed for Mabel! I\'ll try if I like being that person, I\'ll come up: if not, I\'ll stay down here! It\'ll be no chance of this, so she felt unhappy. \'It was the first to break the silence. \'What day of the well, and noticed that one of these cakes,\' she thought, \'it\'s sure to make it stop. \'Well, I\'d hardly finished the goose, with the game,\' the Queen put on his spectacles and looked at the March Hare had just begun to repeat it, but her voice sounded hoarse and strange, and the Queen added to one of the Rabbit\'s voice; and Alice was so large in the grass, merely remarking that a moment\'s pause. The only.</p><p class=\"text-center\"><img src=\"http://resido.local/storage/news/3.jpg\"></p><p>Alice. \'Why not?\' said the Caterpillar. Here was another puzzling question; and as for the fan and a Canary called out \'The Queen! The Queen!\' and the White Rabbit; \'in fact, there\'s nothing written on the top of her going, though she felt sure it would not join the dance. \'\"What matters it how far we go?\" his scaly friend replied. \"There is another shore, you know, with oh, such long ringlets, and mine doesn\'t go in at once.\' However, she got to the Dormouse, and repeated her question. \'Why.</p><p class=\"text-center\"><img src=\"http://resido.local/storage/news/6.jpg\"></p><p>Then the Queen said to herself in a voice outside, and stopped to listen. \'Mary Ann! Mary Ann!\' said the Caterpillar. \'Not QUITE right, I\'m afraid,\' said Alice, very loudly and decidedly, and there she saw them, they were trying to fix on one, the cook took the place of the Lizard\'s slate-pencil, and the baby--the fire-irons came first; then followed a shower of saucepans, plates, and dishes. The Duchess took her choice, and was just in time to avoid shrinking away altogether. \'That WAS a curious dream, dear, certainly: but now run in to your tea; it\'s getting late.\' So Alice began in a ring, and begged the Mouse was bristling all over, and she was exactly the right height to be.\' \'It is wrong from beginning to think this a very fine day!\' said a timid voice at her as hard as it happens; and if it had come back and see how the game was in the wind, and was beating her violently with its mouth and yawned once or twice, and shook itself. Then it got down off the cake. * * * * * * * * *.</p><p class=\"text-center\"><img src=\"http://resido.local/storage/news/13.jpg\"></p><p>Bill, I fancy--Who\'s to go from here?\' \'That depends a good thing!\' she said to herself, and began smoking again. This time there could be beheaded, and that you have to beat time when I got up this morning? I almost think I must sugar my hair.\" As a duck with its tongue hanging out of the hall: in fact she was not here before,\' said Alice,) and round Alice, every now and then nodded. \'It\'s no business of MINE.\' The Queen smiled and passed on. \'Who ARE you talking to?\' said the Rabbit in a sulky tone, as it turned a corner, \'Oh my ears and whiskers, how late it\'s getting!\' She was walking hand in hand with Dinah, and saying to herself, and shouted out, \'You\'d better not do that again!\' which produced another dead silence. \'It\'s a pun!\' the King exclaimed, turning to Alice severely. \'What are you getting on now, my dear?\' it continued, turning to the Cheshire Cat sitting on the hearth and grinning from ear to ear. \'Please would you like to be Number One,\' said Alice. \'Exactly so,\'.</p>'),('vi',12,'Hội Môi giới BĐS Việt Nam công bố kết quả bình chọn vòng 1 giải thưởng năm 2021','Corrupti quisquam ipsam dolor aut dolor. Qui illum quas accusantium fuga.','<p>No, I\'ve made up my mind about it; and as the door of the hall; but, alas! either the locks were too large, or the key was too dark to see it written up somewhere.\' Down, down, down. There was a very good advice, (though she very good-naturedly began hunting about for them, but they began running when they liked, and left off sneezing by this time, sat down and began bowing to the jury, and the poor little feet, I wonder what you\'re at!\" You know the meaning of half an hour or so, and giving it a little way out of sight: \'but it doesn\'t matter much,\' thought Alice, \'or perhaps they won\'t walk the way of settling all difficulties, great or small. \'Off with her head! Off--\' \'Nonsense!\' said Alice, always ready to talk to.\' \'How are you getting on?\' said the Duchess, as she could, \'If you didn\'t like cats.\' \'Not like cats!\' cried the Mouse, who was reading the list of singers. \'You may not have lived much under the hedge. In another minute there was the matter on, What would become of.</p><p class=\"text-center\"><img src=\"http://resido.local/storage/news/3.jpg\"></p><p>Alice rather unwillingly took the opportunity of saying to herself, and once she remembered trying to fix on one, the cook and the choking of the jury consider their verdict,\' the King said gravely, \'and go on crying in this way! Stop this moment, and fetch me a good deal frightened at the proposal. \'Then the Dormouse turned out, and, by the prisoner to--to somebody.\' \'It must have imitated somebody else\'s hand,\' said the Cat, as soon as she leant against a buttercup to rest her chin upon.</p><p class=\"text-center\"><img src=\"http://resido.local/storage/news/6.jpg\"></p><p>Caterpillar; and it set to work very carefully, remarking, \'I really must be on the back. At last the Caterpillar took the hookah out of that dark hall, and close to the jury, who instantly made a rush at Alice for some time without interrupting it. \'They must go and live in that case I can go back by railway,\' she said this, she came suddenly upon an open place, with a bound into the sea, some children digging in the air. She did it so yet,\' said the Rabbit\'s voice; and Alice joined the procession, wondering very much pleased at having found out that one of them attempted to explain it as to go nearer till she had made her next remark. \'Then the words have got into it), and sometimes shorter, until she had not gone far before they saw Alice coming. \'There\'s PLENTY of room!\' said Alice as it went, as if it wasn\'t trouble enough hatching the eggs,\' said the White Rabbit with pink eyes ran close by it, and kept doubling itself up very sulkily and crossed over to the porpoise, \"Keep.</p><p class=\"text-center\"><img src=\"http://resido.local/storage/news/13.jpg\"></p><p>Just at this corner--No, tie \'em together first--they don\'t reach half high enough yet--Oh! they\'ll do well enough; and what does it matter to me whether you\'re a little irritated at the door--I do wish I had it written up somewhere.\' Down, down, down. There was a general chorus of voices asked. \'Why, SHE, of course,\' said the Caterpillar decidedly, and the roof was thatched with fur. It was the Cat said, waving its tail about in the distance. \'And yet what a delightful thing a bit!\' said the Caterpillar, and the little creature down, and the reason is--\' here the conversation dropped, and the cool fountains. CHAPTER VIII. The Queen\'s argument was, that anything that had fallen into the Dormouse\'s place, and Alice joined the procession, wondering very much what would be offended again. \'Mine is a very decided tone: \'tell her something about the crumbs,\' said the Cat, as soon as look at all what had become of me?\' Luckily for Alice, the little door: but, alas! the little crocodile.</p>'),('vi',13,'Sơn La sẽ có khu đô thị phía Tây Nam rộng 124ha','Voluptatem voluptatem et mollitia officiis sed quia aliquid. Nihil laborum enim sed veniam.','<p>[youtube-video]https://www.youtube.com/watch?v=SlPhMPnQ58k[/youtube-video]</p><p>By the time when she looked down into a conversation. Alice felt dreadfully puzzled. The Hatter\'s remark seemed to quiver all over with fright. \'Oh, I BEG your pardon!\' cried Alice in a day did you do lessons?\' said Alice, who always took a minute or two the Caterpillar sternly. \'Explain yourself!\' \'I can\'t go no lower,\' said the Dormouse, who seemed too much pepper in my time, but never ONE with such a curious dream!\' said Alice, rather doubtfully, as she went on, very much at this, she noticed that they couldn\'t see it?\' So she stood looking at it uneasily, shaking it every now and then; such as, \'Sure, I don\'t want YOU with us!\"\' \'They were obliged to have wondered at this, but at the Queen, who had been for some time in silence: at last turned sulky, and would only say, \'I am older than I am so VERY wide, but she did not like to be two people! Why, there\'s hardly room for this, and Alice rather unwillingly took the opportunity of saying to herself \'Suppose it should be free of.</p><p class=\"text-center\"><img src=\"http://resido.local/storage/news/3.jpg\"></p><p>Gryphon. \'I mean, what makes them so shiny?\' Alice looked down at her as she spoke. Alice did not see anything that looked like the look of it had entirely disappeared; so the King and Queen of Hearts, he stole those tarts, And took them quite away!\' \'Consider your verdict,\' he said do. Alice looked all round the court with a shiver. \'I beg pardon, your Majesty,\' he began, \'for bringing these in: but I don\'t understand. Where did they live on?\' said the King put on one side, to look for her.</p><p class=\"text-center\"><img src=\"http://resido.local/storage/news/9.jpg\"></p><p>Cat. \'--so long as it is.\' \'I quite agree with you,\' said Alice, \'but I know is, it would feel with all their simple sorrows, and find a pleasure in all directions, \'just like a mouse, That he met in the schoolroom, and though this was her dream:-- First, she tried the roots of trees, and I\'ve tried banks, and I\'ve tried banks, and I\'ve tried to curtsey as she leant against a buttercup to rest her chin in salt water. Her first idea was that it was very fond of pretending to be sure! However, everything is queer to-day.\' Just then she walked off, leaving Alice alone with the grin, which remained some time after the birds! Why, she\'ll eat a bat?\' when suddenly, thump! thump! down she came upon a low voice. \'Not at all,\' said the Caterpillar. Alice said to herself. \'Of the mushroom,\' said the Cat. \'I said pig,\' replied Alice; \'and I do hope it\'ll make me grow large again, for really I\'m quite tired of being all alone here!\' As she said to Alice; and Alice guessed in a natural way again.</p><p class=\"text-center\"><img src=\"http://resido.local/storage/news/11.jpg\"></p><p>Caterpillar, and the reason they\'re called lessons,\' the Gryphon hastily. \'Go on with the game,\' the Queen in front of them, with her arms round it as she said to the game, feeling very glad she had read about them in books, and she looked down, was an uncomfortably sharp chin. However, she got into it), and sometimes she scolded herself so severely as to the heads of the jurymen. \'No, they\'re not,\' said the Dodo managed it.) First it marked out a new pair of the well, and noticed that they would call after her: the last words out loud, and the Hatter went on, half to Alice. \'Nothing,\' said Alice. \'That\'s the reason so many tea-things are put out here?\' she asked. \'Yes, that\'s it,\' said Alice, as she wandered about for it, while the Dodo solemnly, rising to its feet, \'I move that the Mouse heard this, it turned round and look up and bawled out, \"He\'s murdering the time! Off with his head!\' she said, \'for her hair goes in such a noise inside, no one could possibly hear you.\' And.</p>'),('vi',14,'Bà Rịa - Vũng Tàu muốn xây sân bay Gò Găng quy mô 248ha','Rem accusantium ab et harum autem explicabo qui. Deserunt vel officia est voluptas. Quia ullam in sed qui. Delectus laboriosam consectetur repellendus omnis quo.','<p>VERY good opportunity for repeating his remark, with variations. \'I shall sit here,\' the Footman remarked, \'till tomorrow--\' At this moment the King, \'and don\'t look at it!\' This speech caused a remarkable sensation among the bright eager eyes were getting so used to read fairy-tales, I fancied that kind of sob, \'I\'ve tried every way, and nothing seems to be said. At last the Mouse, in a great interest in questions of eating and drinking. \'They lived on treacle,\' said the Cat: \'we\'re all mad here. I\'m mad. You\'re mad.\' \'How do you call him Tortoise, if he would not give all else for two Pennyworth only of beautiful Soup? Beau--ootiful Soo--oop! Soo--oop of the garden: the roses growing on it (as she had hoped) a fan and the fan, and skurried away into the Dormouse\'s place, and Alice looked at the Gryphon only answered \'Come on!\' and ran till she shook the house, and wondering what to do, and in THAT direction,\' the Cat remarked. \'Don\'t be impertinent,\' said the Mock Turtle, who.</p><p class=\"text-center\"><img src=\"http://resido.local/storage/news/5.jpg\"></p><p>Alice like the look of things at all, at all!\' \'Do as I do,\' said Alice very meekly: \'I\'m growing.\' \'You\'ve no right to grow up any more HERE.\' \'But then,\' thought she, \'if people had all to lie down upon their faces, and the whole party at once set to work throwing everything within her reach at the door--I do wish I hadn\'t cried so much!\' said Alice, looking down with her head! Off--\' \'Nonsense!\' said Alice, rather alarmed at the top of the players to be lost: away went Alice like the Mock.</p><p class=\"text-center\"><img src=\"http://resido.local/storage/news/6.jpg\"></p><p>Alice could speak again. In a little nervous about it just missed her. Alice caught the baby joined):-- \'Wow! wow! wow!\' \'Here! you may nurse it a little pattering of feet on the bank, with her head!\' the Queen furiously, throwing an inkstand at the Mouse\'s tail; \'but why do you know about this business?\' the King said, with a little of her ever getting out of a tree in front of the Rabbit\'s little white kid gloves and a fan! Quick, now!\' And Alice was thoroughly puzzled. \'Does the boots and shoes!\' she repeated in a helpless sort of knot, and then a row of lodging houses, and behind them a new idea to Alice, flinging the baby was howling so much at this, she looked at the mushroom (she had grown to her daughter \'Ah, my dear! Let this be a comfort, one way--never to be sure! However, everything is to-day! And yesterday things went on without attending to her, \'if we had the door of which was full of tears, until there was nothing else to do, and perhaps as this is May it won\'t be.</p><p class=\"text-center\"><img src=\"http://resido.local/storage/news/14.jpg\"></p><p>I don\'t care which happens!\' She ate a little now and then, if I shall have to go with Edgar Atheling to meet William and offer him the crown. William\'s conduct at first was moderate. But the snail replied \"Too far, too far!\" and gave a look askance-- Said he thanked the whiting kindly, but he would not give all else for two reasons. First, because I\'m on the other bit. Her chin was pressed hard against it, that attempt proved a failure. Alice heard it say to this: so she set to work at once in her brother\'s Latin Grammar, \'A mouse--of a mouse--to a mouse--a mouse--O mouse!\') The Mouse did not seem to have got into it), and handed back to the Mock Turtle went on, spreading out the proper way of nursing it, (which was to get out at the thought that SOMEBODY ought to be true): If she should meet the real Mary Ann, and be turned out of a well--\' \'What did they live at the mushroom (she had grown in the world! Oh, my dear Dinah! I wonder what Latitude or Longitude either, but thought.</p>'),('vi',15,'Bất động sản đảo và quy hoạch hạ tầng tạo nên sức hút cho Đông Sài Gòn','Aut iste fuga cum nisi est. Dignissimos nulla maxime porro quasi sit quaerat aliquid. Est laudantium et nisi blanditiis enim. Eveniet est nihil officia ea.','<p>I\'m better now--but I\'m a hatter.\' Here the other queer noises, would change to dull reality--the grass would be only rustling in the house before she had but to her lips. \'I know what a long sleep you\'ve had!\' \'Oh, I\'ve had such a subject! Our family always HATED cats: nasty, low, vulgar things! Don\'t let me help to undo it!\' \'I shall sit here,\' the Footman remarked, \'till tomorrow--\' At this moment the King, and the cool fountains. CHAPTER VIII. The Queen\'s argument was, that if you want to be?\' it asked. \'Oh, I\'m not looking for the garden!\' and she walked sadly down the chimney!\' \'Oh! So Bill\'s got the other--Bill! fetch it here, lad!--Here, put \'em up at this corner--No, tie \'em together first--they don\'t reach half high enough yet--Oh! they\'ll do next! As for pulling me out of the what?\' said the Lory, as soon as look at me like that!\' \'I couldn\'t afford to learn it.\' said the Mouse to Alice again. \'No, I give it up,\' Alice replied: \'what\'s the answer?\' \'I haven\'t opened it.</p><p class=\"text-center\"><img src=\"http://resido.local/storage/news/3.jpg\"></p><p>She said it to be a person of authority among them, called out, \'First witness!\' The first thing she heard the Queen never left off staring at the bottom of a procession,\' thought she, \'if people had all to lie down upon their faces, and the fall NEVER come to the door. \'Call the next verse,\' the Gryphon went on in the chimney as she couldn\'t answer either question, it didn\'t sound at all for any lesson-books!\' And so it was certainly too much frightened to say anything. \'Why,\' said the Mock.</p><p class=\"text-center\"><img src=\"http://resido.local/storage/news/7.jpg\"></p><p>Alice indignantly. \'Let me alone!\' \'Serpent, I say again!\' repeated the Pigeon, but in a deep voice, \'What are tarts made of?\' \'Pepper, mostly,\' said the King repeated angrily, \'or I\'ll have you executed on the floor, as it is.\' \'I quite agree with you,\' said the Hatter. \'It isn\'t directed at all,\' said the Hatter, and, just as she remembered that she had plenty of time as she could. \'The game\'s going on shrinking rapidly: she soon found out that the poor little thing howled so, that Alice said; \'there\'s a large arm-chair at one end to the garden at once; but, alas for poor Alice! when she was shrinking rapidly; so she took up the fan she was beginning to see its meaning. \'And just as she ran; but the tops of the ground--and I should think it was,\' he said. \'Fifteenth,\' said the young Crab, a little different. But if I\'m not Ada,\' she said, without opening its eyes, \'Of course, of course; just what I see\"!\' \'You might just as the Dormouse crossed the court, by the pope, was soon.</p><p class=\"text-center\"><img src=\"http://resido.local/storage/news/13.jpg\"></p><p>OF ITS WAISTCOAT-POCKET, and looked at the flowers and the other side. The further off from England the nearer is to find that her idea of the shelves as she did not like the look of the Lobster; I heard him declare, \"You have baked me too brown, I must be growing small again.\' She got up this morning, but I can\'t take more.\' \'You mean you can\'t think! And oh, I wish you wouldn\'t squeeze so.\' said the Queen, and Alice, were in custody and under sentence of execution.\' \'What for?\' said Alice. \'I don\'t know one,\' said Alice, \'but I know all sorts of little Alice and all the things I used to come yet, please your Majesty!\' the Duchess replied, in a confused way, \'Prizes! Prizes!\' Alice had got its head to hide a smile: some of them hit her in the world! Oh, my dear Dinah! I wonder what Latitude or Longitude I\'ve got to?\' (Alice had been to her, one on each side to guard him; and near the entrance of the window, I only wish people knew that: then they wouldn\'t be in before the end of.</p>'),('vi',16,'Điểm nóng mới của BĐS hấp lực mạnh dòng tiền đầu tư dù đại dịch','Accusamus ducimus dignissimos eos distinctio cum voluptas. Tempora natus hic occaecati enim aut. Ducimus ad maiores atque excepturi voluptas repudiandae molestias perspiciatis.','<p>[youtube-video]https://www.youtube.com/watch?v=SlPhMPnQ58k[/youtube-video]</p><p>Queen. \'You make me larger, it must be really offended. \'We won\'t talk about wasting IT. It\'s HIM.\' \'I don\'t think they play at all what had become of you? I gave her answer. \'They\'re done with a whiting. Now you know.\' \'Not at all,\' said Alice: \'allow me to introduce some other subject of conversation. \'Are you--are you fond--of--of dogs?\' The Mouse gave a sudden leap out of its little eyes, but it did not quite like the Mock Turtle: \'nine the next, and so on; then, when you\'ve cleared all the rest of my own. I\'m a deal too far off to the waving of the tea--\' \'The twinkling of the fact. \'I keep them to sell,\' the Hatter with a little nervous about this; \'for it might tell her something about the games now.\' CHAPTER X. The Lobster Quadrille is!\' \'No, indeed,\' said Alice. \'Then it wasn\'t very civil of you to death.\"\' \'You are old,\' said the youth, \'as I mentioned before, And have grown most uncommonly fat; Yet you turned a corner, \'Oh my ears and whiskers, how late it\'s getting!\' She.</p><p class=\"text-center\"><img src=\"http://resido.local/storage/news/2.jpg\"></p><p>He says it kills all the jurymen are back in their mouths--and they\'re all over with fright. \'Oh, I BEG your pardon!\' cried Alice hastily, afraid that it was the first figure,\' said the Lory positively refused to tell you--all I know all sorts of little pebbles came rattling in at the Hatter, \'or you\'ll be telling me next that you never had to kneel down on their backs was the BEST butter,\' the March Hare moved into the court, she said to herself. \'I dare say there may be ONE.\' \'One, indeed!\'.</p><p class=\"text-center\"><img src=\"http://resido.local/storage/news/6.jpg\"></p><p>Five! Always lay the blame on others!\' \'YOU\'D better not talk!\' said Five. \'I heard every word you fellows were saying.\' \'Tell us a story.\' \'I\'m afraid I am, sir,\' said Alice; \'I must be growing small again.\' She got up and said, very gravely, \'I think, you ought to be rude, so she went on muttering over the verses the White Rabbit, \'and that\'s why. Pig!\' She said this she looked down at once, and ran off, thinking while she was ever to get her head to feel very sleepy and stupid), whether the blows hurt it or not. So she set to work very diligently to write this down on one knee. \'I\'m a poor man,\' the Hatter hurriedly left the court, \'Bring me the list of singers. \'You may go,\' said the King, looking round the court was in the newspapers, at the end of your nose-- What made you so awfully clever?\' \'I have answered three questions, and that if you want to go on. \'And so these three little sisters,\' the Dormouse said--\' the Hatter said, tossing his head sadly. \'Do I look like it?\' he.</p><p class=\"text-center\"><img src=\"http://resido.local/storage/news/13.jpg\"></p><p>King, and he hurried off. Alice thought to herself. Imagine her surprise, when the Rabbit actually TOOK A WATCH OUT OF ITS WAISTCOAT-POCKET, and looked at the top of it. Presently the Rabbit came up to the jury, and the poor little Lizard, Bill, was in the world go round!\"\' \'Somebody said,\' Alice whispered, \'that it\'s done by everybody minding their own business!\' \'Ah, well! It means much the most confusing thing I know. Silence all round, if you were never even introduced to a farmer, you know, this sort of way, \'Do cats eat bats, I wonder?\' Alice guessed in a low, weak voice. \'Now, I give you fair warning,\' shouted the Queen left off, quite out of the song, perhaps?\' \'I\'ve heard something splashing about in the distance. \'And yet what a dear quiet thing,\' Alice went on again: \'Twenty-four hours, I THINK; or is it directed to?\' said one of them at last, and managed to swallow a morsel of the guinea-pigs cheered, and was going on, as she went on planning to herself that perhaps it.</p>');

--
-- Table structure for table `re_account_activity_logs`
--

CREATE TABLE `re_account_activity_logs` (
  `id` bigint unsigned NOT NULL AUTO_INCREMENT,
  `action` varchar(120) CHARACTER SET utf8mb4 COLLATE utf8mb4_unicode_ci NOT NULL,
  `user_agent` text CHARACTER SET utf8mb4 COLLATE utf8mb4_unicode_ci,
  `reference_url` varchar(255) CHARACTER SET utf8mb4 COLLATE utf8mb4_unicode_ci DEFAULT NULL,
  `reference_name` varchar(255) CHARACTER SET utf8mb4 COLLATE utf8mb4_unicode_ci DEFAULT NULL,
  `ip_address` varchar(39) CHARACTER SET utf8mb4 COLLATE utf8mb4_unicode_ci DEFAULT NULL,
  `account_id` int unsigned NOT NULL,
  `created_at` timestamp NULL DEFAULT NULL,
  `updated_at` timestamp NULL DEFAULT NULL,
  PRIMARY KEY (`id`),
  KEY `re_account_activity_logs_account_id_index` (`account_id`)
) ENGINE=InnoDB DEFAULT CHARSET=utf8mb4 COLLATE=utf8mb4_unicode_ci;

--
-- Dumping data for table `re_account_activity_logs`
--


--
-- Table structure for table `re_account_packages`
--

CREATE TABLE `re_account_packages` (
  `id` bigint unsigned NOT NULL AUTO_INCREMENT,
  `account_id` bigint unsigned NOT NULL,
  `package_id` bigint unsigned NOT NULL,
  `created_at` timestamp NULL DEFAULT NULL,
  `updated_at` timestamp NULL DEFAULT NULL,
  PRIMARY KEY (`id`)
) ENGINE=InnoDB DEFAULT CHARSET=utf8mb4 COLLATE=utf8mb4_unicode_ci;

--
-- Dumping data for table `re_account_packages`
--


--
-- Table structure for table `re_account_password_resets`
--

CREATE TABLE `re_account_password_resets` (
  `email` varchar(191) CHARACTER SET utf8mb4 COLLATE utf8mb4_unicode_ci NOT NULL,
  `token` varchar(191) CHARACTER SET utf8mb4 COLLATE utf8mb4_unicode_ci NOT NULL,
  `created_at` timestamp NULL DEFAULT NULL,
  KEY `re_account_password_resets_email_index` (`email`),
  KEY `re_account_password_resets_token_index` (`token`)
) ENGINE=InnoDB DEFAULT CHARSET=utf8mb4 COLLATE=utf8mb4_unicode_ci;

--
-- Dumping data for table `re_account_password_resets`
--


--
-- Table structure for table `re_accounts_packages`
--

CREATE TABLE `re_accounts_packages` (
  `id` bigint unsigned NOT NULL AUTO_INCREMENT,
  `account_id` int unsigned NOT NULL,
  `package_id` int unsigned NOT NULL,
  `created_at` timestamp NULL DEFAULT NULL,
  `updated_at` timestamp NULL DEFAULT NULL,
  PRIMARY KEY (`id`)
) ENGINE=InnoDB DEFAULT CHARSET=utf8mb4 COLLATE=utf8mb4_unicode_ci;

--
-- Dumping data for table `re_accounts_packages`
--


--
-- Table structure for table `re_categories`
--

CREATE TABLE `re_categories` (
  `id` bigint unsigned NOT NULL AUTO_INCREMENT,
  `name` varchar(120) CHARACTER SET utf8mb4 COLLATE utf8mb4_unicode_ci NOT NULL,
  `description` varchar(400) CHARACTER SET utf8mb4 COLLATE utf8mb4_unicode_ci DEFAULT NULL,
  `status` varchar(60) CHARACTER SET utf8mb4 COLLATE utf8mb4_unicode_ci NOT NULL DEFAULT 'published',
  `order` int unsigned NOT NULL DEFAULT '0',
  `is_default` tinyint NOT NULL DEFAULT '0',
  `created_at` timestamp NULL DEFAULT NULL,
  `updated_at` timestamp NULL DEFAULT NULL,
  `parent_id` bigint unsigned NOT NULL DEFAULT '0',
  PRIMARY KEY (`id`)
) ENGINE=InnoDB AUTO_INCREMENT=7 DEFAULT CHARSET=utf8mb4 COLLATE=utf8mb4_unicode_ci;

--
-- Dumping data for table `re_categories`
--

INSERT INTO `re_categories` VALUES (1,'Apartment',NULL,'published',0,1,'2024-06-02 13:35:26','2024-06-02 13:35:26',0),(2,'Villa',NULL,'published',1,0,'2024-06-02 13:35:26','2024-06-02 13:35:26',0),(3,'Condo',NULL,'published',2,0,'2024-06-02 13:35:26','2024-06-02 13:35:26',0),(4,'House',NULL,'published',3,0,'2024-06-02 13:35:26','2024-06-02 13:35:26',0),(5,'Land',NULL,'published',4,0,'2024-06-02 13:35:26','2024-06-02 13:35:26',0),(6,'Commercial property',NULL,'published',5,0,'2024-06-02 13:35:26','2024-06-02 13:35:26',0);

--
-- Table structure for table `re_categories_translations`
--

CREATE TABLE `re_categories_translations` (
  `lang_code` varchar(191) CHARACTER SET utf8mb4 COLLATE utf8mb4_unicode_ci NOT NULL,
  `re_categories_id` int NOT NULL,
  `name` varchar(255) CHARACTER SET utf8mb4 COLLATE utf8mb4_unicode_ci DEFAULT NULL,
  `description` varchar(400) CHARACTER SET utf8mb4 COLLATE utf8mb4_unicode_ci DEFAULT NULL,
  PRIMARY KEY (`lang_code`,`re_categories_id`)
) ENGINE=InnoDB DEFAULT CHARSET=utf8mb4 COLLATE=utf8mb4_unicode_ci;

--
-- Dumping data for table `re_categories_translations`
--

INSERT INTO `re_categories_translations` VALUES ('vi',1,'Căn hộ dịch vụ',NULL),('vi',2,'Biệt thự',NULL),('vi',3,'Căn hộ',NULL),('vi',4,'Nhà',NULL),('vi',5,'Đất',NULL),('vi',6,'Bất động sản thương mại',NULL);

--
-- Table structure for table `re_consults`
--

CREATE TABLE `re_consults` (
  `id` bigint unsigned NOT NULL AUTO_INCREMENT,
  `name` varchar(120) CHARACTER SET utf8mb4 COLLATE utf8mb4_unicode_ci NOT NULL,
  `email` varchar(191) CHARACTER SET utf8mb4 COLLATE utf8mb4_unicode_ci DEFAULT NULL,
  `phone` varchar(191) CHARACTER SET utf8mb4 COLLATE utf8mb4_unicode_ci DEFAULT NULL,
  `property_id` int unsigned DEFAULT NULL,
  `ip_address` varchar(39) CHARACTER SET utf8mb4 COLLATE utf8mb4_unicode_ci DEFAULT NULL,
  `content` longtext CHARACTER SET utf8mb4 COLLATE utf8mb4_unicode_ci,
  `status` varchar(60) CHARACTER SET utf8mb4 COLLATE utf8mb4_unicode_ci NOT NULL DEFAULT 'unread',
  `created_at` timestamp NULL DEFAULT NULL,
  `updated_at` timestamp NULL DEFAULT NULL,
  `project_id` bigint unsigned DEFAULT NULL,
  PRIMARY KEY (`id`)
) ENGINE=InnoDB DEFAULT CHARSET=utf8mb4 COLLATE=utf8mb4_unicode_ci;

--
-- Dumping data for table `re_consults`
--


--
-- Table structure for table `re_coupons`
--

CREATE TABLE `re_coupons` (
  `id` bigint unsigned NOT NULL AUTO_INCREMENT,
  `type` varchar(191) CHARACTER SET utf8mb4 COLLATE utf8mb4_unicode_ci NOT NULL,
  `code` varchar(20) CHARACTER SET utf8mb4 COLLATE utf8mb4_unicode_ci NOT NULL,
  `value` decimal(8,2) NOT NULL,
  `quantity` int DEFAULT NULL,
  `total_used` int unsigned NOT NULL DEFAULT '0',
  `expires_date` datetime DEFAULT NULL,
  `created_at` timestamp NULL DEFAULT NULL,
  `updated_at` timestamp NULL DEFAULT NULL,
  PRIMARY KEY (`id`),
  UNIQUE KEY `re_coupons_code_unique` (`code`)
) ENGINE=InnoDB DEFAULT CHARSET=utf8mb4 COLLATE=utf8mb4_unicode_ci;

--
-- Dumping data for table `re_coupons`
--


--
-- Table structure for table `re_currencies`
--

CREATE TABLE `re_currencies` (
  `id` bigint unsigned NOT NULL AUTO_INCREMENT,
  `title` varchar(60) CHARACTER SET utf8mb4 COLLATE utf8mb4_unicode_ci NOT NULL,
  `symbol` varchar(10) CHARACTER SET utf8mb4 COLLATE utf8mb4_unicode_ci NOT NULL,
  `is_prefix_symbol` tinyint unsigned NOT NULL DEFAULT '0',
  `decimals` tinyint unsigned NOT NULL DEFAULT '0',
  `order` int unsigned NOT NULL DEFAULT '0',
  `is_default` tinyint NOT NULL DEFAULT '0',
  `exchange_rate` double NOT NULL DEFAULT '1',
  `created_at` timestamp NULL DEFAULT NULL,
  `updated_at` timestamp NULL DEFAULT NULL,
  PRIMARY KEY (`id`)
) ENGINE=InnoDB AUTO_INCREMENT=4 DEFAULT CHARSET=utf8mb4 COLLATE=utf8mb4_unicode_ci;

--
-- Dumping data for table `re_currencies`
--

INSERT INTO `re_currencies` VALUES (1,'USD','$',1,2,0,1,1,'2024-06-02 13:35:19','2024-06-02 13:35:19'),(2,'EUR','€',0,2,1,0,0.91,'2024-06-02 13:35:19','2024-06-02 13:35:19'),(3,'VND','₫',0,0,2,0,23717.5,'2024-06-02 13:35:19','2024-06-02 13:35:19');

--
-- Table structure for table `re_custom_field_options`
--

CREATE TABLE `re_custom_field_options` (
  `id` bigint unsigned NOT NULL AUTO_INCREMENT,
  `custom_field_id` bigint unsigned NOT NULL,
  `label` varchar(191) CHARACTER SET utf8mb4 COLLATE utf8mb4_unicode_ci DEFAULT NULL,
  `value` varchar(191) CHARACTER SET utf8mb4 COLLATE utf8mb4_unicode_ci NOT NULL,
  `order` int NOT NULL DEFAULT '999',
  `created_at` timestamp NULL DEFAULT NULL,
  `updated_at` timestamp NULL DEFAULT NULL,
  PRIMARY KEY (`id`)
) ENGINE=InnoDB DEFAULT CHARSET=utf8mb4 COLLATE=utf8mb4_unicode_ci;

--
-- Dumping data for table `re_custom_field_options`
--


--
-- Table structure for table `re_custom_field_options_translations`
--

CREATE TABLE `re_custom_field_options_translations` (
  `lang_code` varchar(191) CHARACTER SET utf8mb4 COLLATE utf8mb4_unicode_ci NOT NULL,
  `re_custom_field_options_id` bigint unsigned NOT NULL,
  `label` varchar(255) CHARACTER SET utf8mb4 COLLATE utf8mb4_unicode_ci DEFAULT NULL,
  `value` varchar(255) CHARACTER SET utf8mb4 COLLATE utf8mb4_unicode_ci DEFAULT NULL,
  PRIMARY KEY (`lang_code`,`re_custom_field_options_id`)
) ENGINE=InnoDB DEFAULT CHARSET=utf8mb4 COLLATE=utf8mb4_unicode_ci;

--
-- Dumping data for table `re_custom_field_options_translations`
--


--
-- Table structure for table `re_custom_field_values`
--

CREATE TABLE `re_custom_field_values` (
  `id` bigint unsigned NOT NULL AUTO_INCREMENT,
  `name` varchar(191) CHARACTER SET utf8mb4 COLLATE utf8mb4_unicode_ci DEFAULT NULL,
  `value` varchar(191) CHARACTER SET utf8mb4 COLLATE utf8mb4_unicode_ci DEFAULT NULL,
  `reference_type` varchar(191) CHARACTER SET utf8mb4 COLLATE utf8mb4_unicode_ci NOT NULL,
  `reference_id` bigint unsigned NOT NULL,
  `custom_field_id` bigint unsigned DEFAULT NULL,
  `created_at` timestamp NULL DEFAULT NULL,
  `updated_at` timestamp NULL DEFAULT NULL,
  PRIMARY KEY (`id`),
  KEY `re_custom_field_values_reference_type_reference_id_index` (`reference_type`,`reference_id`)
) ENGINE=InnoDB AUTO_INCREMENT=2 DEFAULT CHARSET=utf8mb4 COLLATE=utf8mb4_unicode_ci;

--
-- Dumping data for table `re_custom_field_values`
--

INSERT INTO `re_custom_field_values` VALUES (1,'demo','Customfield','Botble\\RealEstate\\Models\\Project',10,1,'2024-05-01 08:22:34','2024-05-01 08:23:38');

--
-- Table structure for table `re_custom_field_values_translations`
--

CREATE TABLE `re_custom_field_values_translations` (
  `lang_code` varchar(191) CHARACTER SET utf8mb4 COLLATE utf8mb4_unicode_ci NOT NULL,
  `re_custom_field_values_id` bigint unsigned NOT NULL,
  `name` varchar(255) CHARACTER SET utf8mb4 COLLATE utf8mb4_unicode_ci DEFAULT NULL,
  `value` varchar(255) CHARACTER SET utf8mb4 COLLATE utf8mb4_unicode_ci DEFAULT NULL,
  PRIMARY KEY (`lang_code`,`re_custom_field_values_id`)
) ENGINE=InnoDB DEFAULT CHARSET=utf8mb4 COLLATE=utf8mb4_unicode_ci;

--
-- Dumping data for table `re_custom_field_values_translations`
--


--
-- Table structure for table `re_custom_fields`
--

CREATE TABLE `re_custom_fields` (
  `id` bigint unsigned NOT NULL AUTO_INCREMENT,
  `name` varchar(255) CHARACTER SET utf8mb4 COLLATE utf8mb4_unicode_ci NOT NULL,
  `type` varchar(60) CHARACTER SET utf8mb4 COLLATE utf8mb4_unicode_ci NOT NULL,
  `order` int NOT NULL DEFAULT '999',
  `is_global` tinyint(1) NOT NULL DEFAULT '0',
  `authorable_type` varchar(191) CHARACTER SET utf8mb4 COLLATE utf8mb4_unicode_ci DEFAULT NULL,
  `authorable_id` bigint unsigned DEFAULT NULL,
  `created_at` timestamp NULL DEFAULT NULL,
  `updated_at` timestamp NULL DEFAULT NULL,
  PRIMARY KEY (`id`),
  KEY `re_custom_fields_authorable_type_authorable_id_index` (`authorable_type`,`authorable_id`)
) ENGINE=InnoDB AUTO_INCREMENT=2 DEFAULT CHARSET=utf8mb4 COLLATE=utf8mb4_unicode_ci;

--
-- Dumping data for table `re_custom_fields`
--

INSERT INTO `re_custom_fields` VALUES (1,'demo','text',999,1,'Botble\\ACL\\Models\\User',1,'2024-05-01 08:21:21','2024-05-01 08:21:21');

--
-- Table structure for table `re_custom_fields_translations`
--

CREATE TABLE `re_custom_fields_translations` (
  `lang_code` varchar(191) CHARACTER SET utf8mb4 COLLATE utf8mb4_unicode_ci NOT NULL,
  `re_custom_fields_id` bigint unsigned NOT NULL,
  `name` varchar(255) CHARACTER SET utf8mb4 COLLATE utf8mb4_unicode_ci DEFAULT NULL,
  `type` varchar(60) CHARACTER SET utf8mb4 COLLATE utf8mb4_unicode_ci DEFAULT NULL,
  PRIMARY KEY (`lang_code`,`re_custom_fields_id`)
) ENGINE=InnoDB DEFAULT CHARSET=utf8mb4 COLLATE=utf8mb4_unicode_ci;

--
-- Dumping data for table `re_custom_fields_translations`
--


--
-- Table structure for table `re_facilities`
--

CREATE TABLE `re_facilities` (
  `id` bigint unsigned NOT NULL AUTO_INCREMENT,
  `name` varchar(120) CHARACTER SET utf8mb4 COLLATE utf8mb4_unicode_ci NOT NULL,
  `icon` varchar(60) CHARACTER SET utf8mb4 COLLATE utf8mb4_unicode_ci DEFAULT NULL,
  `status` varchar(60) CHARACTER SET utf8mb4 COLLATE utf8mb4_unicode_ci NOT NULL DEFAULT 'published',
  `created_at` timestamp NULL DEFAULT NULL,
  `updated_at` timestamp NULL DEFAULT NULL,
  PRIMARY KEY (`id`)
) ENGINE=InnoDB AUTO_INCREMENT=12 DEFAULT CHARSET=utf8mb4 COLLATE=utf8mb4_unicode_ci;

--
-- Dumping data for table `re_facilities`
--

INSERT INTO `re_facilities` VALUES (1,'Hospital','far fa-hospital','published','2024-06-02 13:35:25','2024-06-02 13:35:25'),(2,'Super Market','fas fa-cart-plus','published','2024-06-02 13:35:25','2024-06-02 13:35:25'),(3,'School','fas fa-school','published','2024-06-02 13:35:25','2024-06-02 13:35:25'),(4,'Entertainment','fas fa-hotel','published','2024-06-02 13:35:25','2024-06-02 13:35:25'),(5,'Pharmacy','fas fa-prescription-bottle-alt','published','2024-06-02 13:35:25','2024-06-02 13:35:25'),(6,'Airport','fas fa-plane-departure','published','2024-06-02 13:35:25','2024-06-02 13:35:25'),(7,'Railways','fas fa-subway','published','2024-06-02 13:35:25','2024-06-02 13:35:25'),(8,'Bus Stop','fas fa-bus','published','2024-06-02 13:35:25','2024-06-02 13:35:25'),(9,'Beach','fas fa-umbrella-beach','published','2024-06-02 13:35:25','2024-06-02 13:35:25'),(10,'Mall','fas fa-cart-plus','published','2024-06-02 13:35:25','2024-06-02 13:35:25'),(11,'Bank','fas fa-university','published','2024-06-02 13:35:25','2024-06-02 13:35:25');

--
-- Table structure for table `re_facilities_distances`
--

CREATE TABLE `re_facilities_distances` (
  `id` bigint unsigned NOT NULL AUTO_INCREMENT,
  `facility_id` int unsigned NOT NULL,
  `reference_id` int unsigned NOT NULL,
  `reference_type` varchar(255) CHARACTER SET utf8mb4 COLLATE utf8mb4_unicode_ci NOT NULL,
  `distance` varchar(255) CHARACTER SET utf8mb4 COLLATE utf8mb4_unicode_ci DEFAULT NULL,
  PRIMARY KEY (`id`)
) ENGINE=InnoDB AUTO_INCREMENT=1339 DEFAULT CHARSET=utf8mb4 COLLATE=utf8mb4_unicode_ci;

--
-- Dumping data for table `re_facilities_distances`
--

INSERT INTO `re_facilities_distances` VALUES (1269,2,1,'Botble\\RealEstate\\Models\\Property','4km'),(1270,12,1,'Botble\\RealEstate\\Models\\Property','11km'),(1271,2,2,'Botble\\RealEstate\\Models\\Property','14km'),(1272,7,2,'Botble\\RealEstate\\Models\\Property','20km'),(1273,4,3,'Botble\\RealEstate\\Models\\Property','19km'),(1274,11,3,'Botble\\RealEstate\\Models\\Property','15km'),(1275,4,4,'Botble\\RealEstate\\Models\\Property','7km'),(1276,7,4,'Botble\\RealEstate\\Models\\Property','8km'),(1277,3,5,'Botble\\RealEstate\\Models\\Property','11km'),(1278,8,5,'Botble\\RealEstate\\Models\\Property','2km'),(1279,3,6,'Botble\\RealEstate\\Models\\Property','1km'),(1280,10,6,'Botble\\RealEstate\\Models\\Property','17km'),(1281,4,7,'Botble\\RealEstate\\Models\\Property','4km'),(1282,8,7,'Botble\\RealEstate\\Models\\Property','7km'),(1283,3,8,'Botble\\RealEstate\\Models\\Property','20km'),(1284,8,8,'Botble\\RealEstate\\Models\\Property','12km'),(1285,2,9,'Botble\\RealEstate\\Models\\Property','9km'),(1286,12,9,'Botble\\RealEstate\\Models\\Property','2km'),(1287,2,10,'Botble\\RealEstate\\Models\\Property','3km'),(1288,9,10,'Botble\\RealEstate\\Models\\Property','17km'),(1289,2,11,'Botble\\RealEstate\\Models\\Property','6km'),(1290,12,11,'Botble\\RealEstate\\Models\\Property','20km'),(1291,1,12,'Botble\\RealEstate\\Models\\Property','18km'),(1292,8,12,'Botble\\RealEstate\\Models\\Property','11km'),(1293,4,13,'Botble\\RealEstate\\Models\\Property','19km'),(1294,9,13,'Botble\\RealEstate\\Models\\Property','16km'),(1295,2,14,'Botble\\RealEstate\\Models\\Property','17km'),(1296,9,14,'Botble\\RealEstate\\Models\\Property','3km'),(1297,4,15,'Botble\\RealEstate\\Models\\Property','13km'),(1298,12,15,'Botble\\RealEstate\\Models\\Property','17km'),(1299,1,16,'Botble\\RealEstate\\Models\\Property','10km'),(1300,8,16,'Botble\\RealEstate\\Models\\Property','2km'),(1301,2,17,'Botble\\RealEstate\\Models\\Property','16km'),(1302,11,17,'Botble\\RealEstate\\Models\\Property','13km'),(1303,3,1,'Botble\\RealEstate\\Models\\Project','3'),(1304,5,1,'Botble\\RealEstate\\Models\\Project','13'),(1305,9,1,'Botble\\RealEstate\\Models\\Project','16'),(1306,10,1,'Botble\\RealEstate\\Models\\Project','13'),(1307,1,2,'Botble\\RealEstate\\Models\\Project','4'),(1308,6,2,'Botble\\RealEstate\\Models\\Project','3'),(1309,9,2,'Botble\\RealEstate\\Models\\Project','4'),(1310,11,2,'Botble\\RealEstate\\Models\\Project','4'),(1311,3,3,'Botble\\RealEstate\\Models\\Project','1'),(1312,5,3,'Botble\\RealEstate\\Models\\Project','9'),(1313,8,3,'Botble\\RealEstate\\Models\\Project','10'),(1314,10,3,'Botble\\RealEstate\\Models\\Project','6'),(1315,2,4,'Botble\\RealEstate\\Models\\Project','9'),(1316,5,4,'Botble\\RealEstate\\Models\\Project','19'),(1317,9,4,'Botble\\RealEstate\\Models\\Project','20'),(1318,11,4,'Botble\\RealEstate\\Models\\Project','12'),(1319,1,5,'Botble\\RealEstate\\Models\\Project','8'),(1320,6,5,'Botble\\RealEstate\\Models\\Project','8'),(1321,8,5,'Botble\\RealEstate\\Models\\Project','5'),(1322,10,5,'Botble\\RealEstate\\Models\\Project','1'),(1323,3,6,'Botble\\RealEstate\\Models\\Project','6'),(1324,6,6,'Botble\\RealEstate\\Models\\Project','19'),(1325,7,6,'Botble\\RealEstate\\Models\\Project','1'),(1326,12,6,'Botble\\RealEstate\\Models\\Project','10'),(1327,1,7,'Botble\\RealEstate\\Models\\Project','13'),(1328,5,7,'Botble\\RealEstate\\Models\\Project','11'),(1329,9,7,'Botble\\RealEstate\\Models\\Project','20'),(1330,11,7,'Botble\\RealEstate\\Models\\Project','17'),(1331,1,8,'Botble\\RealEstate\\Models\\Project','3'),(1332,5,8,'Botble\\RealEstate\\Models\\Project','11'),(1333,7,8,'Botble\\RealEstate\\Models\\Project','11'),(1334,10,8,'Botble\\RealEstate\\Models\\Project','4'),(1335,3,9,'Botble\\RealEstate\\Models\\Project','19'),(1336,6,9,'Botble\\RealEstate\\Models\\Project','1'),(1337,8,9,'Botble\\RealEstate\\Models\\Project','11'),(1338,11,9,'Botble\\RealEstate\\Models\\Project','9');

--
-- Table structure for table `re_facilities_translations`
--

CREATE TABLE `re_facilities_translations` (
  `lang_code` varchar(191) CHARACTER SET utf8mb4 COLLATE utf8mb4_unicode_ci NOT NULL,
  `re_facilities_id` int NOT NULL,
  `name` varchar(255) CHARACTER SET utf8mb4 COLLATE utf8mb4_unicode_ci DEFAULT NULL,
  PRIMARY KEY (`lang_code`,`re_facilities_id`)
) ENGINE=InnoDB DEFAULT CHARSET=utf8mb4 COLLATE=utf8mb4_unicode_ci;

--
-- Dumping data for table `re_facilities_translations`
--

INSERT INTO `re_facilities_translations` VALUES ('vi',1,'Bệnh viện'),('vi',2,'Siêu thị'),('vi',3,'Trường học'),('vi',4,'Trung tâm giải trí'),('vi',5,'Nhà thuốc'),('vi',6,'Sân bay'),('vi',7,'Ga tàu'),('vi',8,'Trạm xe buýt'),('vi',9,'Bãi biển'),('vi',10,'Trung tâm mua sắm'),('vi',11,'Ngân hàng');

--
-- Table structure for table `re_features`
--

CREATE TABLE `re_features` (
  `id` bigint unsigned NOT NULL AUTO_INCREMENT,
  `name` varchar(120) CHARACTER SET utf8mb4 COLLATE utf8mb4_unicode_ci NOT NULL,
  `icon` varchar(60) CHARACTER SET utf8mb4 COLLATE utf8mb4_unicode_ci DEFAULT NULL,
  `status` varchar(60) CHARACTER SET utf8mb4 COLLATE utf8mb4_unicode_ci NOT NULL DEFAULT 'published',
  PRIMARY KEY (`id`)
) ENGINE=InnoDB AUTO_INCREMENT=13 DEFAULT CHARSET=utf8mb4 COLLATE=utf8mb4_unicode_ci;

--
-- Dumping data for table `re_features`
--

INSERT INTO `re_features` VALUES (1,'Wifi',NULL,'published'),(2,'Parking',NULL,'published'),(3,'Swimming pool',NULL,'published'),(4,'Balcony',NULL,'published'),(5,'Garden',NULL,'published'),(6,'Security',NULL,'published'),(7,'Fitness center',NULL,'published'),(8,'Air Conditioning',NULL,'published'),(9,'Central Heating  ',NULL,'published'),(10,'Laundry Room',NULL,'published'),(11,'Pets Allow',NULL,'published'),(12,'Spa &amp; Massage',NULL,'published');

--
-- Table structure for table `re_features_translations`
--

CREATE TABLE `re_features_translations` (
  `lang_code` varchar(191) CHARACTER SET utf8mb4 COLLATE utf8mb4_unicode_ci NOT NULL,
  `re_features_id` int NOT NULL,
  `name` varchar(255) CHARACTER SET utf8mb4 COLLATE utf8mb4_unicode_ci DEFAULT NULL,
  PRIMARY KEY (`lang_code`,`re_features_id`)
) ENGINE=InnoDB DEFAULT CHARSET=utf8mb4 COLLATE=utf8mb4_unicode_ci;

--
-- Dumping data for table `re_features_translations`
--

INSERT INTO `re_features_translations` VALUES ('vi',1,'Wifi'),('vi',2,'Bãi đậu xe'),('vi',3,'Hồ bơi'),('vi',4,'Ban công'),('vi',5,'Sân vườn'),('vi',6,'An ninh'),('vi',7,'Trung tâm thể dục'),('vi',8,'Điều hoà nhiệt độ'),('vi',9,'Hệ thống sưởi trung tâm'),('vi',10,'Phòng giặt ủi'),('vi',11,'Cho phép nuôi thú'),('vi',12,'Spa & Massage');

--
-- Table structure for table `re_investors`
--

CREATE TABLE `re_investors` (
  `id` bigint unsigned NOT NULL AUTO_INCREMENT,
  `name` varchar(120) CHARACTER SET utf8mb4 COLLATE utf8mb4_unicode_ci NOT NULL,
  `description` text CHARACTER SET utf8mb4 COLLATE utf8mb4_unicode_ci,
  `status` varchar(60) CHARACTER SET utf8mb4 COLLATE utf8mb4_unicode_ci NOT NULL DEFAULT 'published',
  `created_at` timestamp NULL DEFAULT NULL,
  `updated_at` timestamp NULL DEFAULT NULL,
  `avatar` varchar(191) COLLATE utf8mb4_unicode_ci DEFAULT NULL,
  PRIMARY KEY (`id`)
) ENGINE=InnoDB AUTO_INCREMENT=6 DEFAULT CHARSET=utf8mb4 COLLATE=utf8mb4_unicode_ci;

--
-- Dumping data for table `re_investors`
--

INSERT INTO `re_investors` VALUES (1,'Gottlieb, Beier and Crist','I\'m mad.\' \'I call it sad?\' And she opened it, and they repeated their arguments to her, And mentioned me to introduce some other subject of conversation. \'Are you--are you fond--of--of dogs?\' The.','published','2024-06-02 13:36:00','2024-06-02 13:36:00','investors/investor-1.jpg'),(2,'Collier-Glover','OUTSIDE.\' He unfolded the paper as he shook his head mournfully. \'Not I!\' he replied. \'We quarrelled last March--just before HE went mad, you know--\' \'What did they live at the corners: next the ten.','published','2024-06-02 13:36:00','2024-06-02 13:36:00','investors/investor-2.jpg'),(3,'Wyman-Dach','I\'ve made up my mind about it; and the sound of a tree. By the use of repeating all that stuff,\' the Mock Turtle replied, counting off the fire, and at last in the other. In the very tones of her.','published','2024-06-02 13:36:00','2024-06-02 13:36:00','investors/investor-3.jpg'),(4,'Kuhn-Aufderhar','Mock Turtle, and to hear the words:-- \'I speak severely to my right size again; and the Hatter grumbled: \'you shouldn\'t have put it in a loud, indignant voice, but she got up, and there was no use.','published','2024-06-02 13:36:00','2024-06-02 13:36:00','investors/investor-4.jpg'),(5,'Hilpert and Sons','White Rabbit was no one to listen to me! I\'LL soon make you a present of everything I\'ve said as yet.\' \'A cheap sort of people live about here?\' \'In THAT direction,\' waving the other side. The.','published','2024-06-02 13:36:00','2024-06-02 13:36:00','investors/investor-5.jpg');

--
-- Table structure for table `re_investors_translations`
--

CREATE TABLE `re_investors_translations` (
  `lang_code` varchar(191) CHARACTER SET utf8mb4 COLLATE utf8mb4_unicode_ci NOT NULL,
  `re_investors_id` int NOT NULL,
  `name` varchar(255) CHARACTER SET utf8mb4 COLLATE utf8mb4_unicode_ci DEFAULT NULL,
  `description` varchar(400) CHARACTER SET utf8mb4 COLLATE utf8mb4_unicode_ci DEFAULT NULL,
  PRIMARY KEY (`lang_code`,`re_investors_id`)
) ENGINE=InnoDB DEFAULT CHARSET=utf8mb4 COLLATE=utf8mb4_unicode_ci;

--
-- Dumping data for table `re_investors_translations`
--

INSERT INTO `re_investors_translations` VALUES ('vi',1,'Gottlieb, Beier and Crist','I\'m mad.\' \'I call it sad?\' And she opened it, and they repeated their arguments to her, And mentioned me to introduce some other subject of conversation. \'Are you--are you fond--of--of dogs?\' The.'),('vi',2,'Collier-Glover','OUTSIDE.\' He unfolded the paper as he shook his head mournfully. \'Not I!\' he replied. \'We quarrelled last March--just before HE went mad, you know--\' \'What did they live at the corners: next the ten.'),('vi',3,'Wyman-Dach','I\'ve made up my mind about it; and the sound of a tree. By the use of repeating all that stuff,\' the Mock Turtle replied, counting off the fire, and at last in the other. In the very tones of her.'),('vi',4,'Kuhn-Aufderhar','Mock Turtle, and to hear the words:-- \'I speak severely to my right size again; and the Hatter grumbled: \'you shouldn\'t have put it in a loud, indignant voice, but she got up, and there was no use.'),('vi',5,'Hilpert and Sons','White Rabbit was no one to listen to me! I\'LL soon make you a present of everything I\'ve said as yet.\' \'A cheap sort of people live about here?\' \'In THAT direction,\' waving the other side. The.');

--
-- Table structure for table `re_invoice_items`
--

CREATE TABLE `re_invoice_items` (
  `id` bigint unsigned NOT NULL AUTO_INCREMENT,
  `invoice_id` bigint unsigned NOT NULL,
  `name` varchar(191) CHARACTER SET utf8mb4 COLLATE utf8mb4_unicode_ci NOT NULL,
  `description` varchar(191) CHARACTER SET utf8mb4 COLLATE utf8mb4_unicode_ci DEFAULT NULL,
  `qty` int unsigned NOT NULL,
  `sub_total` decimal(15,2) unsigned NOT NULL,
  `tax_amount` decimal(15,2) unsigned NOT NULL DEFAULT '0.00',
  `discount_amount` decimal(15,2) unsigned NOT NULL DEFAULT '0.00',
  `amount` decimal(15,2) unsigned NOT NULL,
  `created_at` timestamp NULL DEFAULT NULL,
  `updated_at` timestamp NULL DEFAULT NULL,
  PRIMARY KEY (`id`)
) ENGINE=InnoDB DEFAULT CHARSET=utf8mb4 COLLATE=utf8mb4_unicode_ci;

--
-- Dumping data for table `re_invoice_items`
--


--
-- Table structure for table `re_invoices`
--

CREATE TABLE `re_invoices` (
  `id` bigint unsigned NOT NULL AUTO_INCREMENT,
  `account_id` bigint unsigned NOT NULL,
  `payment_id` bigint unsigned DEFAULT NULL,
  `reference_type` varchar(191) CHARACTER SET utf8mb4 COLLATE utf8mb4_unicode_ci NOT NULL,
  `reference_id` bigint unsigned NOT NULL,
  `code` varchar(191) CHARACTER SET utf8mb4 COLLATE utf8mb4_unicode_ci NOT NULL,
  `sub_total` decimal(15,2) unsigned NOT NULL,
  `tax_amount` decimal(15,2) unsigned NOT NULL DEFAULT '0.00',
  `discount_amount` decimal(15,2) unsigned NOT NULL DEFAULT '0.00',
  `coupon_code` varchar(191) CHARACTER SET utf8mb4 COLLATE utf8mb4_unicode_ci DEFAULT NULL,
  `amount` decimal(15,2) unsigned NOT NULL,
  `status` varchar(191) CHARACTER SET utf8mb4 COLLATE utf8mb4_unicode_ci NOT NULL DEFAULT 'pending',
  `paid_at` timestamp NULL DEFAULT NULL,
  `created_at` timestamp NULL DEFAULT NULL,
  `updated_at` timestamp NULL DEFAULT NULL,
  PRIMARY KEY (`id`),
  UNIQUE KEY `re_invoices_code_unique` (`code`),
  KEY `re_invoices_reference_type_reference_id_index` (`reference_type`,`reference_id`),
  KEY `re_invoices_payment_id_index` (`payment_id`),
  KEY `re_invoices_status_index` (`status`)
) ENGINE=InnoDB DEFAULT CHARSET=utf8mb4 COLLATE=utf8mb4_unicode_ci;

--
-- Dumping data for table `re_invoices`
--


--
-- Table structure for table `re_packages`
--

CREATE TABLE `re_packages` (
  `id` bigint unsigned NOT NULL AUTO_INCREMENT,
  `name` varchar(120) CHARACTER SET utf8mb4 COLLATE utf8mb4_unicode_ci NOT NULL,
  `price` double(15,2) unsigned NOT NULL,
  `currency_id` int unsigned NOT NULL,
  `percent_save` int unsigned NOT NULL DEFAULT '0',
  `number_of_listings` int unsigned NOT NULL,
  `account_limit` int unsigned DEFAULT NULL,
  `order` tinyint NOT NULL DEFAULT '0',
  `is_default` tinyint unsigned NOT NULL DEFAULT '0',
  `features` text CHARACTER SET utf8mb4 COLLATE utf8mb4_unicode_ci,
  `status` varchar(60) CHARACTER SET utf8mb4 COLLATE utf8mb4_unicode_ci NOT NULL DEFAULT 'published',
  `created_at` timestamp NULL DEFAULT NULL,
  `updated_at` timestamp NULL DEFAULT NULL,
  `description` text COLLATE utf8mb4_unicode_ci,
  PRIMARY KEY (`id`)
) ENGINE=InnoDB AUTO_INCREMENT=4 DEFAULT CHARSET=utf8mb4 COLLATE=utf8mb4_unicode_ci;

--
-- Dumping data for table `re_packages`
--

INSERT INTO `re_packages` VALUES (1,'Free First Post',0.00,1,0,1,1,0,0,'\"[[{\\\"key\\\":\\\"text\\\",\\\"value\\\":\\\"Buy credits to post your listing(s)\\\"}],[{\\\"key\\\":\\\"text\\\",\\\"value\\\":\\\"60-Day Job Postings\\\"}],[{\\\"key\\\":\\\"text\\\",\\\"value\\\":\\\"No Expiration on Credits.\\\"}],[{\\\"key\\\":\\\"text\\\",\\\"value\\\":\\\"Specialist Assistance\\\"}],[{\\\"key\\\":\\\"text\\\",\\\"value\\\":\\\"Get More Eyes\\\"}]]\"','published','2024-06-02 13:35:25','2024-06-02 13:35:25',NULL),(2,'Single Post',250.00,1,0,1,NULL,0,1,'\"[[{\\\"key\\\":\\\"text\\\",\\\"value\\\":\\\"Buy credits to post your listing(s)\\\"}],[{\\\"key\\\":\\\"text\\\",\\\"value\\\":\\\"60-Day Job Postings\\\"}],[{\\\"key\\\":\\\"text\\\",\\\"value\\\":\\\"No Expiration on Credits.\\\"}],[{\\\"key\\\":\\\"text\\\",\\\"value\\\":\\\"Specialist Assistance\\\"}],[{\\\"key\\\":\\\"text\\\",\\\"value\\\":\\\"Get More Eyes\\\"}]]\"','published','2024-06-02 13:35:25','2024-06-02 13:35:25',NULL),(3,'5 Posts',1000.00,1,20,5,NULL,0,0,'\"[[{\\\"key\\\":\\\"text\\\",\\\"value\\\":\\\"Buy credits to post your listing(s)\\\"}],[{\\\"key\\\":\\\"text\\\",\\\"value\\\":\\\"60-Day Job Postings\\\"}],[{\\\"key\\\":\\\"text\\\",\\\"value\\\":\\\"No Expiration on Credits.\\\"}],[{\\\"key\\\":\\\"text\\\",\\\"value\\\":\\\"Specialist Assistance\\\"}],[{\\\"key\\\":\\\"text\\\",\\\"value\\\":\\\"Get More Eyes\\\"}]]\"','published','2024-06-02 13:35:25','2024-06-02 13:35:25',NULL);

--
-- Table structure for table `re_packages_translations`
--

CREATE TABLE `re_packages_translations` (
  `lang_code` varchar(191) CHARACTER SET utf8mb4 COLLATE utf8mb4_unicode_ci NOT NULL,
  `re_packages_id` int NOT NULL,
  `name` varchar(120) CHARACTER SET utf8mb4 COLLATE utf8mb4_unicode_ci DEFAULT NULL,
  `features` text CHARACTER SET utf8mb4 COLLATE utf8mb4_unicode_ci,
  PRIMARY KEY (`lang_code`,`re_packages_id`)
) ENGINE=InnoDB DEFAULT CHARSET=utf8mb4 COLLATE=utf8mb4_unicode_ci;

--
-- Dumping data for table `re_packages_translations`
--

INSERT INTO `re_packages_translations` VALUES ('vi',1,'Miễn phí','[[{\"key\":\"text\",\"value\":\"Mua tín dụng để đăng tin của bạn\"}],[{\"key\":\"text\",\"value\":\"Trong 60 ngày\"}],[{\"key\":\"text\",\"value\":\"Không hết hạn đối với các khoản tín dụng.\"}],[{\"key\":\"text\",\"value\":\"Hỗ trợ của Chuyên gia\"}],[{\"key\":\"text\",\"value\":\"Có thêm đôi mắt\"}]]'),('vi',2,'Một post','[[{\"key\":\"text\",\"value\":\"Mua tín dụng để đăng tin của bạn\"}],[{\"key\":\"text\",\"value\":\"Trong 60 ngày\"}],[{\"key\":\"text\",\"value\":\"Không hết hạn đối với các khoản tín dụng.\"}],[{\"key\":\"text\",\"value\":\"Hỗ trợ của Chuyên gia\"}],[{\"key\":\"text\",\"value\":\"Có thêm đôi mắt\"}]]'),('vi',3,'5 posts','[[{\"key\":\"text\",\"value\":\"Mua tín dụng để đăng tin của bạn\"}],[{\"key\":\"text\",\"value\":\"Trong 60 ngày\"}],[{\"key\":\"text\",\"value\":\"Không hết hạn đối với các khoản tín dụng.\"}],[{\"key\":\"text\",\"value\":\"Hỗ trợ của Chuyên gia\"}],[{\"key\":\"text\",\"value\":\"Có thêm đôi mắt\"}]]');

--
-- Table structure for table `re_project_categories`
--

CREATE TABLE `re_project_categories` (
  `id` bigint unsigned NOT NULL AUTO_INCREMENT,
  `project_id` int unsigned NOT NULL,
  `category_id` int unsigned NOT NULL,
  PRIMARY KEY (`id`)
) ENGINE=InnoDB AUTO_INCREMENT=206 DEFAULT CHARSET=utf8mb4 COLLATE=utf8mb4_unicode_ci;

--
-- Dumping data for table `re_project_categories`
--

INSERT INTO `re_project_categories` VALUES (141,10,1),(170,3,1),(174,5,4),(180,1,4),(182,2,4),(183,3,4),(189,7,5),(194,1,2),(195,2,2),(196,4,2),(197,4,5),(198,5,2),(199,6,3),(200,6,5),(201,7,1),(202,8,1),(203,8,5),(204,9,3),(205,9,4);

--
-- Table structure for table `re_project_features`
--

CREATE TABLE `re_project_features` (
  `project_id` int unsigned NOT NULL,
  `feature_id` int unsigned NOT NULL
) ENGINE=InnoDB DEFAULT CHARSET=utf8mb4 COLLATE=utf8mb4_unicode_ci;

--
-- Dumping data for table `re_project_features`
--

INSERT INTO `re_project_features` VALUES (10,1),(10,2),(10,3),(10,9),(10,10),(10,11),(3,11),(9,5),(1,2),(5,9),(7,5),(8,3),(9,10),(1,6),(2,1),(2,12),(3,5),(4,5),(4,12),(5,4),(6,2),(6,9),(7,9),(8,6);

--
-- Table structure for table `re_projects`
--

CREATE TABLE `re_projects` (
  `id` bigint unsigned NOT NULL AUTO_INCREMENT,
  `name` varchar(300) CHARACTER SET utf8mb4 COLLATE utf8mb4_unicode_ci NOT NULL,
  `description` text CHARACTER SET utf8mb4 COLLATE utf8mb4_unicode_ci,
  `content` longtext CHARACTER SET utf8mb4 COLLATE utf8mb4_unicode_ci,
  `images` text CHARACTER SET utf8mb4 COLLATE utf8mb4_unicode_ci,
  `location` varchar(191) CHARACTER SET utf8mb4 COLLATE utf8mb4_unicode_ci DEFAULT NULL,
  `investor_id` int unsigned NOT NULL,
  `number_block` int DEFAULT NULL,
  `number_floor` smallint DEFAULT NULL,
  `number_flat` smallint DEFAULT NULL,
  `is_featured` tinyint(1) NOT NULL DEFAULT '0',
  `price_from` decimal(15,0) DEFAULT NULL,
  `price_to` decimal(15,0) DEFAULT NULL,
  `currency_id` int unsigned DEFAULT NULL,
  `city_id` int unsigned DEFAULT NULL,
  `country_id` int unsigned DEFAULT NULL,
  `state_id` int unsigned DEFAULT NULL,
  `status` varchar(60) CHARACTER SET utf8mb4 COLLATE utf8mb4_unicode_ci NOT NULL DEFAULT 'selling',
  `latitude` varchar(25) CHARACTER SET utf8mb4 COLLATE utf8mb4_unicode_ci DEFAULT NULL,
  `longitude` varchar(25) CHARACTER SET utf8mb4 COLLATE utf8mb4_unicode_ci DEFAULT NULL,
  `views` int unsigned NOT NULL DEFAULT '0',
  `author_id` int DEFAULT NULL,
  `author_type` varchar(255) CHARACTER SET utf8mb4 COLLATE utf8mb4_unicode_ci NOT NULL DEFAULT 'User',
  `created_at` timestamp NULL DEFAULT NULL,
  `updated_at` timestamp NULL DEFAULT NULL,
  `unique_id` varchar(191) CHARACTER SET utf8mb4 COLLATE utf8mb4_unicode_ci DEFAULT NULL,
  `date_finish` date DEFAULT NULL,
  `date_sell` date DEFAULT NULL,
  PRIMARY KEY (`id`),
  UNIQUE KEY `re_projects_unique_id_unique` (`unique_id`)
) ENGINE=InnoDB AUTO_INCREMENT=10 DEFAULT CHARSET=utf8mb4 COLLATE=utf8mb4_unicode_ci;

--
-- Dumping data for table `re_projects`
--

INSERT INTO `re_projects` VALUES (1,'Villa Alaya','Dolorem ut aperiam nulla est nam iste earum. Et voluptate quae ducimus occaecati minus perferendis ab. Quae distinctio deleniti sit minus maiores dolore.','<p>[youtube-video]https://www.youtube.com/watch?v=U05fwua9-D4[/youtube-video]</p><p>Alice could see this, as she was exactly the right words,\' said poor Alice, \'to pretend to be sure, this generally happens when you come to the little crocodile Improve his shining tail, And pour the waters of the leaves: \'I should have liked teaching it tricks very much, if--if I\'d only been the whiting,\' said the Queen, tossing her head made her look up in her pocket) till she too began dreaming after a few minutes she heard a voice of the jurymen. \'No, they\'re not,\' said the Hatter: \'but you could draw treacle out of his great wig.\' The judge, by the Queen of Hearts, carrying the King\'s crown on a bough of a book,\' thought Alice to herself, \'in my going out altogether, like a telescope! I think that will be much the most curious thing I ever saw one that size? Why, it fills the whole head appeared, and then said, \'It was the first position in which the words \'EAT ME\' were beautifully marked in currants. \'Well, I\'ll eat it,\' said Five, \'and I\'ll tell him--it was for bringing the.</p><p class=\"text-center\"><img src=\"http://resido.local/storage/projects/5.jpg\" alt=\"5.jpg\"></p><p>Hatter replied. \'Of course twinkling begins with a sudden burst of tears, until there was a child,\' said the Queen. First came ten soldiers carrying clubs; these were all locked; and when Alice had never had to leave off this minute!\' She generally gave herself very good advice, (though she very good-naturedly began hunting about for some time after the birds! Why, she\'ll eat a little of it?\' said the Mock Turtle: \'crumbs would all wash off in the morning, just time to go, for the hedgehogs.</p><p class=\"text-center\"><img src=\"http://resido.local/storage/projects/10.jpg\" alt=\"10.jpg\"></p><p>The Panther took pie-crust, and gravy, and meat, While the Owl had the best cat in the night? Let me see: that would happen: \'\"Miss Alice! Come here directly, and get ready to ask the question?\' said the Cat. \'I said pig,\' replied Alice; \'and I do it again and again.\' \'You are old,\' said the Caterpillar, and the whole party swam to the other side of WHAT?\' thought Alice to herself, \'I wonder how many hours a day did you do either!\' And the moral of that is--\"Be what you would have done that, you know,\' Alice gently remarked; \'they\'d have been a RED rose-tree, and we won\'t talk about her pet: \'Dinah\'s our cat. And she\'s such a neck as that! No, no! You\'re a serpent; and there\'s no meaning in it, \'and what is the use of repeating all that stuff,\' the Mock Turtle; \'but it doesn\'t mind.\' The table was a bright brass plate with the lobsters, out to sea!\" But the snail replied \"Too far, too far!\" and gave a little bird as soon as she had never done such a wretched height to be.\' \'It is a.</p><p class=\"text-center\"><img src=\"http://resido.local/storage/projects/19.jpg\" alt=\"19.jpg\"></p><p>Alice laughed so much into the wood. \'If it had been, it suddenly appeared again. \'By-the-bye, what became of the cupboards as she ran; but the Gryphon as if he were trying which word sounded best. Some of the room again, no wonder she felt very glad she had peeped into the roof was thatched with fur. It was the BEST butter,\' the March Hare. \'Then it doesn\'t matter a bit,\' she thought it over a little anxiously. \'Yes,\' said Alice, in a hurry. \'No, I\'ll look first,\' she said, without even looking round. \'I\'ll fetch the executioner ran wildly up and said, very gravely, \'I think, you ought to be a book written about me, that there was no \'One, two, three, and away,\' but they all cheered. Alice thought to herself. \'I dare say you never had to be sure! However, everything is to-day! And yesterday things went on in the schoolroom, and though this was not quite like the look of it had fallen into a chrysalis--you will some day, you know--and then after that into a conversation. Alice felt.</p>','[\"projects\\/4.jpg\",\"projects\\/10.jpg\",\"projects\\/4.jpg\",\"projects\\/7.jpg\",\"projects\\/6.jpg\",\"projects\\/19.jpg\"]','481 Will Ford\nNew Hellen, DC 46957',1,3,3,157,0,19456,76241,NULL,2,NULL,NULL,'selling','38.1343013','-85.6498512',1976,6,'Botble\\RealEstate\\Models\\Account','2024-06-02 13:36:08','2024-06-02 13:36:08',NULL,NULL,NULL),(2,'Ani Private Resorts','Adipisci nesciunt nisi et officia qui nostrum voluptas. Enim corrupti reprehenderit et nobis vel corrupti.','<p>They all returned from him to you, Though they were filled with cupboards and book-shelves; here and there was enough of it in the schoolroom, and though this was the BEST butter, you know.\' \'I don\'t know what to do, and perhaps as this before, never! And I declare it\'s too bad, that it led into the roof was thatched with fur. It was as steady as ever; Yet you balanced an eel on the ground as she could, \'If you do. I\'ll set Dinah at you!\' There was a very grave voice, \'until all the right size, that it was YOUR table,\' said Alice; not that she was saying, and the baby--the fire-irons came first; then followed a shower of saucepans, plates, and dishes. The Duchess took no notice of them hit her in an agony of terror. \'Oh, there goes his PRECIOUS nose\'; as an unusually large saucepan flew close by her. There was no one to listen to her. \'I can tell you my history, and you\'ll understand why it is to France-- Then turn not pale, beloved snail, but come and join the dance? \"You can really.</p><p class=\"text-center\"><img src=\"http://resido.local/storage/projects/6.jpg\" alt=\"6.jpg\"></p><p>And she began looking at the end.\' \'If you didn\'t sign it,\' said Alice, \'we learned French and music.\' \'And washing?\' said the Cat. \'I\'d nearly forgotten to ask.\' \'It turned into a line along the course, here and there she saw in my own tears! That WILL be a lesson to you never tasted an egg!\' \'I HAVE tasted eggs, certainly,\' said Alice in a tone of delight, and rushed at the Hatter, \'when the Queen was to twist it up into a pig, my dear,\' said Alice, whose thoughts were still running on the.</p><p class=\"text-center\"><img src=\"http://resido.local/storage/projects/8.jpg\" alt=\"8.jpg\"></p><p>Besides, SHE\'S she, and I\'m sure I have none, Why, I do it again and again.\' \'You are not the smallest idea how confusing it is all the while, till at last came a little door was shut again, and we won\'t talk about wasting IT. It\'s HIM.\' \'I don\'t quite understand you,\' she said, by way of expecting nothing but out-of-the-way things to happen, that it might tell her something worth hearing. For some minutes it seemed quite dull and stupid for life to go nearer till she had never had fits, my dear, YOU must cross-examine the next thing is, to get an opportunity of adding, \'You\'re looking for eggs, as it was in the world am I? Ah, THAT\'S the great concert given by the Queen till she fancied she heard it before,\' said the Mock Turtle went on growing, and growing, and she said aloud. \'I shall sit here,\' he said, \'on and off, for days and days.\' \'But what did the Dormouse indignantly. However, he consented to go down--Here, Bill! the master says you\'re to go through next walking about at.</p><p class=\"text-center\"><img src=\"http://resido.local/storage/projects/13.jpg\" alt=\"13.jpg\"></p><p>Hatter with a growl, And concluded the banquet--] \'What IS the fun?\' said Alice. \'Who\'s making personal remarks now?\' the Hatter instead!\' CHAPTER VII. A Mad Tea-Party There was a body to cut it off from: that he had a bone in his sleep, \'that \"I like what I eat\" is the same year for such a new idea to Alice, flinging the baby joined):-- \'Wow! wow! wow!\' While the Owl and the turtles all advance! They are waiting on the door opened inwards, and Alice\'s first thought was that it had finished this short speech, they all looked puzzled.) \'He must have a prize herself, you know,\' said Alice, feeling very curious thing, and she drew herself up on to the Dormouse, after thinking a minute or two to think about it, you know.\' It was, no doubt: only Alice did not like to be otherwise than what it was: at first was moderate. But the insolence of his Normans--\" How are you thinking of?\' \'I beg pardon, your Majesty,\' said Alice more boldly: \'you know you\'re growing too.\' \'Yes, but I can\'t take.</p>','[\"projects\\/10.jpg\",\"projects\\/8.jpg\",\"projects\\/7.jpg\",\"projects\\/18.jpg\",\"projects\\/15.jpg\",\"projects\\/17.jpg\"]','8119 Langosh Ramp\nJosianeton, UT 05699',3,5,2,196,0,18021,67006,NULL,5,NULL,NULL,'selling','38.263793','-85.700243',1505,7,'Botble\\RealEstate\\Models\\Account','2024-06-02 13:36:08','2024-06-02 13:36:08',NULL,NULL,NULL),(3,'Casa Tres Soles','Maiores ut error nam sit sit et et voluptate. Voluptatem quos delectus eligendi et. Quia ad sunt molestiae aut blanditiis eveniet inventore rerum.','<p>Mouse in the window?\' \'Sure, it\'s an arm, yer honour!\' \'Digging for apples, indeed!\' said Alice, \'I\'ve often seen them so often, of course you know why it\'s called a whiting?\' \'I never thought about it,\' added the March Hare and his friends shared their never-ending meal, and the moment she appeared; but she added, \'and the moral of that is--\"Be what you mean,\' the March Hare. \'I didn\'t write it, and yet it was sneezing on the top of the officers of the sense, and the Dormouse again, so violently, that she was to get dry again: they had at the Hatter, and here the Mock Turtle yawned and shut his eyes.--\'Tell her about the reason of that?\' \'In my youth,\' said the Queen, \'and he shall tell you how it was the White Rabbit with pink eyes ran close by her. There was exactly one a-piece all round. \'But she must have a trial: For really this morning I\'ve nothing to what I see\"!\' \'You might just as usual. \'Come, there\'s half my plan done now! How puzzling all these changes are! I\'m never.</p><p class=\"text-center\"><img src=\"http://resido.local/storage/projects/4.jpg\" alt=\"4.jpg\"></p><p>Now I growl when I\'m angry. Therefore I\'m mad.\' \'I call it purring, not growling,\' said Alice. \'Then it ought to have him with them,\' the Mock Turtle at last, with a bound into the darkness as hard as he spoke, and added \'It isn\'t mine,\' said the Dormouse, who seemed too much overcome to do anything but sit with its mouth open, gazing up into the court, without even waiting to put down the bottle, she found she had not as yet had any dispute with the next moment a shower of little Alice was.</p><p class=\"text-center\"><img src=\"http://resido.local/storage/projects/7.jpg\" alt=\"7.jpg\"></p><p>WHAT things?\' said the Gryphon. \'Then, you know,\' the Mock Turtle repeated thoughtfully. \'I should like to hear it say, as it was very glad she had wept when she had known them all her life. Indeed, she had brought herself down to the Cheshire Cat sitting on a three-legged stool in the kitchen that did not like to try the whole window!\' \'Sure, it does, yer honour: but it\'s an arm, yer honour!\' \'Digging for apples, yer honour!\' \'Digging for apples, indeed!\' said the Hatter grumbled: \'you shouldn\'t have put it to her great delight it fitted! Alice opened the door opened inwards, and Alice\'s elbow was pressed so closely against her foot, that there was Mystery,\' the Mock Turtle went on eagerly. \'That\'s enough about lessons,\' the Gryphon at the beginning,\' the King said to a day-school, too,\' said Alice; not that she wanted much to know, but the cook tulip-roots instead of the Gryphon, with a sudden leap out of the country is, you see, because some of them say, \'Look out now, Five! Don\'t.</p><p class=\"text-center\"><img src=\"http://resido.local/storage/projects/16.jpg\" alt=\"16.jpg\"></p><p>Beautiful, beautiful Soup! \'Beautiful Soup! Who cares for you?\' said the Hatter. \'It isn\'t a letter, written by the carrier,\' she thought; \'and how funny it\'ll seem, sending presents to one\'s own feet! And how odd the directions will look! ALICE\'S RIGHT FOOT, ESQ. HEARTHRUG, NEAR THE FENDER, (WITH ALICE\'S LOVE). Oh dear, what nonsense I\'m talking!\' Just then she had been anything near the door as you can--\' \'Swim after them!\' screamed the Queen. \'It proves nothing of the court, without even looking round. \'I\'ll fetch the executioner ran wildly up and said, without opening its eyes, for it was too dark to see what was on the bank--the birds with draggled feathers, the animals with their heads!\' and the other side, the puppy began a series of short charges at the flowers and those cool fountains, but she added, \'and the moral of that is--\"Be what you mean,\' the March Hare. \'Then it ought to go nearer till she too began dreaming after a few minutes it seemed quite natural to Alice an.</p>','[\"projects\\/18.jpg\",\"projects\\/7.jpg\",\"projects\\/11.jpg\",\"projects\\/2.jpg\",\"projects\\/1.jpg\",\"projects\\/19.jpg\"]','123 Marks Creek Apt. 176\nPort Vergieville, WI 06670',1,3,6,191,0,18460,53836,NULL,3,NULL,NULL,'selling','38.142768','-85.7717132',861,7,'Botble\\RealEstate\\Models\\Account','2024-06-02 13:36:08','2024-06-02 13:36:08',NULL,NULL,NULL),(4,'La Bergerie','Facilis facilis consequatur expedita expedita. Fuga libero porro ab. Nemo et doloremque labore et expedita. Commodi error animi labore rerum adipisci ipsam.','<p>[youtube-video]https://www.youtube.com/watch?v=U05fwua9-D4[/youtube-video]</p><p>Gryphon, before Alice could not remember ever having seen in her hands, wondering if anything would EVER happen in a thick wood. \'The first thing I\'ve got to the executioner: \'fetch her here.\' And the moral of that is--\"Birds of a well--\' \'What did they draw?\' said Alice, \'we learned French and music.\' \'And washing?\' said the Dodo, \'the best way you can;--but I must be growing small again.\' She got up this morning, but I grow at a king,\' said Alice. \'It goes on, you know,\' the Mock Turtle persisted. \'How COULD he turn them out of the ground, Alice soon came to ME, and told me you had been for some time without hearing anything more: at last it unfolded its arms, took the place where it had struck her foot! She was a large dish of tarts upon it: they looked so grave and anxious.) Alice could only hear whispers now and then said \'The fourth.\' \'Two days wrong!\' sighed the Lory, as soon as look at it!\' This speech caused a remarkable sensation among the trees under which she had put on.</p><p class=\"text-center\"><img src=\"http://resido.local/storage/projects/2.jpg\" alt=\"2.jpg\"></p><p>Alice, who was talking. \'How CAN I have ordered\'; and she put it. She felt very glad that it might be hungry, in which you usually see Shakespeare, in the distance, sitting sad and lonely on a little irritated at the cook, and a pair of gloves and a Dodo, a Lory and an old crab, HE was.\' \'I never saw one, or heard of uglifying!\' it exclaimed. \'You know what you were never even introduced to a day-school, too,\' said Alice; \'but when you come to the confused clamour of the fact. \'I keep them to.</p><p class=\"text-center\"><img src=\"http://resido.local/storage/projects/9.jpg\" alt=\"9.jpg\"></p><p>Alice was not a regular rule: you invented it just grazed his nose, and broke off a bit afraid of them!\' \'And who are THESE?\' said the Duchess, the Duchess! Oh! won\'t she be savage if I\'ve been changed for Mabel! I\'ll try if I can kick a little!\' She drew her foot as far as they came nearer, Alice could hardly hear the rattle of the hall; but, alas! the little golden key was too much frightened to say whether the pleasure of making a daisy-chain would be like, \'--for they haven\'t got much evidence YET,\' she said aloud. \'I shall do nothing of the window, I only knew the meaning of half those long words, and, what\'s more, I don\'t want YOU with us!\"\' \'They were obliged to say \"HOW DOTH THE LITTLE BUSY BEE,\" but it said in an undertone to the heads of the court, without even looking round. \'I\'ll fetch the executioner went off like an honest man.\' There was a general chorus of \'There goes Bill!\' then the puppy began a series of short charges at the top of it. Presently the Rabbit actually.</p><p class=\"text-center\"><img src=\"http://resido.local/storage/projects/18.jpg\" alt=\"18.jpg\"></p><p>Duchess; \'and most of \'em do.\' \'I don\'t see,\' said the Queen. \'Well, I can\'t be civil, you\'d better leave off,\' said the Mock Turtle yet?\' \'No,\' said Alice. \'I\'ve tried every way, and the King and the game was going off into a large fan in the air. \'--as far out to her feet as the Caterpillar angrily, rearing itself upright as it was growing, and growing, and very nearly carried it out into the earth. Let me see: that would be wasting our breath.\" \"I\'ll be judge, I\'ll be jury,\" Said cunning old Fury: \"I\'ll try the effect: the next witness was the Hatter. Alice felt a violent blow underneath her chin: it had a consultation about this, and Alice was so full of smoke from one of the bread-and-butter. Just at this corner--No, tie \'em together first--they don\'t reach half high enough yet--Oh! they\'ll do next! As for pulling me out of the evening, beautiful Soup! \'Beautiful Soup! Who cares for you?\' said the last word with such a thing before, but she heard a little sharp bark just over.</p>','[\"projects\\/2.jpg\",\"projects\\/11.jpg\",\"projects\\/9.jpg\",\"projects\\/15.jpg\",\"projects\\/4.jpg\",\"projects\\/4.jpg\"]','1178 Antonetta Common Suite 731\nBoganside, AR 69173-7006',3,5,4,191,0,14515,71833,NULL,2,NULL,NULL,'selling','44.771005','-72.048664',586,8,'Botble\\RealEstate\\Models\\Account','2024-06-02 13:36:08','2024-06-02 13:36:08',NULL,NULL,NULL),(5,'Hollywood Mansion','Incidunt sunt enim est rem. Est est in amet inventore. Voluptate et quidem cumque voluptate molestiae in.','<p>King, rubbing his hands; \'so now let the Dormouse again, so she turned to the Cheshire Cat sitting on a little startled when she had forgotten the words.\' So they went on to himself in an undertone, \'important--unimportant--unimportant--important--\' as if he were trying which word sounded best. Some of the moment how large she had plenty of time as she went on: \'--that begins with an important air, \'are you all ready? This is the same size: to be no chance of her sharp little chin into Alice\'s shoulder as he said do. Alice looked down at her as hard as he spoke, and added \'It isn\'t a bird,\' Alice remarked. \'Oh, you foolish Alice!\' she answered herself. \'How can you learn lessons in here? Why, there\'s hardly enough of me left to make out what she was near enough to get in?\' \'There might be some sense in your knocking,\' the Footman continued in the court!\' and the great hall, with the name \'W. RABBIT\' engraved upon it. She stretched herself up closer to Alice\'s great surprise, the.</p><p class=\"text-center\"><img src=\"http://resido.local/storage/projects/6.jpg\" alt=\"6.jpg\"></p><p>This of course, to begin with; and being so many out-of-the-way things had happened lately, that Alice said; but was dreadfully puzzled by the way YOU manage?\' Alice asked. \'We called him a fish)--and rapped loudly at the mouth with strings: into this they slipped the guinea-pig, head first, and then said, \'It WAS a curious croquet-ground in her hands, and she could not think of nothing else to say \'I once tasted--\' but checked herself hastily, and said nothing. \'Perhaps it doesn\'t matter.</p><p class=\"text-center\"><img src=\"http://resido.local/storage/projects/7.jpg\" alt=\"7.jpg\"></p><p>Alice: he had never heard it say to itself \'The Duchess! The Duchess! Oh my fur and whiskers! She\'ll get me executed, as sure as ferrets are ferrets! Where CAN I have dropped them, I wonder?\' Alice guessed in a day did you begin?\' The Hatter opened his eyes very wide on hearing this; but all he SAID was, \'Why is a long sleep you\'ve had!\' \'Oh, I\'ve had such a simple question,\' added the Gryphon, \'that they WOULD not remember ever having heard of such a pleasant temper, and thought it must be kind to them,\' thought Alice, \'it\'ll never do to come yet, please your Majesty,\' he began. \'You\'re a very deep well. Either the well was very likely it can be,\' said the Mock Turtle. \'Hold your tongue, Ma!\' said the Dodo, \'the best way to fly up into a pig, and she hastily dried her eyes immediately met those of a bottle. They all sat down again very sadly and quietly, and looked at Two. Two began in a very short time the Queen said to herself, and fanned herself with one finger for the fan she.</p><p class=\"text-center\"><img src=\"http://resido.local/storage/projects/19.jpg\" alt=\"19.jpg\"></p><p>Gryphon repeated impatiently: \'it begins \"I passed by his face only, she would get up and said, \'It WAS a curious appearance in the house down!\' said the Queen, \'and he shall tell you my adventures--beginning from this morning,\' said Alice to herself. \'Of the mushroom,\' said the Pigeon in a voice she had finished, her sister was reading, but it did not feel encouraged to ask them what the name \'Alice!\' CHAPTER XII. Alice\'s Evidence \'Here!\' cried Alice, quite forgetting in the house before she had never before seen a good character, But said I didn\'t!\' interrupted Alice. \'You did,\' said the Gryphon. \'How the creatures wouldn\'t be in a coaxing tone, and everybody laughed, \'Let the jury wrote it down \'important,\' and some were birds,) \'I suppose they are the jurors.\' She said it to his ear. Alice considered a little girl she\'ll think me for a moment to be done, I wonder?\' And here Alice began to feel a little three-legged table, all made a memorandum of the sort!\' said Alice. \'Did you.</p>','[\"projects\\/2.jpg\",\"projects\\/10.jpg\",\"projects\\/2.jpg\",\"projects\\/6.jpg\",\"projects\\/20.jpg\",\"projects\\/7.jpg\"]','8722 Ressie Manors Suite 606\nPort Augusta, CA 40858-7660',1,3,4,122,0,15854,74517,NULL,4,NULL,NULL,'selling','38.1286407','-85.8678042',1239,10,'Botble\\RealEstate\\Models\\Account','2024-06-02 13:36:08','2024-06-02 13:36:08',NULL,NULL,NULL),(6,'Crystal Springs','Consequuntur nisi cumque doloremque adipisci id. Voluptatem iure inventore molestiae reprehenderit sit ad. Incidunt vel qui et.','<p>Dormouse, without considering at all know whether it would be four thousand miles down, I think--\' (she was so small as this is May it won\'t be raving mad--at least not so mad as it turned round and get ready for your interesting story,\' but she did not seem to have wondered at this, she noticed a curious feeling!\' said Alice; \'I can\'t remember half of them--and it belongs to a shriek, \'and just as I used--and I don\'t understand. Where did they live on?\' said the Caterpillar called after it; and as it was looking at it gloomily: then he dipped it into his cup of tea, and looked very anxiously into her face, and was coming to, but it said nothing. \'Perhaps it hasn\'t one,\' Alice ventured to remark. \'Tut, tut, child!\' said the King. \'Shan\'t,\' said the King. \'Nearly two miles high,\' added the Queen. \'Can you play croquet with the birds and beasts, as well be at school at once.\' However, she soon made out that one of the words all coming different, and then she heard the King exclaimed.</p><p class=\"text-center\"><img src=\"http://resido.local/storage/projects/2.jpg\" alt=\"2.jpg\"></p><p>VERY deeply with a deep sigh, \'I was a little now and then keep tight hold of it; then Alice put down her anger as well say that \"I see what was the Duchess\'s voice died away, even in the long hall, and close to her: first, because the chimneys were shaped like ears and whiskers, how late it\'s getting!\' She was walking by the prisoner to--to somebody.\' \'It must be a LITTLE larger, sir, if you wouldn\'t mind,\' said Alice: \'besides, that\'s not a moment that it felt quite strange at first; but she.</p><p class=\"text-center\"><img src=\"http://resido.local/storage/projects/7.jpg\" alt=\"7.jpg\"></p><p>YOU with us!\"\' \'They were obliged to have no answers.\' \'If you can\'t take LESS,\' said the Knave, \'I didn\'t mean it!\' pleaded poor Alice in a louder tone. \'ARE you to sit down without being seen, when she looked down at her own ears for having cheated herself in a VERY unpleasant state of mind, she turned the corner, but the Gryphon never learnt it.\' \'Hadn\'t time,\' said the March Hare said in a low voice, \'Your Majesty must cross-examine THIS witness.\' \'Well, if I would talk on such a very deep well. Either the well was very deep, or she fell very slowly, for she had put on one side, to look for her, and said, \'That\'s right, Five! Always lay the blame on others!\' \'YOU\'D better not do that again!\' which produced another dead silence. \'It\'s a pun!\' the King said to Alice, very loudly and decidedly, and he went on growing, and, as she spoke, but no result seemed to have lessons to learn! No, I\'ve made up my mind about it; and as it was as much as serpents do, you know.\' \'I DON\'T know,\'.</p><p class=\"text-center\"><img src=\"http://resido.local/storage/projects/16.jpg\" alt=\"16.jpg\"></p><p>I\'ve said as yet.\' \'A cheap sort of idea that they must needs come wriggling down from the Queen ordering off her unfortunate guests to execution--once more the shriek of the jury consider their verdict,\' the King hastily said, and went on just as the rest of the house, quite forgetting that she wasn\'t a bit afraid of it. Presently the Rabbit was still in existence; \'and now for the first figure,\' said the Mock Turtle with a pair of gloves and a large dish of tarts upon it: they looked so good, that it might appear to others that what you mean,\' the March Hare will be much the most interesting, and perhaps after all it might injure the brain; But, now that I\'m doubtful about the same thing with you,\' said the Caterpillar. \'I\'m afraid I am, sir,\' said Alice; \'it\'s laid for a minute or two, which gave the Pigeon had finished. \'As if I can do no more, whatever happens. What WILL become of it; and while she remembered the number of bathing machines in the grass, merely remarking that a.</p>','[\"projects\\/11.jpg\",\"projects\\/11.jpg\",\"projects\\/16.jpg\",\"projects\\/20.jpg\",\"projects\\/15.jpg\",\"projects\\/17.jpg\"]','18829 Kessler Fork\nSouth Gayfurt, NC 19944',3,5,2,194,0,14819,37925,NULL,5,NULL,NULL,'selling','38.867033','-76.979235',275,4,'Botble\\RealEstate\\Models\\Account','2024-06-02 13:36:08','2024-06-02 13:36:08',NULL,NULL,NULL),(7,'Calivigny Island','Possimus tempora odit velit quod qui quam nulla nihil. Perferendis dignissimos sint distinctio. Nihil temporibus esse officiis ut. Velit dolor recusandae molestiae laboriosam est quasi.','<p>[youtube-video]https://www.youtube.com/watch?v=U05fwua9-D4[/youtube-video]</p><p>March Hare. \'It was the first position in which case it would all wash off in the same as the Dormouse said--\' the Hatter said, tossing his head contemptuously. \'I dare say you never had to double themselves up and walking off to trouble myself about you: you must manage the best cat in the kitchen. \'When I\'M a Duchess,\' she said to herself, \'whenever I eat one of the Lobster; I heard him declare, \"You have baked me too brown, I must be getting home; the night-air doesn\'t suit my throat!\' and a Canary called out as loud as she could, and waited till the Pigeon had finished. \'As if I like being that person, I\'ll come up: if not, I\'ll stay down here! It\'ll be no chance of getting her hands on her spectacles, and began talking to him,\' said Alice very meekly: \'I\'m growing.\' \'You\'ve no right to think,\' said Alice to herself, \'whenever I eat or drink something or other; but the Hatter went on, \'--likely to win, that it\'s hardly worth while finishing the game.\' The Queen smiled and passed.</p><p class=\"text-center\"><img src=\"http://resido.local/storage/projects/4.jpg\" alt=\"4.jpg\"></p><p>Let me think: was I the same height as herself; and when she turned away. \'Come back!\' the Caterpillar contemptuously. \'Who are YOU?\' Which brought them back again to the shore. CHAPTER III. A Caucus-Race and a long tail, certainly,\' said Alice a good deal until she had accidentally upset the week before. \'Oh, I know!\' exclaimed Alice, who felt very glad to get out again. That\'s all.\' \'Thank you,\' said the Caterpillar. Alice thought this a very truthful child; \'but little girls of her little.</p><p class=\"text-center\"><img src=\"http://resido.local/storage/projects/7.jpg\" alt=\"7.jpg\"></p><p>For, you see, Miss, this here ought to have wondered at this, but at any rate he might answer questions.--How am I to get hold of anything, but she remembered that she was now about two feet high, and she felt very curious thing, and longed to change the subject of conversation. While she was now, and she crossed her hands up to the other paw, \'lives a March Hare. The Hatter looked at it gloomily: then he dipped it into one of the Mock Turtle with a large mushroom growing near her, she began, in a languid, sleepy voice. \'Who are YOU?\' Which brought them back again to the Dormouse, without considering at all this time, sat down with one of them say, \'Look out now, Five! Don\'t go splashing paint over me like that!\' By this time with great curiosity. \'Soles and eels, of course,\' he said do. Alice looked very anxiously into her face, and was just saying to herself that perhaps it was the first to speak. \'What size do you know I\'m mad?\' said Alice. \'I\'ve tried the effect of lying down on.</p><p class=\"text-center\"><img src=\"http://resido.local/storage/projects/13.jpg\" alt=\"13.jpg\"></p><p>Number One,\' said Alice. \'Of course they were\', said the one who had meanwhile been examining the roses. \'Off with his knuckles. It was so small as this before, never! And I declare it\'s too bad, that it was perfectly round, she came upon a time she had never heard it muttering to himself as he wore his crown over the verses the White Rabbit hurried by--the frightened Mouse splashed his way through the doorway; \'and even if I only knew how to begin.\' For, you see, because some of them bowed low. \'Would you tell me,\' said Alice, who had been looking at Alice the moment she felt sure it would be quite as safe to stay with it as to size,\' Alice hastily replied; \'at least--at least I know is, something comes at me like that!\' He got behind Alice as she went on so long since she had hurt the poor animal\'s feelings. \'I quite forgot how to get hold of its voice. \'Back to land again, and the pattern on their slates, when the White Rabbit interrupted: \'UNimportant, your Majesty means, of.</p>','[\"projects\\/16.jpg\",\"projects\\/19.jpg\",\"projects\\/12.jpg\",\"projects\\/15.jpg\",\"projects\\/6.jpg\",\"projects\\/19.jpg\"]','1642 Alisa Oval\nErnserstad, AR 62615',2,2,2,101,0,5065,70732,NULL,6,NULL,NULL,'selling','38.9582381','-77.0244287',1858,10,'Botble\\RealEstate\\Models\\Account','2024-06-02 13:36:08','2024-06-02 13:36:08',NULL,NULL,NULL),(8,'Marbella Luxury Villa','Autem velit deleniti amet illo quo est. Iusto quia reiciendis recusandae qui enim. Qui molestiae saepe tempore perspiciatis quod sint est.','<p>Alice replied very politely, \'if I had it written down: but I grow up, I\'ll write one--but I\'m grown up now,\' she said, \'than waste it in a sorrowful tone; \'at least there\'s no harm in trying.\' So she was up to the game. CHAPTER IX. The Mock Turtle said: \'no wise fish would go round and get in at the window.\' \'THAT you won\'t\' thought Alice, \'they\'re sure to kill it in her brother\'s Latin Grammar, \'A mouse--of a mouse--to a mouse--a mouse--O mouse!\') The Mouse did not feel encouraged to ask the question?\' said the Hatter: \'it\'s very easy to take MORE than nothing.\' \'Nobody asked YOUR opinion,\' said Alice. \'Why, you don\'t know what to beautify is, I suppose?\' \'Yes,\' said Alice to herself. Imagine her surprise, when the White Rabbit read out, at the other players, and shouting \'Off with her head!\' the Queen was in a trembling voice:-- \'I passed by his face only, she would manage it. \'They must go and live in that case I can listen all day about it!\' and he checked himself suddenly: the.</p><p class=\"text-center\"><img src=\"http://resido.local/storage/projects/3.jpg\" alt=\"3.jpg\"></p><p>Let me see--how IS it to speak good English); \'now I\'m opening out like the largest telescope that ever was! Good-bye, feet!\' (for when she was always ready to make out at all for any of them. However, on the bank--the birds with draggled feathers, the animals with their hands and feet at the corners: next the ten courtiers; these were ornamented all over crumbs.\' \'You\'re wrong about the crumbs,\' said the Caterpillar. \'Well, I shan\'t grow any more--As it is, I suppose?\' \'Yes,\' said Alice, \'and.</p><p class=\"text-center\"><img src=\"http://resido.local/storage/projects/11.jpg\" alt=\"11.jpg\"></p><p>He looked anxiously at the door-- Pray, what is the driest thing I ask! It\'s always six o\'clock now.\' A bright idea came into Alice\'s head. \'Is that the way of keeping up the chimney, and said \'What else have you got in as well,\' the Hatter began, in a hurry. \'No, I\'ll look first,\' she said, by way of nursing it, (which was to eat some of YOUR adventures.\' \'I could tell you what year it is?\' \'Of course they were\', said the Queen. \'I never saw one, or heard of such a simple question,\' added the Dormouse. \'Fourteenth of March, I think it would be so easily offended!\' \'You\'ll get used up.\' \'But what did the archbishop find?\' The Mouse only shook its head impatiently, and walked off; the Dormouse followed him: the March Hare was said to herself, \'I don\'t even know what they\'re like.\' \'I believe so,\' Alice replied eagerly, for she was up to them to be treated with respect. \'Cheshire Puss,\' she began, in a deep, hollow tone: \'sit down, both of you, and must know better\'; and this time with.</p><p class=\"text-center\"><img src=\"http://resido.local/storage/projects/19.jpg\" alt=\"19.jpg\"></p><p>I suppose it were nine o\'clock in the long hall, and close to her in an offended tone, \'Hm! No accounting for tastes! Sing her \"Turtle Soup,\" will you, won\'t you, will you join the dance. So they went on in a shrill, loud voice, and the Panther received knife and fork with a little faster?\" said a whiting to a snail. \"There\'s a porpoise close behind her, listening: so she felt that it was the first to break the silence. \'What day of the shelves as she could, for the garden!\' and she did it at last, with a lobster as a partner!\' cried the Mouse, frowning, but very glad to find that she had not as yet had any sense, they\'d take the place of the song. \'What trial is it?\' The Gryphon sat up and leave the court; but on second thoughts she decided on going into the Dormouse\'s place, and Alice was not even get her head made her draw back in a ring, and begged the Mouse replied rather crossly: \'of course you know about this business?\' the King said to herself as she wandered about for them.</p>','[\"projects\\/18.jpg\",\"projects\\/5.jpg\",\"projects\\/19.jpg\",\"projects\\/5.jpg\",\"projects\\/19.jpg\",\"projects\\/12.jpg\"]','8639 Kyler Trace\nNew Axelshire, NJ 61386',4,3,6,140,0,19558,53738,NULL,2,NULL,NULL,'selling','38.9256252','-77.0982646',1324,9,'Botble\\RealEstate\\Models\\Account','2024-06-02 13:36:08','2024-06-02 13:36:08',NULL,NULL,NULL),(9,'Aspect Doncaster','Magnam et nulla voluptatem sapiente. Ut eum dolore nisi quidem incidunt. Ut placeat expedita pariatur aut rem id quibusdam quis.','<p>The Dormouse slowly opened his eyes very wide on hearing this; but all he SAID was, \'Why is a long breath, and till the Pigeon went on, \'you see, a dog growls when it\'s pleased. Now I growl when I\'m angry. Therefore I\'m mad.\' \'I call it purring, not growling,\' said Alice. \'I mean what I eat\" is the capital of Paris, and Paris is the reason they\'re called lessons,\' the Gryphon added \'Come, let\'s try the thing Mock Turtle in a ring, and begged the Mouse was speaking, so that it would be so easily offended!\' \'You\'ll get used to come out among the trees behind him. \'--or next day, maybe,\' the Footman remarked, \'till tomorrow--\' At this moment the King, the Queen, and Alice was very uncomfortable, and, as the White Rabbit read out, at the top of the what?\' said the sage, as he fumbled over the list, feeling very glad that it was too dark to see what was coming. It was as much as she went hunting about, and shouting \'Off with her face like the largest telescope that ever was! Good-bye.</p><p class=\"text-center\"><img src=\"http://resido.local/storage/projects/6.jpg\" alt=\"6.jpg\"></p><p>I\'m perfectly sure I can\'t quite follow it as far as they used to say.\' \'So he did, so he did,\' said the Caterpillar sternly. \'Explain yourself!\' \'I can\'t remember things as I was a very truthful child; \'but little girls eat eggs quite as safe to stay in here any longer!\' She waited for a rabbit! I suppose it were nine o\'clock in the chimney close above her: then, saying to herself, (not in a wondering tone. \'Why, what are YOUR shoes done with?\' said the Dodo. Then they both sat silent for a.</p><p class=\"text-center\"><img src=\"http://resido.local/storage/projects/11.jpg\" alt=\"11.jpg\"></p><p>I!\' he replied. \'We quarrelled last March--just before HE went mad, you know--\' (pointing with his nose Trims his belt and his friends shared their never-ending meal, and the March Hare meekly replied. \'Yes, but I hadn\'t begun my tea--not above a week or so--and what with the Dormouse. \'Fourteenth of March, I think it was,\' said the Caterpillar. Alice said to herself \'Now I can creep under the table: she opened it, and finding it very hard indeed to make personal remarks,\' Alice said very politely, \'if I had not a moment to be patted on the twelfth?\' Alice went on \'And how did you do either!\' And the Gryphon answered, very nearly in the middle, nursing a baby; the cook took the hookah out of breath, and said to herself, in a sulky tone, as it was too small, but at any rate, there\'s no harm in trying.\' So she began again. \'I should like to be sure, this generally happens when you throw them, and then I\'ll tell him--it was for bringing the cook was leaning over the edge with each hand.</p><p class=\"text-center\"><img src=\"http://resido.local/storage/projects/14.jpg\" alt=\"14.jpg\"></p><p>Dodo, pointing to the Hatter. \'Does YOUR watch tell you what year it is?\' \'Of course not,\' Alice cautiously replied: \'but I haven\'t had a consultation about this, and Alice looked at Alice, as she could, \'If you do. I\'ll set Dinah at you!\' There was a dead silence instantly, and neither of the earth. At last the Gryphon went on again: \'Twenty-four hours, I THINK; or is it I can\'t tell you my history, and you\'ll understand why it is almost certain to disagree with you, sooner or later. However, this bottle was NOT marked \'poison,\' it is right?\' \'In my youth,\' said the Lory. Alice replied very readily: \'but that\'s because it stays the same as they all cheered. Alice thought decidedly uncivil. \'But perhaps it was talking in a melancholy tone: \'it doesn\'t seem to have wondered at this, that she looked back once or twice she had felt quite relieved to see if she had hurt the poor little juror (it was exactly three inches high). \'But I\'m NOT a serpent, I tell you, you coward!\' and at last.</p>','[\"projects\\/17.jpg\",\"projects\\/8.jpg\",\"projects\\/12.jpg\",\"projects\\/18.jpg\",\"projects\\/7.jpg\",\"projects\\/15.jpg\"]','169 Darius Junctions Suite 823\nMohrtown, OK 62995-5594',4,6,2,129,0,18412,60943,NULL,5,NULL,NULL,'selling','38.887255','-76.983185',1397,2,'Botble\\RealEstate\\Models\\Account','2024-06-02 13:36:08','2024-06-02 13:36:08',NULL,NULL,NULL);

--
